{"id":341,"date":"2019-12-11T19:06:14","date_gmt":"2019-12-11T21:06:14","guid":{"rendered":"https:\/\/sites.usp.br\/lgp\/?page_id=341"},"modified":"2019-12-12T13:02:17","modified_gmt":"2019-12-12T15:02:17","slug":"gestao-de-riscos-em-projetos","status":"publish","type":"page","link":"https:\/\/sites.usp.br\/lgp\/gestao-de-riscos-em-projetos\/","title":{"rendered":"Gest\u00e3o de Riscos em Projetos"},"content":{"rendered":"<p><\/p>\n<h1><span class=\"Apple-style-span\">Projeto de Pesquisa<\/span><\/h1>\n<div><strong>Pesquisador:<\/strong><br \/>\n<a href=\"https:\/\/sites.usp.br\/lgp\/english-sustentabilidade-em-gestao-de-projetos\/roque-rabechini\/\" rel=\"attachment wp-att-271\"><img loading=\"lazy\" decoding=\"async\" class=\"alignnone size-full wp-image-271\" src=\"https:\/\/sites.usp.br\/lgp\/wp-content\/uploads\/sites\/639\/2019\/12\/roque-rabechini.gif\" alt=\"\" width=\"133\" height=\"179\" \/><\/a><\/div>\n<div><span class=\"Apple-style-span\"><strong>Roque Rabechini Jr., Prof. Dr.<\/strong><br \/>\n<\/span><span class=\"Apple-style-span\">UNINOVE<br \/>\n<\/span><span class=\"Apple-style-span\">Contato: roquejr@usp.br<\/span><\/div>\n<div><strong>Pesquisador:<\/strong><br \/>\n<a href=\"https:\/\/sites.usp.br\/lgp\/english-sustentabilidade-em-gestao-de-projetos\/marly\/\" rel=\"attachment wp-att-274\"><img loading=\"lazy\" decoding=\"async\" class=\"alignnone size-full wp-image-274\" src=\"https:\/\/sites.usp.br\/lgp\/wp-content\/uploads\/sites\/639\/2019\/12\/marly.gif\" alt=\"\" width=\"133\" height=\"179\" \/><\/a><\/div>\n<div><strong>Marly Monteiro de Carvalho, Prof. Dr.<\/strong><br \/>\nPOLI\/USP<br \/>\nContato: marlymc@usp.br<\/div>\n<div>\n<p>Projeto Guarda- chuva: Sustentabilidade<\/p>\n<p>Resumo: Embora sendo o gerenciamento de riscos uma das maiores necessidades em gest\u00e3o de projetos, sabe-se que pouco se tem feito nessa dire\u00e7\u00e3o. Esta pesquisa visa tra\u00e7ar um panorama nacional\u00a0das pr\u00e1ticas de gerenciamento de riscos em projetos e suas contingencias de acordo com os diferentes tipos de projetos . A abordagem metodol\u00f3gica envolve pesquisa quali-quanti, com\u00a0o projeto como\u00a0unidade de an\u00e1lise. Busca-se tra\u00e7ar ainda o relacionamento entre as pr\u00e1ticas de gest\u00e3o de projetos e o \u00a0sucesso.<\/p>\n<p>Palavras-chave: gest\u00e3o de riscos, gest\u00e3o de projetos; sucesso em projetos.<\/p>\n<p>Parceiros\/ Patrocinadores:<\/p>\n<p><a href=\"http:\/\/devpro.poli.usp.br\/development\/lgp2\/wp-content\/uploads\/2011\/10\/Capes-pequeno1.png\"><img loading=\"lazy\" decoding=\"async\" class=\"alignnone size-full wp-image-1001\" title=\"Capes pequeno\" src=\"http:\/\/devpro.poli.usp.br\/development\/lgp2\/wp-content\/uploads\/2011\/10\/Capes-pequeno1.png\" alt=\"\" width=\"59\" height=\"51\" \/><\/a><\/p>\n<p>V\u00eddeo\/ Apresenta\u00e7\u00f5es:<\/p>\n<p>Participe da pesquisa:<\/p>\n<p>Leia mais a respeito:\u00a0<a href=\"https:\/\/sites.usp.br\/lgp\/roque-rabechini\/\">Clique aqui<\/a><\/p>\n<\/div>\n<p><\/p>","protected":false},"excerpt":{"rendered":"<p>Projeto de Pesquisa Pesquisador: Roque Rabechini Jr., Prof. Dr. UNINOVE Contato: roquejr@usp.br Pesquisador: Marly Monteiro de Carvalho, Prof. Dr. POLI\/USP&#46;&#46;&#46;<\/p>\n","protected":false},"author":1228,"featured_media":0,"parent":0,"menu_order":0,"comment_status":"closed","ping_status":"closed","template":"","meta":{"footnotes":"","_links_to":"","_links_to_target":""},"class_list":["post-341","page","type-page","status-publish","hentry"],"_links":{"self":[{"href":"https:\/\/sites.usp.br\/lgp\/wp-json\/wp\/v2\/pages\/341","targetHints":{"allow":["GET"]}}],"collection":[{"href":"https:\/\/sites.usp.br\/lgp\/wp-json\/wp\/v2\/pages"}],"about":[{"href":"https:\/\/sites.usp.br\/lgp\/wp-json\/wp\/v2\/types\/page"}],"author":[{"embeddable":true,"href":"https:\/\/sites.usp.br\/lgp\/wp-json\/wp\/v2\/users\/1228"}],"replies":[{"embeddable":true,"href":"https:\/\/sites.usp.br\/lgp\/wp-json\/wp\/v2\/comments?post=341"}],"version-history":[{"count":3,"href":"https:\/\/sites.usp.br\/lgp\/wp-json\/wp\/v2\/pages\/341\/revisions"}],"predecessor-version":[{"id":433,"href":"https:\/\/sites.usp.br\/lgp\/wp-json\/wp\/v2\/pages\/341\/revisions\/433"}],"wp:attachment":[{"href":"https:\/\/sites.usp.br\/lgp\/wp-json\/wp\/v2\/media?parent=341"}],"curies":[{"name":"wp","href":"https:\/\/api.w.org\/{rel}","templated":true}]}}