{"id":365,"date":"2023-01-09T20:47:33","date_gmt":"2023-01-09T23:47:33","guid":{"rendered":"https:\/\/sites.usp.br\/lgpd\/?page_id=365"},"modified":"2023-08-25T18:06:48","modified_gmt":"2023-08-25T21:06:48","slug":"perguntas-frequentes","status":"publish","type":"page","link":"https:\/\/sites.usp.br\/lgpd\/perguntas-frequentes\/","title":{"rendered":"Perguntas Frequentes"},"content":{"rendered":"<div id=\"pl-365\"  class=\"panel-layout\" ><div id=\"pg-365-0\"  class=\"panel-grid panel-no-style\" ><div id=\"pgc-365-0-0\"  class=\"panel-grid-cell\" ><div id=\"panel-365-0-0-0\" class=\"so-panel widget widget_sow-accordion panel-first-child panel-last-child\" data-index=\"0\" ><div\n\t\t\t\n\t\t\tclass=\"so-widget-sow-accordion so-widget-sow-accordion-default-0d56e70db177-365\"\n\t\t\t\n\t\t><div>\n\t<div class=\"sow-accordion\">\n\t\t\t<div class=\"sow-accordion-panel\n\t\t\t\t\t\"\n\t\t\t\tdata-anchor-id=\"de-que-maneira-a-usp-protege-meus-dados-pessoais\">\n\t\t\t\t\t<div class=\"sow-accordion-panel-header-container\" role=\"heading\" aria-level=\"2\">\n\t\t\t\t\t<div class=\"sow-accordion-panel-header\" tabindex=\"0\" role=\"button\" id=\"accordion-label-de-que-maneira-a-usp-protege-meus-dados-pessoais\" aria-controls=\"accordion-content-de-que-maneira-a-usp-protege-meus-dados-pessoais\" aria-expanded=\"false\">\n\t\t\t\t\t\t<div class=\"sow-accordion-title sow-accordion-title-icon-left\">\n\t\t\t\t\t\t\t\t\t\t\t\t\t\tDe que maneira a USP protege meus dados pessoais?\t\t\t\t\t\t\t\t\t\t\t\t\t<\/div>\n\t\t\t\t\t\t<div class=\"sow-accordion-open-close-button\">\n\t\t\t\t\t\t\t<div class=\"sow-accordion-open-button\">\n\t\t\t\t\t\t\t\t<span class=\"sow-icon-ionicons\" data-sow-icon=\"&#xf218;\"\n\t\t \n\t\taria-hidden=\"true\"><\/span>\t\t\t\t\t\t\t<\/div>\n\t\t\t\t\t\t\t<div class=\"sow-accordion-close-button\">\n\t\t\t\t\t\t\t\t<span class=\"sow-icon-ionicons\" data-sow-icon=\"&#xf209;\"\n\t\t \n\t\taria-hidden=\"true\"><\/span>\t\t\t\t\t\t\t<\/div>\n\t\t\t\t\t\t<\/div>\n\t\t\t\t\t<\/div>\n\t\t\t\t<\/div>\n\n\t\t\t<div\n\t\t\t\tclass=\"sow-accordion-panel-content\"\n\t\t\t\trole=\"region\"\n\t\t\t\taria-labelledby=\"accordion-label-de-que-maneira-a-usp-protege-meus-dados-pessoais\"\n\t\t\t\tid=\"accordion-content-de-que-maneira-a-usp-protege-meus-dados-pessoais\"\n\t\t\t\tstyle=\"display: none;\"\t\t\t>\n\t\t\t\t<div class=\"sow-accordion-panel-border\">\n\t\t\t\t\t<p>A USP protege os dados pessoais de acordo com a LGPD, assim como pela Pol\u00edtica de Privacidade e Pol\u00edtica de Governan\u00e7a de Dados Pessoais.<\/p>\n\t\t\t\t<\/div>\n\t\t\t<\/div>\n\t\t<\/div>\n\t\t\t<div class=\"sow-accordion-panel\n\t\t\t\t\t\"\n\t\t\t\tdata-anchor-id=\"todas-as-solicitacoes-que-eu-fizer-sobre-dados-pessoais-sao-atendidas-pelo-escritorio-de-protecao-de-dados-e-informacoes\">\n\t\t\t\t\t<div class=\"sow-accordion-panel-header-container\" role=\"heading\" aria-level=\"2\">\n\t\t\t\t\t<div class=\"sow-accordion-panel-header\" tabindex=\"0\" role=\"button\" id=\"accordion-label-todas-as-solicita%c3%a7%c3%b5es-que-eu-fizer-sobre-dados-pessoais-s%c3%a3o-atendidas-pelo-escrit%c3%b3rio-de-prote%c3%a7%c3%a3o-de-dados-e-informa%c3%a7%c3%b5es\" aria-controls=\"accordion-content-todas-as-solicita%c3%a7%c3%b5es-que-eu-fizer-sobre-dados-pessoais-s%c3%a3o-atendidas-pelo-escrit%c3%b3rio-de-prote%c3%a7%c3%a3o-de-dados-e-informa%c3%a7%c3%b5es\" aria-expanded=\"false\">\n\t\t\t\t\t\t<div class=\"sow-accordion-title sow-accordion-title-icon-left\">\n\t\t\t\t\t\t\t\t\t\t\t\t\t\tTodas as solicita\u00e7\u00f5es que eu fizer sobre dados pessoais s\u00e3o atendidas pelo Escrit\u00f3rio de Prote\u00e7\u00e3o de Dados e Informa\u00e7\u00f5es?\t\t\t\t\t\t\t\t\t\t\t\t\t<\/div>\n\t\t\t\t\t\t<div class=\"sow-accordion-open-close-button\">\n\t\t\t\t\t\t\t<div class=\"sow-accordion-open-button\">\n\t\t\t\t\t\t\t\t<span class=\"sow-icon-ionicons\" data-sow-icon=\"&#xf218;\"\n\t\t \n\t\taria-hidden=\"true\"><\/span>\t\t\t\t\t\t\t<\/div>\n\t\t\t\t\t\t\t<div class=\"sow-accordion-close-button\">\n\t\t\t\t\t\t\t\t<span class=\"sow-icon-ionicons\" data-sow-icon=\"&#xf209;\"\n\t\t \n\t\taria-hidden=\"true\"><\/span>\t\t\t\t\t\t\t<\/div>\n\t\t\t\t\t\t<\/div>\n\t\t\t\t\t<\/div>\n\t\t\t\t<\/div>\n\n\t\t\t<div\n\t\t\t\tclass=\"sow-accordion-panel-content\"\n\t\t\t\trole=\"region\"\n\t\t\t\taria-labelledby=\"accordion-label-todas-as-solicita%c3%a7%c3%b5es-que-eu-fizer-sobre-dados-pessoais-s%c3%a3o-atendidas-pelo-escrit%c3%b3rio-de-prote%c3%a7%c3%a3o-de-dados-e-informa%c3%a7%c3%b5es\"\n\t\t\t\tid=\"accordion-content-todas-as-solicita%c3%a7%c3%b5es-que-eu-fizer-sobre-dados-pessoais-s%c3%a3o-atendidas-pelo-escrit%c3%b3rio-de-prote%c3%a7%c3%a3o-de-dados-e-informa%c3%a7%c3%b5es\"\n\t\t\t\tstyle=\"display: none;\"\t\t\t>\n\t\t\t\t<div class=\"sow-accordion-panel-border\">\n\t\t\t\t\t<p>N\u00e3o. H\u00e1 situa\u00e7\u00f5es em que sua solicita\u00e7\u00e3o ser\u00e1 atendida pela Ouvidoria da USP, por ser tema relacionado com a Lei de Acesso \u00e0 Informa\u00e7\u00e3o.<\/p>\n\t\t\t\t<\/div>\n\t\t\t<\/div>\n\t\t<\/div>\n\t\t\t<div class=\"sow-accordion-panel\n\t\t\t\t\t\"\n\t\t\t\tdata-anchor-id=\"posso-requerer-dados-em-qualquer-orgao-da-usp\">\n\t\t\t\t\t<div class=\"sow-accordion-panel-header-container\" role=\"heading\" aria-level=\"2\">\n\t\t\t\t\t<div class=\"sow-accordion-panel-header\" tabindex=\"0\" role=\"button\" id=\"accordion-label-posso-requerer-dados-em-qualquer-%c3%b3rg%c3%a3o-da-usp\" aria-controls=\"accordion-content-posso-requerer-dados-em-qualquer-%c3%b3rg%c3%a3o-da-usp\" aria-expanded=\"false\">\n\t\t\t\t\t\t<div class=\"sow-accordion-title sow-accordion-title-icon-left\">\n\t\t\t\t\t\t\t\t\t\t\t\t\t\tPosso requerer dados em qualquer \u00f3rg\u00e3o da USP?\t\t\t\t\t\t\t\t\t\t\t\t\t<\/div>\n\t\t\t\t\t\t<div class=\"sow-accordion-open-close-button\">\n\t\t\t\t\t\t\t<div class=\"sow-accordion-open-button\">\n\t\t\t\t\t\t\t\t<span class=\"sow-icon-ionicons\" data-sow-icon=\"&#xf218;\"\n\t\t \n\t\taria-hidden=\"true\"><\/span>\t\t\t\t\t\t\t<\/div>\n\t\t\t\t\t\t\t<div class=\"sow-accordion-close-button\">\n\t\t\t\t\t\t\t\t<span class=\"sow-icon-ionicons\" data-sow-icon=\"&#xf209;\"\n\t\t \n\t\taria-hidden=\"true\"><\/span>\t\t\t\t\t\t\t<\/div>\n\t\t\t\t\t\t<\/div>\n\t\t\t\t\t<\/div>\n\t\t\t\t<\/div>\n\n\t\t\t<div\n\t\t\t\tclass=\"sow-accordion-panel-content\"\n\t\t\t\trole=\"region\"\n\t\t\t\taria-labelledby=\"accordion-label-posso-requerer-dados-em-qualquer-%c3%b3rg%c3%a3o-da-usp\"\n\t\t\t\tid=\"accordion-content-posso-requerer-dados-em-qualquer-%c3%b3rg%c3%a3o-da-usp\"\n\t\t\t\tstyle=\"display: none;\"\t\t\t>\n\t\t\t\t<div class=\"sow-accordion-panel-border\">\n\t\t\t\t\t<p>N\u00e3o. Requerimentos de dados pessoais devem ser feitos perante o Escrit\u00f3rio de Prote\u00e7\u00e3o de Dados Pessoais pelo pr\u00f3prio titular. Quando se trata de dados a serem fornecidos por for\u00e7a da Lei de Acesso \u00e0 Informa\u00e7\u00e3o, estes devem ser solicitados no Portal da Transpar\u00eancia da USP.<\/p>\n\t\t\t\t<\/div>\n\t\t\t<\/div>\n\t\t<\/div>\n\t\t\t<div class=\"sow-accordion-panel\n\t\t\t\t\t\"\n\t\t\t\tdata-anchor-id=\"posso-solicitar-que-a-usp-altere-ou-elimine-todos-os-meus-dados-pessoais\">\n\t\t\t\t\t<div class=\"sow-accordion-panel-header-container\" role=\"heading\" aria-level=\"2\">\n\t\t\t\t\t<div class=\"sow-accordion-panel-header\" tabindex=\"0\" role=\"button\" id=\"accordion-label-posso-solicitar-que-a-usp-altere-ou-elimine-todos-os-meus-dados-pessoais\" aria-controls=\"accordion-content-posso-solicitar-que-a-usp-altere-ou-elimine-todos-os-meus-dados-pessoais\" aria-expanded=\"false\">\n\t\t\t\t\t\t<div class=\"sow-accordion-title sow-accordion-title-icon-left\">\n\t\t\t\t\t\t\t\t\t\t\t\t\t\tPosso solicitar que a USP altere ou elimine todos os meus dados pessoais?\t\t\t\t\t\t\t\t\t\t\t\t\t<\/div>\n\t\t\t\t\t\t<div class=\"sow-accordion-open-close-button\">\n\t\t\t\t\t\t\t<div class=\"sow-accordion-open-button\">\n\t\t\t\t\t\t\t\t<span class=\"sow-icon-ionicons\" data-sow-icon=\"&#xf218;\"\n\t\t \n\t\taria-hidden=\"true\"><\/span>\t\t\t\t\t\t\t<\/div>\n\t\t\t\t\t\t\t<div class=\"sow-accordion-close-button\">\n\t\t\t\t\t\t\t\t<span class=\"sow-icon-ionicons\" data-sow-icon=\"&#xf209;\"\n\t\t \n\t\taria-hidden=\"true\"><\/span>\t\t\t\t\t\t\t<\/div>\n\t\t\t\t\t\t<\/div>\n\t\t\t\t\t<\/div>\n\t\t\t\t<\/div>\n\n\t\t\t<div\n\t\t\t\tclass=\"sow-accordion-panel-content\"\n\t\t\t\trole=\"region\"\n\t\t\t\taria-labelledby=\"accordion-label-posso-solicitar-que-a-usp-altere-ou-elimine-todos-os-meus-dados-pessoais\"\n\t\t\t\tid=\"accordion-content-posso-solicitar-que-a-usp-altere-ou-elimine-todos-os-meus-dados-pessoais\"\n\t\t\t\tstyle=\"display: none;\"\t\t\t>\n\t\t\t\t<div class=\"sow-accordion-panel-border\">\n\t\t\t\t\t<p>N\u00e3o. Existem dados pessoais que s\u00e3o armazenados pela USP com fundamento em uma das bases legais da LGPD, regulamentado de acordo com o prazo estabelecido na Pol\u00edtica de Governan\u00e7a de Dados da USP e na Pol\u00edtica de Arquivos da USP.<\/p>\n\t\t\t\t<\/div>\n\t\t\t<\/div>\n\t\t<\/div>\n\t\t\t<div class=\"sow-accordion-panel\n\t\t\t\t\t\"\n\t\t\t\tdata-anchor-id=\"posso-requerer-dados-pessoais-de-terceiros-com-fundamento-na-lgpd\">\n\t\t\t\t\t<div class=\"sow-accordion-panel-header-container\" role=\"heading\" aria-level=\"2\">\n\t\t\t\t\t<div class=\"sow-accordion-panel-header\" tabindex=\"0\" role=\"button\" id=\"accordion-label-posso-requerer-dados-pessoais-de-terceiros-com-fundamento-na-lgpd\" aria-controls=\"accordion-content-posso-requerer-dados-pessoais-de-terceiros-com-fundamento-na-lgpd\" aria-expanded=\"false\">\n\t\t\t\t\t\t<div class=\"sow-accordion-title sow-accordion-title-icon-left\">\n\t\t\t\t\t\t\t\t\t\t\t\t\t\tPosso requerer dados pessoais de terceiros com fundamento na LGPD?\t\t\t\t\t\t\t\t\t\t\t\t\t<\/div>\n\t\t\t\t\t\t<div class=\"sow-accordion-open-close-button\">\n\t\t\t\t\t\t\t<div class=\"sow-accordion-open-button\">\n\t\t\t\t\t\t\t\t<span class=\"sow-icon-ionicons\" data-sow-icon=\"&#xf218;\"\n\t\t \n\t\taria-hidden=\"true\"><\/span>\t\t\t\t\t\t\t<\/div>\n\t\t\t\t\t\t\t<div class=\"sow-accordion-close-button\">\n\t\t\t\t\t\t\t\t<span class=\"sow-icon-ionicons\" data-sow-icon=\"&#xf209;\"\n\t\t \n\t\taria-hidden=\"true\"><\/span>\t\t\t\t\t\t\t<\/div>\n\t\t\t\t\t\t<\/div>\n\t\t\t\t\t<\/div>\n\t\t\t\t<\/div>\n\n\t\t\t<div\n\t\t\t\tclass=\"sow-accordion-panel-content\"\n\t\t\t\trole=\"region\"\n\t\t\t\taria-labelledby=\"accordion-label-posso-requerer-dados-pessoais-de-terceiros-com-fundamento-na-lgpd\"\n\t\t\t\tid=\"accordion-content-posso-requerer-dados-pessoais-de-terceiros-com-fundamento-na-lgpd\"\n\t\t\t\tstyle=\"display: none;\"\t\t\t>\n\t\t\t\t<div class=\"sow-accordion-panel-border\">\n\t\t\t\t\t<p>N\u00e3o. A LGPD assegura o exerc\u00edcio desse direito apenas \u00e0 pr\u00f3pria pessoa. Dados pessoais de terceiros podem ser solicitados, se for o caso, com fundamento na Lei de Acesso \u00e0 Informa\u00e7\u00e3o.<\/p>\n\t\t\t\t<\/div>\n\t\t\t<\/div>\n\t\t<\/div>\n\t\t\t<div class=\"sow-accordion-panel\n\t\t\t\t\t\"\n\t\t\t\tdata-anchor-id=\"posso-ter-acesso-a-dados-de-processos-administrativos-da-usp-com-fundamento-na-lgpd\">\n\t\t\t\t\t<div class=\"sow-accordion-panel-header-container\" role=\"heading\" aria-level=\"2\">\n\t\t\t\t\t<div class=\"sow-accordion-panel-header\" tabindex=\"0\" role=\"button\" id=\"accordion-label-posso-ter-acesso-a-dados-de-processos-administrativos-da-usp-com-fundamento-na-lgpd\" aria-controls=\"accordion-content-posso-ter-acesso-a-dados-de-processos-administrativos-da-usp-com-fundamento-na-lgpd\" aria-expanded=\"false\">\n\t\t\t\t\t\t<div class=\"sow-accordion-title sow-accordion-title-icon-left\">\n\t\t\t\t\t\t\t\t\t\t\t\t\t\tPosso ter acesso a dados de processos administrativos da USP com fundamento na LGPD?\t\t\t\t\t\t\t\t\t\t\t\t\t<\/div>\n\t\t\t\t\t\t<div class=\"sow-accordion-open-close-button\">\n\t\t\t\t\t\t\t<div class=\"sow-accordion-open-button\">\n\t\t\t\t\t\t\t\t<span class=\"sow-icon-ionicons\" data-sow-icon=\"&#xf218;\"\n\t\t \n\t\taria-hidden=\"true\"><\/span>\t\t\t\t\t\t\t<\/div>\n\t\t\t\t\t\t\t<div class=\"sow-accordion-close-button\">\n\t\t\t\t\t\t\t\t<span class=\"sow-icon-ionicons\" data-sow-icon=\"&#xf209;\"\n\t\t \n\t\taria-hidden=\"true\"><\/span>\t\t\t\t\t\t\t<\/div>\n\t\t\t\t\t\t<\/div>\n\t\t\t\t\t<\/div>\n\t\t\t\t<\/div>\n\n\t\t\t<div\n\t\t\t\tclass=\"sow-accordion-panel-content\"\n\t\t\t\trole=\"region\"\n\t\t\t\taria-labelledby=\"accordion-label-posso-ter-acesso-a-dados-de-processos-administrativos-da-usp-com-fundamento-na-lgpd\"\n\t\t\t\tid=\"accordion-content-posso-ter-acesso-a-dados-de-processos-administrativos-da-usp-com-fundamento-na-lgpd\"\n\t\t\t\tstyle=\"display: none;\"\t\t\t>\n\t\t\t\t<div class=\"sow-accordion-panel-border\">\n\t\t\t\t\t<p>N\u00e3o. Estes dados podem ser solicitados, se for o caso, com fundamento na Lei que regula o Processo Administrativo e na Lei de Acesso \u00e0 Informa\u00e7\u00e3o.<\/p>\n\t\t\t\t<\/div>\n\t\t\t<\/div>\n\t\t<\/div>\n\t\t<\/div>\n<\/div>\n<\/div><\/div><\/div><\/div><\/div>","protected":false},"excerpt":{"rendered":"<p>De que maneira a USP protege meus dados pessoais? A USP protege os dados pessoais de acordo com a LGPD, assim como pela Pol\u00edtica de Privacidade e Pol\u00edtica de Governan\u00e7a de Dados Pessoais. Todas as solicita\u00e7\u00f5es que eu fizer sobre dados pessoais s\u00e3o atendidas pelo Escrit\u00f3rio de Prote\u00e7\u00e3o de Dados e Informa\u00e7\u00f5es? N\u00e3o. H\u00e1 situa\u00e7\u00f5es<a href=\"https:\/\/sites.usp.br\/lgpd\/perguntas-frequentes\/\">[&#8230;]<\/a><\/p>\n","protected":false},"author":79,"featured_media":0,"parent":0,"menu_order":0,"comment_status":"closed","ping_status":"closed","template":"","meta":{"footnotes":"","_links_to":"","_links_to_target":""},"class_list":["post-365","page","type-page","status-publish","hentry"],"_links":{"self":[{"href":"https:\/\/sites.usp.br\/lgpd\/wp-json\/wp\/v2\/pages\/365","targetHints":{"allow":["GET"]}}],"collection":[{"href":"https:\/\/sites.usp.br\/lgpd\/wp-json\/wp\/v2\/pages"}],"about":[{"href":"https:\/\/sites.usp.br\/lgpd\/wp-json\/wp\/v2\/types\/page"}],"author":[{"embeddable":true,"href":"https:\/\/sites.usp.br\/lgpd\/wp-json\/wp\/v2\/users\/79"}],"replies":[{"embeddable":true,"href":"https:\/\/sites.usp.br\/lgpd\/wp-json\/wp\/v2\/comments?post=365"}],"version-history":[{"count":4,"href":"https:\/\/sites.usp.br\/lgpd\/wp-json\/wp\/v2\/pages\/365\/revisions"}],"predecessor-version":[{"id":492,"href":"https:\/\/sites.usp.br\/lgpd\/wp-json\/wp\/v2\/pages\/365\/revisions\/492"}],"wp:attachment":[{"href":"https:\/\/sites.usp.br\/lgpd\/wp-json\/wp\/v2\/media?parent=365"}],"curies":[{"name":"wp","href":"https:\/\/api.w.org\/{rel}","templated":true}]}}