{"id":371,"date":"2023-01-09T20:57:44","date_gmt":"2023-01-09T23:57:44","guid":{"rendered":"https:\/\/sites.usp.br\/lgpd\/?page_id=371"},"modified":"2023-01-10T12:49:12","modified_gmt":"2023-01-10T15:49:12","slug":"cursos","status":"publish","type":"page","link":"https:\/\/sites.usp.br\/lgpd\/cursos\/","title":{"rendered":"Cursos"},"content":{"rendered":"<div id=\"pl-371\"  class=\"panel-layout\" ><div id=\"pg-371-0\"  class=\"panel-grid panel-no-style\" ><div id=\"pgc-371-0-0\"  class=\"panel-grid-cell\" ><div id=\"panel-371-0-0-0\" class=\"so-panel widget widget_sow-editor panel-first-child panel-last-child\" data-index=\"0\" ><div\n\t\t\t\n\t\t\tclass=\"so-widget-sow-editor so-widget-sow-editor-base\"\n\t\t\t\n\t\t>\n<div class=\"siteorigin-widget-tinymce textwidget\">\n\t<p>Diversas a\u00e7\u00f5es de capacita\u00e7\u00e3o relacionadas a Lei Geral de Prote\u00e7\u00e3o de Dados Pessoais (LGPD) t\u00eam sido oferecidas pela Escola Nacional de Administra\u00e7\u00e3o P\u00fablica (ENAP).<\/p>\n<p>Os servidores da USP podem se inscrever e realizar os cursos b\u00e1sicos sobre a LGPD oferecidos pela ENAP.<\/p>\n<\/div>\n<\/div><\/div><\/div><\/div><div id=\"pg-371-1\"  class=\"panel-grid panel-no-style\" ><div id=\"pgc-371-1-0\"  class=\"panel-grid-cell\" ><div id=\"panel-371-1-0-0\" class=\"so-panel widget widget_media_image panel-first-child panel-last-child\" data-index=\"1\" ><h3 class=\"widget-title\">Introdu\u00e7\u00e3o \u00e0 Lei Brasileira de Prote\u00e7\u00e3o de Dados Pessoais<\/h3><a href=\"https:\/\/www.escolavirtual.gov.br\/curso\/153\/\"><img loading=\"lazy\" decoding=\"async\" class=\"image \" src=\"https:\/\/cdn.evg.gov.br\/cursos\/153_EVG\/banner.svg\" alt=\"\" width=\"231\" height=\"150\" \/><\/a><\/div><\/div><div id=\"pgc-371-1-1\"  class=\"panel-grid-cell\" ><div id=\"panel-371-1-1-0\" class=\"so-panel widget widget_media_image panel-first-child panel-last-child\" data-index=\"2\" ><h3 class=\"widget-title\">Prote\u00e7\u00e3o de Dados Pessoais no Setor P\u00fablico<\/h3><a href=\"https:\/\/www.escolavirtual.gov.br\/curso\/290\/\"><img loading=\"lazy\" decoding=\"async\" class=\"image \" src=\"https:\/\/cdn.evg.gov.br\/cursos\/290_EVG\/imagem_curso_290.png\" alt=\"\" width=\"560\" height=\"364\" \/><\/a><\/div><\/div><div id=\"pgc-371-1-2\"  class=\"panel-grid-cell\" ><div id=\"panel-371-1-2-0\" class=\"so-panel widget widget_media_image panel-first-child panel-last-child\" data-index=\"3\" ><h3 class=\"widget-title\">Fundamentos da Lei Geral de Prote\u00e7\u00e3o de Dados<\/h3><a href=\"https:\/\/www.escolavirtual.gov.br\/curso\/603\"><img loading=\"lazy\" decoding=\"async\" class=\"image \" src=\"https:\/\/cdn.evg.gov.br\/cursos\/603_EVG\/imagem_curso_603.png\" alt=\"\" width=\"800\" height=\"520\" \/><\/a><\/div><\/div><\/div><div id=\"pg-371-2\"  class=\"panel-grid panel-no-style\" ><div id=\"pgc-371-2-0\"  class=\"panel-grid-cell\" ><div id=\"panel-371-2-0-0\" class=\"so-panel widget widget_media_image panel-first-child panel-last-child\" data-index=\"4\" ><h3 class=\"widget-title\">Como implementar a LGPD<\/h3><a href=\"https:\/\/www.escolavirtual.gov.br\/curso\/529\"><img loading=\"lazy\" decoding=\"async\" class=\"image \" src=\"https:\/\/cdn.evg.gov.br\/cursos\/529_EVG\/imagem_curso_529.png\" alt=\"\" width=\"800\" height=\"500\" \/><\/a><\/div><\/div><div id=\"pgc-371-2-1\"  class=\"panel-grid-cell\" ><div id=\"panel-371-2-1-0\" class=\"so-panel widget widget_media_image panel-first-child panel-last-child\" data-index=\"5\" ><h3 class=\"widget-title\">Acesso \u00e0 Informa\u00e7\u00e3o<\/h3><a href=\"https:\/\/www.escolavirtual.gov.br\/curso\/76\/\"><img loading=\"lazy\" decoding=\"async\" class=\"image \" src=\"https:\/\/cdn.evg.gov.br\/cursos\/76_EVG\/banner.svg\" alt=\"\" width=\"231\" height=\"150\" \/><\/a><\/div><\/div><div id=\"pgc-371-2-2\"  class=\"panel-grid-cell\" ><div id=\"panel-371-2-2-0\" class=\"so-panel widget widget_media_image panel-first-child panel-last-child\" data-index=\"6\" ><h3 class=\"widget-title\">Governan\u00e7a de Dados<\/h3><a href=\"https:\/\/www.escolavirtual.gov.br\/curso\/270\"><img loading=\"lazy\" decoding=\"async\" class=\"image \" src=\"https:\/\/cdn.evg.gov.br\/cursos\/270_EVG\/imagem_curso_270.png\" alt=\"\" width=\"1043\" height=\"678\" \/><\/a><\/div><\/div><\/div><div id=\"pg-371-3\"  class=\"panel-grid panel-no-style\" ><div id=\"pgc-371-3-0\"  class=\"panel-grid-cell\" ><div id=\"panel-371-3-0-0\" class=\"so-panel widget widget_media_image panel-first-child panel-last-child\" data-index=\"7\" ><h3 class=\"widget-title\">Governan\u00e7a de Dados na Transforma\u00e7\u00e3o Digital<\/h3><a href=\"https:\/\/www.escolavirtual.gov.br\/curso\/536\"><img loading=\"lazy\" decoding=\"async\" class=\"image \" src=\"https:\/\/cdn.evg.gov.br\/cursos\/536_EVG\/imagem_curso_536.png\" alt=\"\" width=\"888\" height=\"593\" \/><\/a><\/div><\/div><div id=\"pgc-371-3-1\"  class=\"panel-grid-cell panel-grid-cell-empty panel-grid-cell-mobile-last\" ><\/div><div id=\"pgc-371-3-2\"  class=\"panel-grid-cell panel-grid-cell-empty\" ><\/div><\/div><\/div>","protected":false},"excerpt":{"rendered":"<p>Diversas a\u00e7\u00f5es de capacita\u00e7\u00e3o relacionadas a Lei Geral de Prote\u00e7\u00e3o de Dados Pessoais (LGPD) t\u00eam sido oferecidas pela Escola Nacional de Administra\u00e7\u00e3o P\u00fablica (ENAP). Os servidores da USP podem se inscrever e realizar os cursos b\u00e1sicos sobre a LGPD oferecidos pela ENAP.<\/p>\n","protected":false},"author":79,"featured_media":0,"parent":0,"menu_order":0,"comment_status":"closed","ping_status":"closed","template":"","meta":{"footnotes":"","_links_to":"","_links_to_target":""},"class_list":["post-371","page","type-page","status-publish","hentry"],"_links":{"self":[{"href":"https:\/\/sites.usp.br\/lgpd\/wp-json\/wp\/v2\/pages\/371","targetHints":{"allow":["GET"]}}],"collection":[{"href":"https:\/\/sites.usp.br\/lgpd\/wp-json\/wp\/v2\/pages"}],"about":[{"href":"https:\/\/sites.usp.br\/lgpd\/wp-json\/wp\/v2\/types\/page"}],"author":[{"embeddable":true,"href":"https:\/\/sites.usp.br\/lgpd\/wp-json\/wp\/v2\/users\/79"}],"replies":[{"embeddable":true,"href":"https:\/\/sites.usp.br\/lgpd\/wp-json\/wp\/v2\/comments?post=371"}],"version-history":[{"count":4,"href":"https:\/\/sites.usp.br\/lgpd\/wp-json\/wp\/v2\/pages\/371\/revisions"}],"predecessor-version":[{"id":399,"href":"https:\/\/sites.usp.br\/lgpd\/wp-json\/wp\/v2\/pages\/371\/revisions\/399"}],"wp:attachment":[{"href":"https:\/\/sites.usp.br\/lgpd\/wp-json\/wp\/v2\/media?parent=371"}],"curies":[{"name":"wp","href":"https:\/\/api.w.org\/{rel}","templated":true}]}}