{"id":174,"date":"2020-12-26T11:54:44","date_gmt":"2020-12-26T13:54:44","guid":{"rendered":"https:\/\/sites.usp.br\/lieves\/?page_id=174"},"modified":"2021-05-05T12:04:47","modified_gmt":"2021-05-05T15:04:47","slug":"saibamais","status":"publish","type":"page","link":"https:\/\/sites.usp.br\/lieves\/saibamais\/","title":{"rendered":"Saiba mais"},"content":{"rendered":"\t\t<div data-elementor-type=\"wp-page\" data-elementor-id=\"174\" class=\"elementor elementor-174\" data-elementor-post-type=\"page\">\n\t\t\t\t\t\t<section class=\"elementor-section elementor-top-section elementor-element elementor-element-4ab8f25 elementor-section-boxed elementor-section-height-default elementor-section-height-default\" data-id=\"4ab8f25\" data-element_type=\"section\">\n\t\t\t\t\t\t<div class=\"elementor-container elementor-column-gap-default\">\n\t\t\t\t\t<div class=\"elementor-column elementor-col-50 elementor-top-column elementor-element elementor-element-bfdd35e\" data-id=\"bfdd35e\" data-element_type=\"column\">\n\t\t\t<div class=\"elementor-widget-wrap elementor-element-populated\">\n\t\t\t\t\t\t<div class=\"elementor-element elementor-element-d1eb1fd elementor-widget elementor-widget-heading\" data-id=\"d1eb1fd\" data-element_type=\"widget\" data-widget_type=\"heading.default\">\n\t\t\t\t<div class=\"elementor-widget-container\">\n\t\t\t<h5 class=\"elementor-heading-title elementor-size-default\">INSPIRE: sete estrat\u00e9gias para p\u00f4r fim \u00e0 viol\u00eancia contra crian\u00e7as<\/h5>\t\t<\/div>\n\t\t\t\t<\/div>\n\t\t\t\t<section class=\"elementor-section elementor-inner-section elementor-element elementor-element-c6bcb7a elementor-section-boxed elementor-section-height-default elementor-section-height-default\" data-id=\"c6bcb7a\" data-element_type=\"section\">\n\t\t\t\t\t\t<div class=\"elementor-container elementor-column-gap-default\">\n\t\t\t\t\t<div class=\"elementor-column elementor-col-50 elementor-inner-column elementor-element elementor-element-868eb43\" data-id=\"868eb43\" data-element_type=\"column\">\n\t\t\t<div class=\"elementor-widget-wrap elementor-element-populated\">\n\t\t\t\t\t\t<div class=\"elementor-element elementor-element-fb8d0fa elementor-widget elementor-widget-image\" data-id=\"fb8d0fa\" data-element_type=\"widget\" data-widget_type=\"image.default\">\n\t\t\t\t<div class=\"elementor-widget-container\">\n\t\t\t\t\t\t\t\t\t\t\t\t\t<img fetchpriority=\"high\" decoding=\"async\" width=\"428\" height=\"606\" src=\"https:\/\/sites.usp.br\/lieves\/wp-content\/uploads\/sites\/883\/2021\/05\/INSPIRE.png\" class=\"attachment-large size-large wp-image-492\" alt=\"\" srcset=\"https:\/\/sites.usp.br\/lieves\/wp-content\/uploads\/sites\/883\/2021\/05\/INSPIRE.png 428w, https:\/\/sites.usp.br\/lieves\/wp-content\/uploads\/sites\/883\/2021\/05\/INSPIRE-212x300.png 212w, https:\/\/sites.usp.br\/lieves\/wp-content\/uploads\/sites\/883\/2021\/05\/INSPIRE-400x566.png 400w\" sizes=\"(max-width: 428px) 100vw, 428px\" \/>\t\t\t\t\t\t\t\t\t\t\t\t\t<\/div>\n\t\t\t\t<\/div>\n\t\t\t\t\t<\/div>\n\t\t<\/div>\n\t\t\t\t<div class=\"elementor-column elementor-col-50 elementor-inner-column elementor-element elementor-element-c6c2c52\" data-id=\"c6c2c52\" data-element_type=\"column\">\n\t\t\t<div class=\"elementor-widget-wrap elementor-element-populated\">\n\t\t\t\t\t\t<div class=\"elementor-element elementor-element-955eef5 elementor-widget elementor-widget-text-editor\" data-id=\"955eef5\" data-element_type=\"widget\" data-widget_type=\"text-editor.default\">\n\t\t\t\t<div class=\"elementor-widget-container\">\n\t\t\t\t\t\t\t<p>\u00c9 um pacote de medidas t\u00e9cnicas, elaboradas a partir da melhor evid\u00eancia cient\u00edfica dispon\u00edvel, dirigidas a todos os que est\u00e3o empenhados em prevenir e enfrentar a\u00a0 viol\u00eancia contra crian\u00e7as e adolescentes \u2014 do governo aos cidad\u00e3os comuns, na sociedade civil ou no setor privado. Os links abaixo cont\u00e9m a descri\u00e7\u00e3o das tr\u00eas\u00a0 publica\u00e7\u00f5es dispon\u00edveis.<\/p>\t\t\t\t\t\t<\/div>\n\t\t\t\t<\/div>\n\t\t\t\t\t<\/div>\n\t\t<\/div>\n\t\t\t\t\t<\/div>\n\t\t<\/section>\n\t\t\t\t<div class=\"elementor-element elementor-element-7a1f371 elementor-widget elementor-widget-accordion\" data-id=\"7a1f371\" data-element_type=\"widget\" data-widget_type=\"accordion.default\">\n\t\t\t\t<div class=\"elementor-widget-container\">\n\t\t\t\t\t<div class=\"elementor-accordion\">\n\t\t\t\t\t\t\t<div class=\"elementor-accordion-item\">\n\t\t\t\t\t<div id=\"elementor-tab-title-1281\" class=\"elementor-tab-title\" data-tab=\"1\" role=\"button\" aria-controls=\"elementor-tab-content-1281\" aria-expanded=\"false\">\n\t\t\t\t\t\t\t\t\t\t\t\t\t<span class=\"elementor-accordion-icon elementor-accordion-icon-left\" aria-hidden=\"true\">\n\t\t\t\t\t\t\t\t\t\t\t\t\t\t\t<span class=\"elementor-accordion-icon-closed\"><i class=\"fas fa-plus\"><\/i><\/span>\n\t\t\t\t\t\t\t\t<span class=\"elementor-accordion-icon-opened\"><i class=\"fas fa-minus\"><\/i><\/span>\n\t\t\t\t\t\t\t\t\t\t\t\t\t\t<\/span>\n\t\t\t\t\t\t\t\t\t\t\t\t<a class=\"elementor-accordion-title\" tabindex=\"0\">INSPIRE: Sete estrat\u00e9gias para p\u00f4r fim \u00e0 viol\u00eancia contra a crian\u00e7a<\/a>\n\t\t\t\t\t<\/div>\n\t\t\t\t\t<div id=\"elementor-tab-content-1281\" class=\"elementor-tab-content elementor-clearfix\" data-tab=\"1\" role=\"region\" aria-labelledby=\"elementor-tab-title-1281\"><p>Esta \u00e9 a publica\u00e7\u00e3o principal da iniciativa Inspire. Cont\u00e9m todas as estrat\u00e9gias e \u00e9 a porta de entrada para a compreens\u00e3o da abordagem. At\u00e9 o momento \u00e9 a \u00fanica das publica\u00e7\u00f5es dispon\u00edvel em l\u00edngua portuguesa. <\/p><div>&#8211; Idioma: portugu\u00eas, traduzido por NEV\/USP<\/div><div>&#8211; Autoria:\u00a0OMS, OPAS, Unicef, CDC, Banco Mundial<br \/>&#8211; Ano: 2018<\/div><div><a href=\"https:\/\/sites.usp.br\/sp-proso\/wp-content\/uploads\/sites\/526\/2019\/06\/2_INSPIRE_sete-estrat\u00e9gias-para-p\u00f4r-fim-\u00e0-viol\u00eancia-contra-crian\u00e7as.pdf\" target=\"_blank\" rel=\"noopener\">&#8211;\u00a0Baixar pdf em portugu\u00eas<\/a><\/div><\/div>\n\t\t\t\t<\/div>\n\t\t\t\t\t\t\t<div class=\"elementor-accordion-item\">\n\t\t\t\t\t<div id=\"elementor-tab-title-1282\" class=\"elementor-tab-title\" data-tab=\"2\" role=\"button\" aria-controls=\"elementor-tab-content-1282\" aria-expanded=\"false\">\n\t\t\t\t\t\t\t\t\t\t\t\t\t<span class=\"elementor-accordion-icon elementor-accordion-icon-left\" aria-hidden=\"true\">\n\t\t\t\t\t\t\t\t\t\t\t\t\t\t\t<span class=\"elementor-accordion-icon-closed\"><i class=\"fas fa-plus\"><\/i><\/span>\n\t\t\t\t\t\t\t\t<span class=\"elementor-accordion-icon-opened\"><i class=\"fas fa-minus\"><\/i><\/span>\n\t\t\t\t\t\t\t\t\t\t\t\t\t\t<\/span>\n\t\t\t\t\t\t\t\t\t\t\t\t<a class=\"elementor-accordion-title\" tabindex=\"0\">INSPIRE Handbook: action for implementing the seven strategies for ending violence against children<\/a>\n\t\t\t\t\t<\/div>\n\t\t\t\t\t<div id=\"elementor-tab-content-1282\" class=\"elementor-tab-content elementor-clearfix\" data-tab=\"2\" role=\"region\" aria-labelledby=\"elementor-tab-title-1282\"><p>O manual do INSPIRE: a a\u00e7\u00e3o para implementar as sete estrat\u00e9gias para acabar com a viol\u00eancia contra crian\u00e7as explica em detalhes como escolher e implementar interven\u00e7\u00f5es que se ajustem a necessidades e contexto espec\u00edficos.\u00a0<\/p><p>&#8211; Idioma: Ingl\u00eas ou espanhol<br \/>&#8211; Autoria: OMS<br \/>&#8211; <a href=\"https:\/\/sites.usp.br\/sp-proso\/wp-content\/uploads\/sites\/526\/2019\/06\/manual_implementacao_ingles.pdf\" target=\"_blank\" rel=\"noopener\">Baixar o pdf em ingl\u00eas<\/a><br \/>&#8211; <a href=\"https:\/\/sites.usp.br\/sp-proso\/wp-content\/uploads\/sites\/526\/2019\/06\/manual_implementacao_espanhol.pdf\" target=\"_blank\" rel=\"noopener\">Baixar o pdf em espanhol<\/a><\/p><\/div>\n\t\t\t\t<\/div>\n\t\t\t\t\t\t\t<div class=\"elementor-accordion-item\">\n\t\t\t\t\t<div id=\"elementor-tab-title-1283\" class=\"elementor-tab-title\" data-tab=\"3\" role=\"button\" aria-controls=\"elementor-tab-content-1283\" aria-expanded=\"false\">\n\t\t\t\t\t\t\t\t\t\t\t\t\t<span class=\"elementor-accordion-icon elementor-accordion-icon-left\" aria-hidden=\"true\">\n\t\t\t\t\t\t\t\t\t\t\t\t\t\t\t<span class=\"elementor-accordion-icon-closed\"><i class=\"fas fa-plus\"><\/i><\/span>\n\t\t\t\t\t\t\t\t<span class=\"elementor-accordion-icon-opened\"><i class=\"fas fa-minus\"><\/i><\/span>\n\t\t\t\t\t\t\t\t\t\t\t\t\t\t<\/span>\n\t\t\t\t\t\t\t\t\t\t\t\t<a class=\"elementor-accordion-title\" tabindex=\"0\">INSPIRE Handbook: action for implementing the seven strategies for ending violence against children<\/a>\n\t\t\t\t\t<\/div>\n\t\t\t\t\t<div id=\"elementor-tab-content-1283\" class=\"elementor-tab-content elementor-clearfix\" data-tab=\"3\" role=\"region\" aria-labelledby=\"elementor-tab-title-1283\"><p>A Estrutura desta publica\u00e7\u00e3o foi projetada para ajudar governos e ONGs a monitorar o progresso e acompanhar as mudan\u00e7as ao longo do tempo, \u00e0 medida que implementam estrat\u00e9gias INSPIRE para prevenir e responder \u00e0 viol\u00eancia contra crian\u00e7as. Ele inclui um conjunto de indicadores principais e orienta\u00e7\u00f5es detalhadas sobre como definir e medir esses indicadores para monitorar as mudan\u00e7as e ao longo do tempo.<\/p><p>&#8211; Idioma: Ingl\u00eas<br \/>&#8211; Autoria: Unicef<br \/>&#8211; <a href=\"https:\/\/sites.usp.br\/sp-proso\/wp-content\/uploads\/sites\/526\/2019\/06\/inspire_guia_indicadores_ingles.pdf\" target=\"_blank\" rel=\"noopener\">Baixar o pdf em ingl\u00eas<\/a><\/p><\/div>\n\t\t\t\t<\/div>\n\t\t\t\t\t\t\t\t<\/div>\n\t\t\t\t<\/div>\n\t\t\t\t<\/div>\n\t\t\t\t<div class=\"elementor-element elementor-element-6b78d6c elementor-widget-divider--view-line elementor-widget elementor-widget-divider\" data-id=\"6b78d6c\" data-element_type=\"widget\" data-widget_type=\"divider.default\">\n\t\t\t\t<div class=\"elementor-widget-container\">\n\t\t\t\t\t<div class=\"elementor-divider\">\n\t\t\t<span class=\"elementor-divider-separator\">\n\t\t\t\t\t\t<\/span>\n\t\t<\/div>\n\t\t\t\t<\/div>\n\t\t\t\t<\/div>\n\t\t\t\t<div class=\"elementor-element elementor-element-3089ed7 elementor-widget elementor-widget-heading\" data-id=\"3089ed7\" data-element_type=\"widget\" data-widget_type=\"heading.default\">\n\t\t\t\t<div class=\"elementor-widget-container\">\n\t\t\t<h5 class=\"elementor-heading-title elementor-size-default\"><a href=\"https:\/\/www.ipea.gov.br\/atlasviolencia\/\">Atlas da Viol\u00eancia<\/a><\/h5>\t\t<\/div>\n\t\t\t\t<\/div>\n\t\t\t\t<section class=\"elementor-section elementor-inner-section elementor-element elementor-element-f9cfb83 elementor-section-boxed elementor-section-height-default elementor-section-height-default\" data-id=\"f9cfb83\" data-element_type=\"section\">\n\t\t\t\t\t\t<div class=\"elementor-container elementor-column-gap-default\">\n\t\t\t\t\t<div class=\"elementor-column elementor-col-50 elementor-inner-column elementor-element elementor-element-76b6c21\" data-id=\"76b6c21\" data-element_type=\"column\">\n\t\t\t<div class=\"elementor-widget-wrap elementor-element-populated\">\n\t\t\t\t\t\t<div class=\"elementor-element elementor-element-c71cbd4 elementor-widget elementor-widget-image\" data-id=\"c71cbd4\" data-element_type=\"widget\" data-widget_type=\"image.default\">\n\t\t\t\t<div class=\"elementor-widget-container\">\n\t\t\t\t\t\t\t\t\t\t\t\t\t<img decoding=\"async\" width=\"720\" height=\"720\" src=\"https:\/\/sites.usp.br\/lieves\/wp-content\/uploads\/sites\/883\/2021\/05\/Atlas-da-violencia-1024x1024.png\" class=\"attachment-large size-large wp-image-497\" alt=\"\" srcset=\"https:\/\/sites.usp.br\/lieves\/wp-content\/uploads\/sites\/883\/2021\/05\/Atlas-da-violencia-1024x1024.png 1024w, https:\/\/sites.usp.br\/lieves\/wp-content\/uploads\/sites\/883\/2021\/05\/Atlas-da-violencia-300x300.png 300w, https:\/\/sites.usp.br\/lieves\/wp-content\/uploads\/sites\/883\/2021\/05\/Atlas-da-violencia-150x150.png 150w, https:\/\/sites.usp.br\/lieves\/wp-content\/uploads\/sites\/883\/2021\/05\/Atlas-da-violencia-768x768.png 768w, https:\/\/sites.usp.br\/lieves\/wp-content\/uploads\/sites\/883\/2021\/05\/Atlas-da-violencia-1536x1536.png 1536w, https:\/\/sites.usp.br\/lieves\/wp-content\/uploads\/sites\/883\/2021\/05\/Atlas-da-violencia.png 2048w, https:\/\/sites.usp.br\/lieves\/wp-content\/uploads\/sites\/883\/2021\/05\/Atlas-da-violencia-160x160.png 160w, https:\/\/sites.usp.br\/lieves\/wp-content\/uploads\/sites\/883\/2021\/05\/Atlas-da-violencia-320x320.png 320w, https:\/\/sites.usp.br\/lieves\/wp-content\/uploads\/sites\/883\/2021\/05\/Atlas-da-violencia-45x45.png 45w, https:\/\/sites.usp.br\/lieves\/wp-content\/uploads\/sites\/883\/2021\/05\/Atlas-da-violencia-200x200.png 200w, https:\/\/sites.usp.br\/lieves\/wp-content\/uploads\/sites\/883\/2021\/05\/Atlas-da-violencia-400x400.png 400w\" sizes=\"(max-width: 720px) 100vw, 720px\" \/>\t\t\t\t\t\t\t\t\t\t\t\t\t<\/div>\n\t\t\t\t<\/div>\n\t\t\t\t\t<\/div>\n\t\t<\/div>\n\t\t\t\t<div class=\"elementor-column elementor-col-50 elementor-inner-column elementor-element elementor-element-57e9218\" data-id=\"57e9218\" data-element_type=\"column\">\n\t\t\t<div class=\"elementor-widget-wrap elementor-element-populated\">\n\t\t\t\t\t\t<div class=\"elementor-element elementor-element-98ef8b5 elementor-widget elementor-widget-text-editor\" data-id=\"98ef8b5\" data-element_type=\"widget\" data-widget_type=\"text-editor.default\">\n\t\t\t\t<div class=\"elementor-widget-container\">\n\t\t\t\t\t\t\t<p>O <strong>Atlas da Viol\u00eancia<\/strong> \u00e9 um portal que re\u00fane, organiza e disponibiliza informa\u00e7\u00f5es sobre viol\u00eancia no Brasil, bem como re\u00fane publica\u00e7\u00f5es do Ipea sobre viol\u00eancia e seguran\u00e7a p\u00fablica. Foi criado em 2016 e \u00e9 gerido pelo Instituto de Pesquisa Econ\u00f4mica Aplicada (Ipea) com a colabora\u00e7\u00e3o do F\u00f3rum Brasileiro de Seguran\u00e7a P\u00fablica (FBSP).<\/p>\t\t\t\t\t\t<\/div>\n\t\t\t\t<\/div>\n\t\t\t\t\t<\/div>\n\t\t<\/div>\n\t\t\t\t\t<\/div>\n\t\t<\/section>\n\t\t\t\t\t<\/div>\n\t\t<\/div>\n\t\t\t\t<div class=\"elementor-column elementor-col-50 elementor-top-column elementor-element elementor-element-4f11bdd\" data-id=\"4f11bdd\" data-element_type=\"column\">\n\t\t\t<div class=\"elementor-widget-wrap elementor-element-populated\">\n\t\t\t\t\t\t<div class=\"elementor-element elementor-element-c9741fd elementor-widget elementor-widget-heading\" data-id=\"c9741fd\" data-element_type=\"widget\" data-widget_type=\"heading.default\">\n\t\t\t\t<div class=\"elementor-widget-container\">\n\t\t\t<h5 class=\"elementor-heading-title elementor-size-default\">Prevenindo a viol\u00eancia \u00e0 viol\u00eancia juvenil: um panorama das evid\u00eancias<\/h5>\t\t<\/div>\n\t\t\t\t<\/div>\n\t\t\t\t<section class=\"elementor-section elementor-inner-section elementor-element elementor-element-0efe6c9 elementor-section-boxed elementor-section-height-default elementor-section-height-default\" data-id=\"0efe6c9\" data-element_type=\"section\">\n\t\t\t\t\t\t<div class=\"elementor-container elementor-column-gap-default\">\n\t\t\t\t\t<div class=\"elementor-column elementor-col-50 elementor-inner-column elementor-element elementor-element-fb57243\" data-id=\"fb57243\" data-element_type=\"column\">\n\t\t\t<div class=\"elementor-widget-wrap elementor-element-populated\">\n\t\t\t\t\t\t<div class=\"elementor-element elementor-element-a6d5e0c elementor-widget elementor-widget-image\" data-id=\"a6d5e0c\" data-element_type=\"widget\" data-widget_type=\"image.default\">\n\t\t\t\t<div class=\"elementor-widget-container\">\n\t\t\t\t\t\t\t\t\t\t\t\t\t<img decoding=\"async\" width=\"647\" height=\"911\" src=\"https:\/\/sites.usp.br\/lieves\/wp-content\/uploads\/sites\/883\/2021\/05\/Prevenindo.png\" class=\"attachment-large size-large wp-image-494\" alt=\"\" srcset=\"https:\/\/sites.usp.br\/lieves\/wp-content\/uploads\/sites\/883\/2021\/05\/Prevenindo.png 647w, https:\/\/sites.usp.br\/lieves\/wp-content\/uploads\/sites\/883\/2021\/05\/Prevenindo-213x300.png 213w, https:\/\/sites.usp.br\/lieves\/wp-content\/uploads\/sites\/883\/2021\/05\/Prevenindo-400x563.png 400w\" sizes=\"(max-width: 647px) 100vw, 647px\" \/>\t\t\t\t\t\t\t\t\t\t\t\t\t<\/div>\n\t\t\t\t<\/div>\n\t\t\t\t\t<\/div>\n\t\t<\/div>\n\t\t\t\t<div class=\"elementor-column elementor-col-50 elementor-inner-column elementor-element elementor-element-455f863\" data-id=\"455f863\" data-element_type=\"column\">\n\t\t\t<div class=\"elementor-widget-wrap elementor-element-populated\">\n\t\t\t\t\t\t<div class=\"elementor-element elementor-element-32e9ce4 elementor-widget elementor-widget-text-editor\" data-id=\"32e9ce4\" data-element_type=\"widget\" data-widget_type=\"text-editor.default\">\n\t\t\t\t<div class=\"elementor-widget-container\">\n\t\t\t\t\t\t\t<p>Uma revis\u00e3o do que se conhece sobre a preval\u00eancia e consequ\u00eancias da viol\u00eancia praticada por jovens, fatores de risco e sobre a efic\u00e1cia de programas de preven\u00e7\u00e3o.\u00a0O conte\u00fado deste manual \u00e9 relevante para v\u00e1rios setores, como minist\u00e9rios respons\u00e1veis pela promo\u00e7\u00e3o de servi\u00e7os nas \u00e1reas da sa\u00fade, do direito e dos servi\u00e7os sociais, bem como os setores da educa\u00e7\u00e3o e da justi\u00e7a criminal.<\/p><p>&#8211; Idiomas: portugu\u00eas<br \/>&#8211; Autoria: OMS<br \/>&#8211; Ano: 2016 [em ingl\u00eas: 2015]<br \/>&#8211;<a href=\"https:\/\/sites.usp.br\/sp-proso\/wp-content\/uploads\/sites\/526\/2019\/06\/3_OMS_Prevenindo-a-viol\u00eancia-juvenil-1.pdf\" target=\"_blank\" rel=\"noopener\">\u00a0Baixar pdf\u00a0<\/a><\/p>\t\t\t\t\t\t<\/div>\n\t\t\t\t<\/div>\n\t\t\t\t\t<\/div>\n\t\t<\/div>\n\t\t\t\t\t<\/div>\n\t\t<\/section>\n\t\t\t\t<div class=\"elementor-element elementor-element-4537f96 elementor-widget-divider--view-line elementor-widget elementor-widget-divider\" data-id=\"4537f96\" data-element_type=\"widget\" data-widget_type=\"divider.default\">\n\t\t\t\t<div class=\"elementor-widget-container\">\n\t\t\t\t\t<div class=\"elementor-divider\">\n\t\t\t<span class=\"elementor-divider-separator\">\n\t\t\t\t\t\t<\/span>\n\t\t<\/div>\n\t\t\t\t<\/div>\n\t\t\t\t<\/div>\n\t\t\t\t<div class=\"elementor-element elementor-element-e38ae6a elementor-widget elementor-widget-heading\" data-id=\"e38ae6a\" data-element_type=\"widget\" data-widget_type=\"heading.default\">\n\t\t\t\t<div class=\"elementor-widget-container\">\n\t\t\t<h5 class=\"elementor-heading-title elementor-size-default\">Prevenindo a viol\u00eancia \u00e0 viol\u00eancia juvenil: um panorama das evid\u00eancias<\/h5>\t\t<\/div>\n\t\t\t\t<\/div>\n\t\t\t\t<section class=\"elementor-section elementor-inner-section elementor-element elementor-element-c0a2465 elementor-section-boxed elementor-section-height-default elementor-section-height-default\" data-id=\"c0a2465\" data-element_type=\"section\">\n\t\t\t\t\t\t<div class=\"elementor-container elementor-column-gap-default\">\n\t\t\t\t\t<div class=\"elementor-column elementor-col-50 elementor-inner-column elementor-element elementor-element-9b7e21c\" data-id=\"9b7e21c\" data-element_type=\"column\">\n\t\t\t<div class=\"elementor-widget-wrap elementor-element-populated\">\n\t\t\t\t\t\t<div class=\"elementor-element elementor-element-c671812 elementor-widget elementor-widget-image\" data-id=\"c671812\" data-element_type=\"widget\" data-widget_type=\"image.default\">\n\t\t\t\t<div class=\"elementor-widget-container\">\n\t\t\t\t\t\t\t\t\t\t\t\t\t<img loading=\"lazy\" decoding=\"async\" width=\"476\" height=\"673\" src=\"https:\/\/sites.usp.br\/lieves\/wp-content\/uploads\/sites\/883\/2021\/05\/Vilencia-escolar.png\" class=\"attachment-large size-large wp-image-496\" alt=\"\" srcset=\"https:\/\/sites.usp.br\/lieves\/wp-content\/uploads\/sites\/883\/2021\/05\/Vilencia-escolar.png 476w, https:\/\/sites.usp.br\/lieves\/wp-content\/uploads\/sites\/883\/2021\/05\/Vilencia-escolar-212x300.png 212w, https:\/\/sites.usp.br\/lieves\/wp-content\/uploads\/sites\/883\/2021\/05\/Vilencia-escolar-400x566.png 400w\" sizes=\"(max-width: 476px) 100vw, 476px\" \/>\t\t\t\t\t\t\t\t\t\t\t\t\t<\/div>\n\t\t\t\t<\/div>\n\t\t\t\t\t<\/div>\n\t\t<\/div>\n\t\t\t\t<div class=\"elementor-column elementor-col-50 elementor-inner-column elementor-element elementor-element-2a8940a\" data-id=\"2a8940a\" data-element_type=\"column\">\n\t\t\t<div class=\"elementor-widget-wrap elementor-element-populated\">\n\t\t\t\t\t\t<div class=\"elementor-element elementor-element-c2e2b58 elementor-widget elementor-widget-text-editor\" data-id=\"c2e2b58\" data-element_type=\"widget\" data-widget_type=\"text-editor.default\">\n\t\t\t\t<div class=\"elementor-widget-container\">\n\t\t\t\t\t\t\t<p>O relat\u00f3rio foi elaborado com o objetivo de fornecer um panorama dos dados mais recentes dispon\u00edveis sobre a natureza, a abrang\u00eancia e o impacto da viol\u00eancia escolar e do<i> bullying,<\/i> bem como sobre as iniciativas que abordam o problema.<\/p>\n<p>&#8211; Idioma: portugu\u00eas<br>&#8211; Autoria: UNESCO e Instituto de Preven\u00e7\u00e3o \u00e0 Viol\u00eancia Escolar da Universidade de Mulheres Ewha<br>&#8211; Ano: 2019 [em ingl\u00eas: 2017]<br>&#8211; <a href=\"https:\/\/sites.usp.br\/sp-proso\/wp-content\/uploads\/sites\/526\/2019\/07\/violencia_escolar_bullying_unesco.pdf\" target=\"_blank\" rel=\"noopener\">Baixar pdf<\/a><\/p>\t\t\t\t\t\t<\/div>\n\t\t\t\t<\/div>\n\t\t\t\t\t<\/div>\n\t\t<\/div>\n\t\t\t\t\t<\/div>\n\t\t<\/section>\n\t\t\t\t<div class=\"elementor-element elementor-element-101aed0 elementor-widget-divider--view-line elementor-widget elementor-widget-divider\" data-id=\"101aed0\" data-element_type=\"widget\" data-widget_type=\"divider.default\">\n\t\t\t\t<div class=\"elementor-widget-container\">\n\t\t\t\t\t<div class=\"elementor-divider\">\n\t\t\t<span class=\"elementor-divider-separator\">\n\t\t\t\t\t\t<\/span>\n\t\t<\/div>\n\t\t\t\t<\/div>\n\t\t\t\t<\/div>\n\t\t\t\t<div class=\"elementor-element elementor-element-e618f93 elementor-widget elementor-widget-heading\" data-id=\"e618f93\" data-element_type=\"widget\" data-widget_type=\"heading.default\">\n\t\t\t\t<div class=\"elementor-widget-container\">\n\t\t\t<h5 class=\"elementor-heading-title elementor-size-default\">School-based violence prevention<\/h5>\t\t<\/div>\n\t\t\t\t<\/div>\n\t\t\t\t<section class=\"elementor-section elementor-inner-section elementor-element elementor-element-9fc766b elementor-section-boxed elementor-section-height-default elementor-section-height-default\" data-id=\"9fc766b\" data-element_type=\"section\">\n\t\t\t\t\t\t<div class=\"elementor-container elementor-column-gap-default\">\n\t\t\t\t\t<div class=\"elementor-column elementor-col-50 elementor-inner-column elementor-element elementor-element-41c1971\" data-id=\"41c1971\" data-element_type=\"column\">\n\t\t\t<div class=\"elementor-widget-wrap elementor-element-populated\">\n\t\t\t\t\t\t<div class=\"elementor-element elementor-element-1c8b419 elementor-widget elementor-widget-image\" data-id=\"1c8b419\" data-element_type=\"widget\" data-widget_type=\"image.default\">\n\t\t\t\t<div class=\"elementor-widget-container\">\n\t\t\t\t\t\t\t\t\t\t\t\t\t<img loading=\"lazy\" decoding=\"async\" width=\"615\" height=\"873\" src=\"https:\/\/sites.usp.br\/lieves\/wp-content\/uploads\/sites\/883\/2021\/05\/School_based_violence_prevention-pdf.png\" class=\"attachment-large size-large wp-image-499\" alt=\"\" srcset=\"https:\/\/sites.usp.br\/lieves\/wp-content\/uploads\/sites\/883\/2021\/05\/School_based_violence_prevention-pdf.png 615w, https:\/\/sites.usp.br\/lieves\/wp-content\/uploads\/sites\/883\/2021\/05\/School_based_violence_prevention-pdf-211x300.png 211w, https:\/\/sites.usp.br\/lieves\/wp-content\/uploads\/sites\/883\/2021\/05\/School_based_violence_prevention-pdf-400x568.png 400w\" sizes=\"(max-width: 615px) 100vw, 615px\" \/>\t\t\t\t\t\t\t\t\t\t\t\t\t<\/div>\n\t\t\t\t<\/div>\n\t\t\t\t\t<\/div>\n\t\t<\/div>\n\t\t\t\t<div class=\"elementor-column elementor-col-50 elementor-inner-column elementor-element elementor-element-74e0106\" data-id=\"74e0106\" data-element_type=\"column\">\n\t\t\t<div class=\"elementor-widget-wrap elementor-element-populated\">\n\t\t\t\t\t\t<div class=\"elementor-element elementor-element-309610f elementor-widget elementor-widget-text-editor\" data-id=\"309610f\" data-element_type=\"widget\" data-widget_type=\"text-editor.default\">\n\t\t\t\t<div class=\"elementor-widget-container\">\n\t\t\t\t\t\t\t<p>Um manual pr\u00e1tico para profissionais e gestores da educa\u00e7\u00e3o sobre como as escolas podem incorporar a preven\u00e7\u00e3o da viol\u00eancia em suas atividades rotineiras na intera\u00e7\u00e3o com as crian\u00e7as, pais e membros da comunidade.<\/p><p>&#8211; Idiomas: Ingl\u00eas<br \/>&#8211; Autoria: Organiza\u00e7\u00e3o Mundial de Sa\u00fade<br \/>&#8211; Ano: 2019<br \/>&#8211; <a href=\"https:\/\/sites.usp.br\/sp-proso\/wp-content\/uploads\/sites\/526\/2019\/08\/school_based_violence_prevention.pdf\" target=\"_blank\" rel=\"noopener\">Baixar pdf em ingl\u00eas<\/a><\/p>\t\t\t\t\t\t<\/div>\n\t\t\t\t<\/div>\n\t\t\t\t\t<\/div>\n\t\t<\/div>\n\t\t\t\t\t<\/div>\n\t\t<\/section>\n\t\t\t\t\t<\/div>\n\t\t<\/div>\n\t\t\t\t\t<\/div>\n\t\t<\/section>\n\t\t\t\t<\/div>\n\t\t","protected":false},"excerpt":{"rendered":"<p>INSPIRE: sete estrat\u00e9gias para p\u00f4r fim \u00e0 viol\u00eancia contra crian\u00e7as \u00c9 um pacote de medidas t\u00e9cnicas, elaboradas a partir da melhor evid\u00eancia cient\u00edfica dispon\u00edvel, dirigidas a todos os que est\u00e3o empenhados em prevenir e&#46;&#46;&#46;<\/p>\n","protected":false},"author":977,"featured_media":0,"parent":0,"menu_order":6,"comment_status":"closed","ping_status":"closed","template":"","meta":{"footnotes":"","_links_to":"","_links_to_target":""},"class_list":["post-174","page","type-page","status-publish","hentry"],"_links":{"self":[{"href":"https:\/\/sites.usp.br\/lieves\/wp-json\/wp\/v2\/pages\/174","targetHints":{"allow":["GET"]}}],"collection":[{"href":"https:\/\/sites.usp.br\/lieves\/wp-json\/wp\/v2\/pages"}],"about":[{"href":"https:\/\/sites.usp.br\/lieves\/wp-json\/wp\/v2\/types\/page"}],"author":[{"embeddable":true,"href":"https:\/\/sites.usp.br\/lieves\/wp-json\/wp\/v2\/users\/977"}],"replies":[{"embeddable":true,"href":"https:\/\/sites.usp.br\/lieves\/wp-json\/wp\/v2\/comments?post=174"}],"version-history":[{"count":4,"href":"https:\/\/sites.usp.br\/lieves\/wp-json\/wp\/v2\/pages\/174\/revisions"}],"predecessor-version":[{"id":500,"href":"https:\/\/sites.usp.br\/lieves\/wp-json\/wp\/v2\/pages\/174\/revisions\/500"}],"wp:attachment":[{"href":"https:\/\/sites.usp.br\/lieves\/wp-json\/wp\/v2\/media?parent=174"}],"curies":[{"name":"wp","href":"https:\/\/api.w.org\/{rel}","templated":true}]}}