{"id":40,"date":"2014-03-14T14:00:33","date_gmt":"2014-03-14T14:00:33","guid":{"rendered":"http:\/\/sites.usp.brcaeco\/?page_id=40"},"modified":"2014-05-13T10:58:50","modified_gmt":"2014-05-13T13:58:50","slug":"bolsas","status":"publish","type":"page","link":"https:\/\/sites.usp.br\/linorg\/bolsas\/","title":{"rendered":"Bolsas"},"content":{"rendered":"<p><strong>Data: 25.3.2014<\/strong><\/p>\n<p><strong>Estrutura de poder e governan\u00e7a USP<\/strong><\/p>\n<p>&nbsp;<\/p>\n<p>O Conselho Universit\u00e1rio, em sess\u00e3o de 25.3.2014, aprovou as propostas apresentadas pela Comiss\u00e3o Especial designada pelo Magn\u00edfico Reitor, com as seguintes altera\u00e7\u00f5es e acr\u00e9scimos:<\/p>\n<p>&nbsp;<\/p>\n<p><strong>I &#8211; Tem\u00e1rio b\u00e1sico e inicial para a discuss\u00e3o<\/strong><\/p>\n<p>1)\u00a0\u00a0\u00a0\u00a0Miss\u00e3o, responsabilidade social e princ\u00edpios da Universidade.<\/p>\n<p>2)\u00a0\u00a0\u00a0\u00a0Gest\u00e3o, transpar\u00eancia e responsabilidade fiscal.<\/p>\n<p>3)\u00a0\u00a0\u00a0\u00a0Elei\u00e7\u00e3o de dirigentes.<\/p>\n<p>4)\u00a0\u00a0\u00a0\u00a0 Natureza, atribui\u00e7\u00f5es e composi\u00e7\u00e3o dos colegiados.<\/p>\n<p>5)\u00a0\u00a0\u00a0\u00a0 Carreiras e Regimes de Trabalho.<\/p>\n<p>6)\u00a0\u00a0\u00a0\u00a0 Autonomia e organiza\u00e7\u00e3o das unidades ou \u00f3rg\u00e3os.<\/p>\n<p>7)\u00a0\u00a0\u00a0\u00a0 Formas de delibera\u00e7\u00e3o.<\/p>\n<p>8)\u00a0\u00a0\u00a0\u00a0 \u00c9tica na Universidade.<\/p>\n<p>9)\u00a0\u00a0\u00a0\u00a0 Ensino, Pesquisa e Cultura e Extens\u00e3o Universit\u00e1ria.<\/p>\n<p>&nbsp;<\/p>\n<p><strong>II &#8211; \u00a0Amplia\u00e7\u00e3o da discuss\u00e3o<\/strong><\/p>\n<p>a)\u00a0\u00a0\u00a0\u00a0 Apresenta\u00e7\u00e3o de modelos de governan\u00e7a de institui\u00e7\u00f5es p\u00fablicas de ensino superior do Brasil e do exterior.<\/p>\n<p>b)\u00a0\u00a0\u00a0\u00a0 Promover processo de discuss\u00e3o amplos nas Unidades, Org\u00e3os e\/ou <i>Campi<\/i>, que poder\u00e3o ser:<\/p>\n<p>1)\u00a0\u00a0\u00a0\u00a0 F\u00f3runs com participa\u00e7\u00e3o dos tr\u00eas segmentos;<\/p>\n<p>2)\u00a0\u00a0\u00a0\u00a0 Reuni\u00f5es abertas nas Unidades e Departamentos;<\/p>\n<p>3)\u00a0\u00a0\u00a0\u00a0 Reuni\u00f5es dos colegiados (Congrega\u00e7\u00f5es ou Conselhos);<\/p>\n<p>4)\u00a0\u00a0\u00a0\u00a0 Promo\u00e7\u00e3o de Semin\u00e1rios e Debates nos <i>Campi<\/i> ou grupos de Unidades;<\/p>\n<p>5)\u00a0\u00a0\u00a0\u00a0 Divulga\u00e7\u00e3o de documentos e propostas relativas aos temas (p\u00e1gina especifica do site da USP, Jornal da USP e outros meios);<\/p>\n<p>6)\u00a0\u00a0\u00a0\u00a0 Transmiss\u00e3o das sess\u00f5es do Co por IPTV.<\/p>\n<p>7)\u00a0\u00a0\u00a0\u00a0 Ouvir a sociedade.<\/p>\n<p>8)\u00a0\u00a0\u00a0\u00a0 Previs\u00e3o de reuni\u00f5es tem\u00e1ticas do Conselho Universit\u00e1rio abertas e n\u00e3o deliberativas.<\/p>\n<p>&nbsp;<\/p>\n<p><strong>III \u2013 Organiza\u00e7\u00e3o do processo<\/strong><\/p>\n<p>a)\u00a0\u00a0\u00a0\u00a0 Constitui\u00e7\u00e3o e elei\u00e7\u00e3o dos membros de Comiss\u00e3o Assessora Especial do Co (CAECO), com representa\u00e7\u00e3o dos tr\u00eas segmentos da comunidade universit\u00e1ria encarregada de coordenar o processo de discuss\u00e3o com as Unidades, \u00d3rg\u00e3os, Museus e Institutos Especializados, bem como com as Entidades representativas e a sociedade, com posterior encaminhamento das delibera\u00e7\u00f5es.<\/p>\n<p>a.1) A CAECO ser\u00e1 composta por seis docentes (dois de cada \u00e1rea de conhecimento), dois servidores t\u00e9cnicos e administrativos e dois representantes discentes (um de gradua\u00e7\u00e3o e um de p\u00f3s-gradua\u00e7\u00e3o) com a indica\u00e7\u00e3o de um suplente para cada \u00e1rea, para a representa\u00e7\u00e3o discente de gradua\u00e7\u00e3o, para a representa\u00e7\u00e3o discente de p\u00f3s-gradua\u00e7\u00e3o e para os servidores t\u00e9cnicos e administrativos<\/p>\n<p>Foram eleitos os seguintes membros para compor a Comiss\u00e3o Assessora Especial do Co (CAECO): \u00c1REA DE EXATAS: Adalberto Fazzio; Jos\u00e9 Roberto Castilho Piqueira; Suplente &#8211; Tito Jos\u00e9 Bonagamba. \u00c1REA DE BIOL\u00d3GICAS: Carlos Gilberto Carlotti Jr.; Din\u00e1 de Almeida Lopes Monteiro da Cruz; Suplente &#8211; Marcos Vin\u00edcius Folegatti. \u00c1REA DE HUMANAS: Carlos Alberto Ferreira Martins; S\u00e9rgio Fran\u00e7a Adorno de Abreu; Suplente &#8211; Ana Lucia Duarte Lanna. SERVIDORES T\u00c9CNICOS E ADMINISTRATIVOS: Neli Paschoarelli Wada; Dulce Helena de Brito; Suplente &#8211; Alexandre Pariol Filho. DISCENTE DE GRADUA\u00c7\u00c3O: Camilo Henrique Fernandes Martin; Suplente &#8211; Carlos Eduardo Batista de Souto Alves. DISCENTE DE P\u00d3S-GRADUA\u00c7\u00c3O: Tom\u00e1s Costa de Azevedo Marques; Suplente &#8211; Mariana Nunes de M. Souza.<\/p>\n<p>b)\u00a0\u00a0\u00a0\u00a0 A CAECO poder\u00e1 induzir a cria\u00e7\u00e3o de Sub-Comiss\u00f5es nas Unidades e\/ou nos <i>Campi<\/i>, por temas, etc.<\/p>\n<p>&nbsp;<\/p>\n<p><strong>IV \u2013 Calend\u00e1rio das reuni\u00f5es extraordin\u00e1rias do Conselho Universit\u00e1rio<\/strong><\/p>\n<p>4.1. Reuni\u00f5es de discuss\u00e3o<\/p>\n<p>03\/06. Discuss\u00e3o dos temas: 1) Miss\u00e3o, responsabilidade social e princ\u00edpios da Universidade; 9) Ensino, Pesquisa e Cultura e Extens\u00e3o Universit\u00e1ria; 2) Gest\u00e3o, transpar\u00eancia e responsabilidade fiscal.<\/p>\n<p>02\/09. Discuss\u00e3o dos temas: 8) \u00c9tica na Universidade; 3) Elei\u00e7\u00e3o de Dirigentes; 4) Natureza, atribui\u00e7\u00f5es e composi\u00e7\u00e3o das colegiados.<\/p>\n<p>30\/09. Discuss\u00e3o dos temas: 5) Carreiras e Regimes de Trabalho; 6) Autonomia e organiza\u00e7\u00e3o das unidades ou \u00f3rg\u00e3os; 7) Formas de delibera\u00e7\u00e3o das altera\u00e7\u00f5es estatut\u00e1rias.<\/p>\n<p>&nbsp;<\/p>\n<p>4.2. Reuni\u00f5es de delibera\u00e7\u00e3o<\/p>\n<p>11\/11. Defini\u00e7\u00e3o das formas e calend\u00e1rio das delibera\u00e7\u00f5es.<\/p>\n","protected":false},"excerpt":{"rendered":"<p>Data: 25.3.2014 Estrutura de poder e governan\u00e7a USP &nbsp; O Conselho Universit\u00e1rio, em sess\u00e3o de [&hellip;]<\/p>\n","protected":false},"author":23,"featured_media":0,"parent":0,"menu_order":0,"comment_status":"closed","ping_status":"closed","template":"","meta":{"footnotes":"","_links_to":"","_links_to_target":""},"class_list":["post-40","page","type-page","status-publish","hentry"],"_links":{"self":[{"href":"https:\/\/sites.usp.br\/linorg\/wp-json\/wp\/v2\/pages\/40","targetHints":{"allow":["GET"]}}],"collection":[{"href":"https:\/\/sites.usp.br\/linorg\/wp-json\/wp\/v2\/pages"}],"about":[{"href":"https:\/\/sites.usp.br\/linorg\/wp-json\/wp\/v2\/types\/page"}],"author":[{"embeddable":true,"href":"https:\/\/sites.usp.br\/linorg\/wp-json\/wp\/v2\/users\/23"}],"replies":[{"embeddable":true,"href":"https:\/\/sites.usp.br\/linorg\/wp-json\/wp\/v2\/comments?post=40"}],"version-history":[{"count":7,"href":"https:\/\/sites.usp.br\/linorg\/wp-json\/wp\/v2\/pages\/40\/revisions"}],"predecessor-version":[{"id":142,"href":"https:\/\/sites.usp.br\/linorg\/wp-json\/wp\/v2\/pages\/40\/revisions\/142"}],"wp:attachment":[{"href":"https:\/\/sites.usp.br\/linorg\/wp-json\/wp\/v2\/media?parent=40"}],"curies":[{"name":"wp","href":"https:\/\/api.w.org\/{rel}","templated":true}]}}