{"id":79,"date":"2014-02-24T16:51:20","date_gmt":"2014-02-24T18:51:20","guid":{"rendered":"http:\/\/sites.usp.br\/litoxic\/?page_id=79"},"modified":"2025-02-14T15:19:10","modified_gmt":"2025-02-14T17:19:10","slug":"pagina-inicial","status":"publish","type":"page","link":"https:\/\/sites.usp.br\/litoxic\/","title":{"rendered":"P\u00e1gina Inicial"},"content":{"rendered":"<div id=\"pl-79\"  class=\"panel-layout\" ><div id=\"pg-79-0\"  class=\"panel-grid panel-no-style\" ><div id=\"pgc-79-0-0\"  class=\"panel-grid-cell\" ><div id=\"panel-79-0-0-0\" class=\"so-panel widget widget_sow-slider panel-first-child panel-last-child\" data-index=\"0\" ><div\n\t\t\t\n\t\t\tclass=\"so-widget-sow-slider so-widget-sow-slider-default-6d39609536fd-79\"\n\t\t\t\n\t\t>\t\t\t\t<div class=\"sow-slider-base\" style=\"display: none\" tabindex=\"0\">\n\t\t\t\t\t<ul\n\t\t\t\t\tclass=\"sow-slider-images\"\n\t\t\t\t\tdata-settings=\"{&quot;pagination&quot;:true,&quot;speed&quot;:800,&quot;timeout&quot;:8000,&quot;paused&quot;:false,&quot;pause_on_hover&quot;:false,&quot;swipe&quot;:true,&quot;nav_always_show_desktop&quot;:&quot;&quot;,&quot;nav_always_show_mobile&quot;:&quot;&quot;,&quot;breakpoint&quot;:&quot;780px&quot;,&quot;unmute&quot;:false,&quot;anchor&quot;:null}\"\n\t\t\t\t\t\t\t\t\t\tdata-anchor-id=\"\"\n\t\t\t\t>\t\t<li class=\"sow-slider-image\" style=\"visibility: visible;\" >\n\t\t\t\t\t\t<div class=\"sow-slider-image-container\">\n\t\t\t\t<div class=\"sow-slider-image-wrapper\" style=\"max-width: 1280px\">\n\t\t\t\t\t\t\t\t\t\t<div class=\"sow-slider-image-foreground-wrapper\">\n\t\t\t\t\t\t<img loading=\"lazy\" decoding=\"async\" width=\"1280\" height=\"503\" src=\"https:\/\/sites.usp.br\/litoxic\/wp-content\/uploads\/sites\/1535\/2025\/02\/WhatsApp-Image-2025-02-12-at-21.28.34.jpeg\" class=\"sow-slider-foreground-image\" alt=\"\" style=\"\" srcset=\"https:\/\/sites.usp.br\/litoxic\/wp-content\/uploads\/sites\/1535\/2025\/02\/WhatsApp-Image-2025-02-12-at-21.28.34.jpeg 1280w, https:\/\/sites.usp.br\/litoxic\/wp-content\/uploads\/sites\/1535\/2025\/02\/WhatsApp-Image-2025-02-12-at-21.28.34-300x118.jpeg 300w, https:\/\/sites.usp.br\/litoxic\/wp-content\/uploads\/sites\/1535\/2025\/02\/WhatsApp-Image-2025-02-12-at-21.28.34-1024x402.jpeg 1024w, https:\/\/sites.usp.br\/litoxic\/wp-content\/uploads\/sites\/1535\/2025\/02\/WhatsApp-Image-2025-02-12-at-21.28.34-768x302.jpeg 768w, https:\/\/sites.usp.br\/litoxic\/wp-content\/uploads\/sites\/1535\/2025\/02\/WhatsApp-Image-2025-02-12-at-21.28.34-400x157.jpeg 400w\" sizes=\"auto, (max-width: 1280px) 100vw, 1280px\" \/>\t\t\t\t\t<\/div>\n\t\t\t\t\t\t\t\t\t<\/div>\n\t\t\t<\/div>\n\t\t\t\t\t<\/li>\n\t\t<\/ul>\t\t\t\t<ol class=\"sow-slider-pagination\">\n\t\t\t\t\t\t\t\t\t\t\t<li><a href=\"#\" data-goto=\"0\" aria-label=\"Display slide 1\"><\/a><\/li>\n\t\t\t\t\t\t\t\t\t<\/ol>\n\n\t\t\t\t<div class=\"sow-slide-nav sow-slide-nav-next\">\n\t\t\t\t\t<a href=\"#\" data-goto=\"next\" aria-label=\"Next slide\" data-action=\"next\">\n\t\t\t\t\t\t<em class=\"sow-sld-icon-thin-right\"><\/em>\n\t\t\t\t\t<\/a>\n\t\t\t\t<\/div>\n\n\t\t\t\t<div class=\"sow-slide-nav sow-slide-nav-prev\">\n\t\t\t\t\t<a href=\"#\" data-goto=\"previous\" aria-label=\"Previous slide\" data-action=\"prev\">\n\t\t\t\t\t\t<em class=\"sow-sld-icon-thin-left\"><\/em>\n\t\t\t\t\t<\/a>\n\t\t\t\t<\/div>\n\t\t\t\t<\/div><\/div><\/div><\/div><\/div><div id=\"pg-79-1\"  class=\"panel-grid panel-has-style\" ><div class=\"panel-row-style panel-row-style-for-79-1\" ><div id=\"pgc-79-1-0\"  class=\"panel-grid-cell\" ><div id=\"panel-79-1-0-0\" class=\"so-panel widget widget_sow-image panel-first-child\" data-index=\"1\" ><div\n\t\t\t\n\t\t\tclass=\"so-widget-sow-image so-widget-sow-image-default-dbf295114b96-79\"\n\t\t\t\n\t\t>\n<div class=\"sow-image-container\">\n\t\t\t<a href=\"https:\/\/sites.usp.br\/litoxic\/a-cicuta\/\"\n\t\t\t\t\t>\n\t\t\t<img \n\tsrc=\"https:\/\/sites.usp.br\/litoxic\/wp-content\/uploads\/sites\/1535\/2025\/02\/hemlock-2540362_1280-300x200.jpg\" width=\"300\" height=\"200\" srcset=\"https:\/\/sites.usp.br\/litoxic\/wp-content\/uploads\/sites\/1535\/2025\/02\/hemlock-2540362_1280-300x200.jpg 300w, https:\/\/sites.usp.br\/litoxic\/wp-content\/uploads\/sites\/1535\/2025\/02\/hemlock-2540362_1280-1024x682.jpg 1024w, https:\/\/sites.usp.br\/litoxic\/wp-content\/uploads\/sites\/1535\/2025\/02\/hemlock-2540362_1280-768x512.jpg 768w, https:\/\/sites.usp.br\/litoxic\/wp-content\/uploads\/sites\/1535\/2025\/02\/hemlock-2540362_1280-750x500.jpg 750w, https:\/\/sites.usp.br\/litoxic\/wp-content\/uploads\/sites\/1535\/2025\/02\/hemlock-2540362_1280-272x182.jpg 272w, https:\/\/sites.usp.br\/litoxic\/wp-content\/uploads\/sites\/1535\/2025\/02\/hemlock-2540362_1280-400x267.jpg 400w, https:\/\/sites.usp.br\/litoxic\/wp-content\/uploads\/sites\/1535\/2025\/02\/hemlock-2540362_1280.jpg 1280w\" sizes=\"(max-width: 300px) 100vw, 300px\" alt=\"\" \t\tclass=\"so-widget-image\"\/>\n\t\t\t<\/a><\/div>\n\n<\/div><\/div><div id=\"panel-79-1-0-1\" class=\"so-panel widget widget_sow-editor panel-last-child\" data-index=\"2\" ><div\n\t\t\t\n\t\t\tclass=\"so-widget-sow-editor so-widget-sow-editor-base\"\n\t\t\t\n\t\t><h3 class=\"widget-title\">Cicuta<\/h3>\n<div class=\"siteorigin-widget-tinymce textwidget\">\n\t<p style=\"text-align: justify;\">Saiba mais sobre <a href=\"https:\/\/sites.usp.br\/litoxic\/a-cicuta\/\">a Cicuta<\/a>, a planta da nossa Logo.<\/p>\n<\/div>\n<\/div><\/div><\/div><div id=\"pgc-79-1-1\"  class=\"panel-grid-cell\" ><div id=\"panel-79-1-1-0\" class=\"so-panel widget widget_sow-image panel-first-child\" data-index=\"3\" ><div\n\t\t\t\n\t\t\tclass=\"so-widget-sow-image so-widget-sow-image-default-dbf295114b96-79\"\n\t\t\t\n\t\t>\n<div class=\"sow-image-container\">\n\t\t\t<a href=\"https:\/\/sites.usp.br\/litoxic\/quem-somos\/\"\n\t\t\t\t\t>\n\t\t\t<img \n\tsrc=\"https:\/\/sites.usp.br\/litoxic\/wp-content\/uploads\/sites\/1535\/2024\/08\/logo-litoxic-e1739552260916-300x293.jpg\" width=\"300\" height=\"293\" srcset=\"https:\/\/sites.usp.br\/litoxic\/wp-content\/uploads\/sites\/1535\/2024\/08\/logo-litoxic-e1739552260916-300x293.jpg 300w, https:\/\/sites.usp.br\/litoxic\/wp-content\/uploads\/sites\/1535\/2024\/08\/logo-litoxic-e1739552260916-45x45.jpg 45w, https:\/\/sites.usp.br\/litoxic\/wp-content\/uploads\/sites\/1535\/2024\/08\/logo-litoxic-e1739552260916-400x391.jpg 400w, https:\/\/sites.usp.br\/litoxic\/wp-content\/uploads\/sites\/1535\/2024\/08\/logo-litoxic-e1739552260916.jpg 444w\" sizes=\"(max-width: 300px) 100vw, 300px\" title=\"logo litoxic\" alt=\"\" \t\tclass=\"so-widget-image\"\/>\n\t\t\t<\/a><\/div>\n\n<\/div><\/div><div id=\"panel-79-1-1-1\" class=\"so-panel widget widget_sow-editor panel-last-child\" data-index=\"4\" ><div\n\t\t\t\n\t\t\tclass=\"so-widget-sow-editor so-widget-sow-editor-base\"\n\t\t\t\n\t\t><h3 class=\"widget-title\">Quem Somos?<\/h3>\n<div class=\"siteorigin-widget-tinymce textwidget\">\n\t<p>Saiba mais sobre a LiToxic!<\/p>\n<\/div>\n<\/div><\/div><\/div><div id=\"pgc-79-1-2\"  class=\"panel-grid-cell\" ><div id=\"panel-79-1-2-0\" class=\"so-panel widget widget_sow-image panel-first-child\" data-index=\"5\" ><div\n\t\t\t\n\t\t\tclass=\"so-widget-sow-image so-widget-sow-image-default-dbf295114b96-79\"\n\t\t\t\n\t\t>\n<div class=\"sow-image-container\">\n\t\t\t<a href=\"https:\/\/sites.usp.br\/litoxic\/poison-night\/\"\n\t\t\t\t\t>\n\t\t\t<img \n\tsrc=\"https:\/\/sites.usp.br\/litoxic\/wp-content\/uploads\/sites\/1535\/2017\/05\/Imagem-do-WhatsApp-de-2024-10-10-as-23.15.36_2f73d431-1-250x250.jpg\" width=\"250\" height=\"250\" srcset=\"https:\/\/sites.usp.br\/litoxic\/wp-content\/uploads\/sites\/1535\/2017\/05\/Imagem-do-WhatsApp-de-2024-10-10-as-23.15.36_2f73d431-1-250x250.jpg 250w, https:\/\/sites.usp.br\/litoxic\/wp-content\/uploads\/sites\/1535\/2017\/05\/Imagem-do-WhatsApp-de-2024-10-10-as-23.15.36_2f73d431-1-150x150.jpg 150w, https:\/\/sites.usp.br\/litoxic\/wp-content\/uploads\/sites\/1535\/2017\/05\/Imagem-do-WhatsApp-de-2024-10-10-as-23.15.36_2f73d431-1-174x174.jpg 174w, https:\/\/sites.usp.br\/litoxic\/wp-content\/uploads\/sites\/1535\/2017\/05\/Imagem-do-WhatsApp-de-2024-10-10-as-23.15.36_2f73d431-1-45x45.jpg 45w, https:\/\/sites.usp.br\/litoxic\/wp-content\/uploads\/sites\/1535\/2017\/05\/Imagem-do-WhatsApp-de-2024-10-10-as-23.15.36_2f73d431-1-200x200.jpg 200w\" sizes=\"(max-width: 250px) 100vw, 250px\" title=\"Imagem do WhatsApp de 2024-10-10 \u00e0(s) 23.15.36_2f73d431 (1)\" alt=\"Poison Night: Evento Inaugural da Liga Acad\u00eamica de Toxicologia  No dia 10 de outubro de 2024, realizamos a Poison Night, evento inaugural e marco oficial de apresenta\u00e7\u00e3o da nossa Liga Acad\u00eamica de Toxicologia. A ocasi\u00e3o reuniu um p\u00fablico expressivo e diversificado, composto por estudantes e profissionais de \u00e1reas afins, como Farm\u00e1cia, Biologia, Qu\u00edmica e Ci\u00eancias Biom\u00e9dicas, todos interessados na expans\u00e3o do conhecimento sobre a Toxicologia e suas diversas aplica\u00e7\u00f5es.  A programa\u00e7\u00e3o do evento contou com palestras ministradas por renomadas docentes da \u00e1rea, que proporcionaram uma abordagem abrangente sobre os diferentes campos da Toxicologia. A Prof\u00aa. Dr\u00aa. Danielle Palma abriu a noite com a palestra &quot;Um panorama geral sobre a Toxicologia&quot;, abordando os principais conceitos, a evolu\u00e7\u00e3o da \u00e1rea e sua import\u00e2ncia cient\u00edfica e social. Em seguida, a Prof\u00aa. Dr\u00aa. Marilia Cristina Souza apresentou &quot;Campos de trabalho da Toxicologia&quot;, explorando as diversas possibilidades de atua\u00e7\u00e3o profissional, desde a pesquisa acad\u00eamica at\u00e9 setores industriais e regulat\u00f3rios. Por fim, a Prof\u00aa. Dr\u00aa. Eliane Braga encerrou a programa\u00e7\u00e3o com a palestra &quot;Neurotoxinas presentes em pe\u00e7onhas animais&quot;, trazendo uma vis\u00e3o detalhada sobre os mecanismos de a\u00e7\u00e3o dessas subst\u00e2ncias e suas implica\u00e7\u00f5es para a sa\u00fade humana.  A realiza\u00e7\u00e3o da Poison Night consolidou-se como um momento essencial para a difus\u00e3o da Toxicologia dentro e fora da Universidade, promovendo o interc\u00e2mbio de conhecimento e incentivando a participa\u00e7\u00e3o ativa dos estudantes na \u00e1rea. Com grande expectativa, seguimos motivados para a organiza\u00e7\u00e3o de futuros eventos cient\u00edficos, visando fortalecer o debate acad\u00eamico e contribuir para a forma\u00e7\u00e3o de profissionais altamente capacitados no campo toxicol\u00f3gico.\" \t\tclass=\"so-widget-image\"\/>\n\t\t\t<\/a><\/div>\n\n<\/div><\/div><div id=\"panel-79-1-2-1\" class=\"so-panel widget widget_sow-editor panel-last-child\" data-index=\"6\" ><div\n\t\t\t\n\t\t\tclass=\"so-widget-sow-editor so-widget-sow-editor-base\"\n\t\t\t\n\t\t><h3 class=\"widget-title\">Poison Night <\/h3>\n<div class=\"siteorigin-widget-tinymce textwidget\">\n\t<p style=\"text-align: justify;\">Poison Night: Evento inaugural da Liga Acad\u00eamica de Toxicologia<\/p>\n<\/div>\n<\/div><\/div><\/div><\/div><\/div><div id=\"pg-79-2\"  class=\"panel-grid panel-no-style\" ><div id=\"pgc-79-2-0\"  class=\"panel-grid-cell\" ><div id=\"panel-79-2-0-0\" class=\"so-panel widget widget_sow-editor panel-first-child panel-last-child\" data-index=\"7\" ><div class=\"panel-widget-style panel-widget-style-for-79-2-0-0\" ><div\n\t\t\t\n\t\t\tclass=\"so-widget-sow-editor so-widget-sow-editor-base\"\n\t\t\t\n\t\t>\n<div class=\"siteorigin-widget-tinymce textwidget\">\n\t<h2 style=\"text-align: left\"><span style=\"color: #000000\">NOT\u00cdCIAS<\/span><\/h2>\n<\/div>\n<\/div><\/div><\/div><\/div><div id=\"pgc-79-2-1\"  class=\"panel-grid-cell\" ><div id=\"panel-79-2-1-0\" class=\"so-panel widget widget_sow-editor panel-first-child panel-last-child\" data-index=\"8\" ><div class=\"panel-widget-style panel-widget-style-for-79-2-1-0\" ><div\n\t\t\t\n\t\t\tclass=\"so-widget-sow-editor so-widget-sow-editor-base\"\n\t\t\t\n\t\t>\n<div class=\"siteorigin-widget-tinymce textwidget\">\n\t<h2 style=\"text-align: left\"><span style=\"color: #000000\">OUTROS TEXTOS<\/span><\/h2>\n<\/div>\n<\/div><\/div><\/div><\/div><\/div><\/div>","protected":false},"excerpt":{"rendered":"<p>Saiba mais sobre a Cicuta, a planta da nossa Logo. Saiba mais sobre a LiToxic! Poison Night: Evento inaugural da Liga Acad\u00eamica de Toxicologia<\/p>\n","protected":false},"author":1,"featured_media":0,"parent":0,"menu_order":0,"comment_status":"closed","ping_status":"closed","template":"template-fullwidth-no-title.php","meta":{"footnotes":"","_links_to":"","_links_to_target":""},"class_list":["post-79","page","type-page","status-publish","hentry"],"_links":{"self":[{"href":"https:\/\/sites.usp.br\/litoxic\/wp-json\/wp\/v2\/pages\/79","targetHints":{"allow":["GET"]}}],"collection":[{"href":"https:\/\/sites.usp.br\/litoxic\/wp-json\/wp\/v2\/pages"}],"about":[{"href":"https:\/\/sites.usp.br\/litoxic\/wp-json\/wp\/v2\/types\/page"}],"author":[{"embeddable":true,"href":"https:\/\/sites.usp.br\/litoxic\/wp-json\/wp\/v2\/users\/1"}],"replies":[{"embeddable":true,"href":"https:\/\/sites.usp.br\/litoxic\/wp-json\/wp\/v2\/comments?post=79"}],"version-history":[{"count":6,"href":"https:\/\/sites.usp.br\/litoxic\/wp-json\/wp\/v2\/pages\/79\/revisions"}],"predecessor-version":[{"id":432,"href":"https:\/\/sites.usp.br\/litoxic\/wp-json\/wp\/v2\/pages\/79\/revisions\/432"}],"wp:attachment":[{"href":"https:\/\/sites.usp.br\/litoxic\/wp-json\/wp\/v2\/media?parent=79"}],"curies":[{"name":"wp","href":"https:\/\/api.w.org\/{rel}","templated":true}]}}