{"id":538,"date":"2024-11-07T16:18:06","date_gmt":"2024-11-07T18:18:06","guid":{"rendered":"https:\/\/sites.usp.br\/lmscc\/?page_id=538"},"modified":"2025-02-07T15:06:49","modified_gmt":"2025-02-07T17:06:49","slug":"paginainicial","status":"publish","type":"page","link":"https:\/\/sites.usp.br\/lmscc\/paginainicial\/","title":{"rendered":"P\u00e1gina inicial"},"content":{"rendered":"\t\t<div data-elementor-type=\"wp-page\" data-elementor-id=\"538\" class=\"elementor elementor-538\" data-elementor-post-type=\"page\">\n\t\t\t\t\t\t<section class=\"elementor-section elementor-top-section elementor-element elementor-element-ebf943c elementor-section-full_width elementor-section-height-min-height elementor-section-items-top elementor-section-height-default\" data-id=\"ebf943c\" data-element_type=\"section\">\n\t\t\t\t\t\t<div class=\"elementor-container elementor-column-gap-default\">\n\t\t\t\t\t<div class=\"elementor-column elementor-col-100 elementor-top-column elementor-element elementor-element-c0177b6\" data-id=\"c0177b6\" data-element_type=\"column\">\n\t\t\t<div class=\"elementor-widget-wrap elementor-element-populated\">\n\t\t\t\t\t\t<div class=\"elementor-element elementor-element-f232f45 elementor-widget elementor-widget-image\" data-id=\"f232f45\" data-element_type=\"widget\" data-widget_type=\"image.default\">\n\t\t\t\t<div class=\"elementor-widget-container\">\n\t\t\t\t\t\t\t\t\t\t\t\t\t<img fetchpriority=\"high\" decoding=\"async\" width=\"3000\" height=\"738\" src=\"https:\/\/sites.usp.br\/lmscc\/wp-content\/uploads\/sites\/576\/2025\/01\/Capa.png\" class=\"attachment-full size-full wp-image-823\" alt=\"\" srcset=\"https:\/\/sites.usp.br\/lmscc\/wp-content\/uploads\/sites\/576\/2025\/01\/Capa.png 3000w, https:\/\/sites.usp.br\/lmscc\/wp-content\/uploads\/sites\/576\/2025\/01\/Capa-300x74.png 300w, https:\/\/sites.usp.br\/lmscc\/wp-content\/uploads\/sites\/576\/2025\/01\/Capa-1024x252.png 1024w, https:\/\/sites.usp.br\/lmscc\/wp-content\/uploads\/sites\/576\/2025\/01\/Capa-768x189.png 768w, https:\/\/sites.usp.br\/lmscc\/wp-content\/uploads\/sites\/576\/2025\/01\/Capa-1536x378.png 1536w, https:\/\/sites.usp.br\/lmscc\/wp-content\/uploads\/sites\/576\/2025\/01\/Capa-2048x504.png 2048w, https:\/\/sites.usp.br\/lmscc\/wp-content\/uploads\/sites\/576\/2025\/01\/Capa-400x98.png 400w\" sizes=\"(max-width: 3000px) 100vw, 3000px\" \/>\t\t\t\t\t\t\t\t\t\t\t\t\t<\/div>\n\t\t\t\t<\/div>\n\t\t\t\t\t<\/div>\n\t\t<\/div>\n\t\t\t\t\t<\/div>\n\t\t<\/section>\n\t\t\t\t<section class=\"elementor-section elementor-top-section elementor-element elementor-element-19a30b18 elementor-section-content-middle elementor-section-boxed elementor-section-height-default elementor-section-height-default\" data-id=\"19a30b18\" data-element_type=\"section\">\n\t\t\t\t\t\t<div class=\"elementor-container elementor-column-gap-no\">\n\t\t\t\t\t<div class=\"elementor-column elementor-col-50 elementor-top-column elementor-element elementor-element-112633c\" data-id=\"112633c\" data-element_type=\"column\">\n\t\t\t<div class=\"elementor-widget-wrap elementor-element-populated\">\n\t\t\t\t\t\t<div class=\"elementor-element elementor-element-793701d2 elementor-widget-divider--view-line elementor-widget elementor-widget-divider\" data-id=\"793701d2\" data-element_type=\"widget\" data-widget_type=\"divider.default\">\n\t\t\t\t<div class=\"elementor-widget-container\">\n\t\t\t\t\t<div class=\"elementor-divider\">\n\t\t\t<span class=\"elementor-divider-separator\">\n\t\t\t\t\t\t<\/span>\n\t\t<\/div>\n\t\t\t\t<\/div>\n\t\t\t\t<\/div>\n\t\t\t\t<div class=\"elementor-element elementor-element-45a1a58e elementor-widget elementor-widget-heading\" data-id=\"45a1a58e\" data-element_type=\"widget\" data-widget_type=\"heading.default\">\n\t\t\t\t<div class=\"elementor-widget-container\">\n\t\t\t<h4 class=\"elementor-heading-title elementor-size-default\">Sobre n\u00f3s <\/h4>\t\t<\/div>\n\t\t\t\t<\/div>\n\t\t\t\t\t<\/div>\n\t\t<\/div>\n\t\t\t\t<div class=\"elementor-column elementor-col-50 elementor-top-column elementor-element elementor-element-3cdce9ee\" data-id=\"3cdce9ee\" data-element_type=\"column\">\n\t\t\t<div class=\"elementor-widget-wrap elementor-element-populated\">\n\t\t\t\t\t\t<div class=\"elementor-element elementor-element-214ec29a elementor-widget-tablet_extra__width-initial elementor-widget elementor-widget-text-editor\" data-id=\"214ec29a\" data-element_type=\"widget\" data-widget_type=\"text-editor.default\">\n\t\t\t\t<div class=\"elementor-widget-container\">\n\t\t\t\t\t\t\t<p>O <b>Laborat\u00f3rio de Marcadores e Sinaliza\u00e7\u00e3o Celular no C\u00e2ncer (LMSCC) <\/b>foi fundado em 2007 e \u00e9 coordenado pela Profa. Dra. Andreia Machado Leopoldino, Professora Associada na Faculdade de Ci\u00eancias Farmac\u00eauticas de Ribeir\u00e3o Preto.\u00a0<\/p><p>O grupo \u00e9 formado por alunos de gradu\u00e7\u00e3o, p\u00f3s-gradu\u00e7\u00e3o, p\u00f3s-doutorandos, e conta com a colabora\u00e7\u00e3o de pesquisadores nacionais e internacionais.\u00a0<\/p>\t\t\t\t\t\t<\/div>\n\t\t\t\t<\/div>\n\t\t\t\t<div class=\"elementor-element elementor-element-055149e elementor-invisible elementor-widget elementor-widget-image\" data-id=\"055149e\" data-element_type=\"widget\" data-settings=\"{&quot;motion_fx_motion_fx_scrolling&quot;:&quot;yes&quot;,&quot;motion_fx_motion_fx_mouse&quot;:&quot;yes&quot;,&quot;_animation&quot;:&quot;fadeInDown&quot;,&quot;_animation_delay&quot;:100,&quot;motion_fx_devices&quot;:[&quot;desktop&quot;,&quot;tablet_extra&quot;,&quot;tablet&quot;,&quot;mobile_extra&quot;,&quot;mobile&quot;]}\" data-widget_type=\"image.default\">\n\t\t\t\t<div class=\"elementor-widget-container\">\n\t\t\t\t\t\t\t\t\t\t\t\t\t<img decoding=\"async\" width=\"750\" height=\"450\" src=\"https:\/\/sites.usp.br\/lmscc\/wp-content\/uploads\/sites\/576\/2024\/03\/LMSCC_Grupo-FCFRPUSP.jpg\" class=\"attachment-2048x2048 size-2048x2048 wp-image-354\" alt=\"\" srcset=\"https:\/\/sites.usp.br\/lmscc\/wp-content\/uploads\/sites\/576\/2024\/03\/LMSCC_Grupo-FCFRPUSP.jpg 750w, https:\/\/sites.usp.br\/lmscc\/wp-content\/uploads\/sites\/576\/2024\/03\/LMSCC_Grupo-FCFRPUSP-300x180.jpg 300w, https:\/\/sites.usp.br\/lmscc\/wp-content\/uploads\/sites\/576\/2024\/03\/LMSCC_Grupo-FCFRPUSP-400x240.jpg 400w\" sizes=\"(max-width: 750px) 100vw, 750px\" \/>\t\t\t\t\t\t\t\t\t\t\t\t\t<\/div>\n\t\t\t\t<\/div>\n\t\t\t\t\t<\/div>\n\t\t<\/div>\n\t\t\t\t\t<\/div>\n\t\t<\/section>\n\t\t\t\t<section class=\"elementor-section elementor-top-section elementor-element elementor-element-1a861fee elementor-section-content-top elementor-section-height-min-height elementor-section-items-stretch elementor-section-boxed elementor-section-height-default\" data-id=\"1a861fee\" data-element_type=\"section\">\n\t\t\t\t\t\t<div class=\"elementor-container elementor-column-gap-default\">\n\t\t\t\t\t<div class=\"elementor-column elementor-col-100 elementor-top-column elementor-element elementor-element-2bfc7827\" data-id=\"2bfc7827\" data-element_type=\"column\">\n\t\t\t<div class=\"elementor-widget-wrap elementor-element-populated\">\n\t\t\t\t\t\t<div class=\"elementor-element elementor-element-aa339f3 elementor-widget elementor-widget-heading\" data-id=\"aa339f3\" data-element_type=\"widget\" data-widget_type=\"heading.default\">\n\t\t\t\t<div class=\"elementor-widget-container\">\n\t\t\t<h2 class=\"elementor-heading-title elementor-size-default\">Nossa miss\u00e3o<\/h2>\t\t<\/div>\n\t\t\t\t<\/div>\n\t\t\t\t<section class=\"elementor-section elementor-inner-section elementor-element elementor-element-2a4818bf elementor-section-full_width elementor-section-height-min-height elementor-section-content-top elementor-section-height-default\" data-id=\"2a4818bf\" data-element_type=\"section\">\n\t\t\t\t\t\t<div class=\"elementor-container elementor-column-gap-default\">\n\t\t\t\t\t<div class=\"elementor-column elementor-col-50 elementor-inner-column elementor-element elementor-element-3f549b61\" data-id=\"3f549b61\" data-element_type=\"column\">\n\t\t\t<div class=\"elementor-widget-wrap elementor-element-populated\">\n\t\t\t\t\t\t<div class=\"elementor-element elementor-element-500c63a7 elementor-position-left elementor-vertical-align-middle elementor-view-default elementor-mobile-position-top elementor-widget elementor-widget-icon-box\" data-id=\"500c63a7\" data-element_type=\"widget\" data-widget_type=\"icon-box.default\">\n\t\t\t\t<div class=\"elementor-widget-container\">\n\t\t\t\t\t<div class=\"elementor-icon-box-wrapper\">\n\n\t\t\t\t\t\t<div class=\"elementor-icon-box-icon\">\n\t\t\t\t<span  class=\"elementor-icon elementor-animation-grow\">\n\t\t\t\t<i aria-hidden=\"true\" class=\"fas fa-diagnoses\"><\/i>\t\t\t\t<\/span>\n\t\t\t<\/div>\n\t\t\t\n\t\t\t\t\t\t<div class=\"elementor-icon-box-content\">\n\n\t\t\t\t\t\t\t\t\t<h3 class=\"elementor-icon-box-title\">\n\t\t\t\t\t\t<span  >\n\t\t\t\t\t\t\t<h3><\/h3><span style=\"font-size: 28px;\">Diagn\u00f3stico e progn\u00f3stico<\/span>\t\t\t\t\t\t<\/span>\n\t\t\t\t\t<\/h3>\n\t\t\t\t\n\t\t\t\t\t\t\t\t\t<p class=\"elementor-icon-box-description\">\n\t\t\t\t\t\tIdentifica\u00e7\u00e3o de marcadores moleculares para diagn\u00f3stico e progn\u00f3stico de c\u00e2ncer, com foco em carcinoma epiderm\u00f3ide de cabe\u00e7a e pesco\u00e7o e c\u00e2ncer oral.\t\t\t\t\t<\/p>\n\t\t\t\t\n\t\t\t<\/div>\n\t\t\t\n\t\t<\/div>\n\t\t\t\t<\/div>\n\t\t\t\t<\/div>\n\t\t\t\t\t<\/div>\n\t\t<\/div>\n\t\t\t\t<div class=\"elementor-column elementor-col-50 elementor-inner-column elementor-element elementor-element-32e2c732\" data-id=\"32e2c732\" data-element_type=\"column\">\n\t\t\t<div class=\"elementor-widget-wrap elementor-element-populated\">\n\t\t\t\t\t\t<div class=\"elementor-element elementor-element-70edc8ef elementor-position-left elementor-vertical-align-middle elementor-widget-tablet_extra__width-initial elementor-view-default elementor-mobile-position-top elementor-widget elementor-widget-icon-box\" data-id=\"70edc8ef\" data-element_type=\"widget\" data-widget_type=\"icon-box.default\">\n\t\t\t\t<div class=\"elementor-widget-container\">\n\t\t\t\t\t<div class=\"elementor-icon-box-wrapper\">\n\n\t\t\t\t\t\t<div class=\"elementor-icon-box-icon\">\n\t\t\t\t<span  class=\"elementor-icon elementor-animation-grow\">\n\t\t\t\t<i aria-hidden=\"true\" class=\"fas fa-vial\"><\/i>\t\t\t\t<\/span>\n\t\t\t<\/div>\n\t\t\t\n\t\t\t\t\t\t<div class=\"elementor-icon-box-content\">\n\n\t\t\t\t\t\t\t\t\t<h3 class=\"elementor-icon-box-title\">\n\t\t\t\t\t\t<span  >\n\t\t\t\t\t\t\tEstrat\u00e9gias Terap\u00eauticas\t\t\t\t\t\t<\/span>\n\t\t\t\t\t<\/h3>\n\t\t\t\t\n\t\t\t\t\t\t\t\t\t<p class=\"elementor-icon-box-description\">\n\t\t\t\t\t\tDesenvolvimento de novas terapias direcionadas a alvos espec\u00edficos para o tratamento de c\u00e2ncer.\n\n\t\t\t\t\t<\/p>\n\t\t\t\t\n\t\t\t<\/div>\n\t\t\t\n\t\t<\/div>\n\t\t\t\t<\/div>\n\t\t\t\t<\/div>\n\t\t\t\t\t<\/div>\n\t\t<\/div>\n\t\t\t\t\t<\/div>\n\t\t<\/section>\n\t\t\t\t<section class=\"elementor-section elementor-inner-section elementor-element elementor-element-294240ad elementor-section-height-min-height elementor-section-content-top elementor-section-boxed elementor-section-height-default\" data-id=\"294240ad\" data-element_type=\"section\">\n\t\t\t\t\t\t<div class=\"elementor-container elementor-column-gap-default\">\n\t\t\t\t\t<div class=\"elementor-column elementor-col-100 elementor-inner-column elementor-element elementor-element-77b43616\" data-id=\"77b43616\" data-element_type=\"column\">\n\t\t\t<div class=\"elementor-widget-wrap elementor-element-populated\">\n\t\t\t\t\t\t<div class=\"elementor-element elementor-element-6a199852 elementor-position-left elementor-vertical-align-middle elementor-widget-tablet_extra__width-initial elementor-view-default elementor-mobile-position-top elementor-widget elementor-widget-icon-box\" data-id=\"6a199852\" data-element_type=\"widget\" data-widget_type=\"icon-box.default\">\n\t\t\t\t<div class=\"elementor-widget-container\">\n\t\t\t\t\t<div class=\"elementor-icon-box-wrapper\">\n\n\t\t\t\t\t\t<div class=\"elementor-icon-box-icon\">\n\t\t\t\t<span  class=\"elementor-icon elementor-animation-grow\">\n\t\t\t\t<i aria-hidden=\"true\" class=\"fas fa-dna\"><\/i>\t\t\t\t<\/span>\n\t\t\t<\/div>\n\t\t\t\n\t\t\t\t\t\t<div class=\"elementor-icon-box-content\">\n\n\t\t\t\t\t\t\t\t\t<h3 class=\"elementor-icon-box-title\">\n\t\t\t\t\t\t<span  >\n\t\t\t\t\t\t\tEstudo Funcional dos Marcadores\t\t\t\t\t\t<\/span>\n\t\t\t\t\t<\/h3>\n\t\t\t\t\n\t\t\t\t\t\t\t\t\t<p class=\"elementor-icon-box-description\">\n\t\t\t\t\t\tAn\u00e1lise da fun\u00e7\u00e3o dos marcadores moleculares no desenvolvimento e progress\u00e3o do c\u00e2ncer, buscando entender processos como: diferencia\u00e7\u00e3o celular, transi\u00e7\u00e3o epit\u00e9lio-mes\u00eanquima, morte celular e autofagia, resposta a danos no DNA e ao estresse oxidativo.<\/span><span style=\"color: rgb(0, 0, 0); font-family: Lato, sans-serif; font-size: 16px;\"><\/span>\t\t\t\t\t<\/p>\n\t\t\t\t\n\t\t\t<\/div>\n\t\t\t\n\t\t<\/div>\n\t\t\t\t<\/div>\n\t\t\t\t<\/div>\n\t\t\t\t\t<\/div>\n\t\t<\/div>\n\t\t\t\t\t<\/div>\n\t\t<\/section>\n\t\t\t\t\t<\/div>\n\t\t<\/div>\n\t\t\t\t\t<\/div>\n\t\t<\/section>\n\t\t\t\t<\/div>\n\t\t","protected":false},"excerpt":{"rendered":"<p>Sobre n\u00f3s O Laborat\u00f3rio de Marcadores e Sinaliza\u00e7\u00e3o Celular no C\u00e2ncer (LMSCC) foi fundado em 2007 e \u00e9 coordenado pela Profa. Dra. Andreia Machado Leopoldino, Professora Associada na Faculdade de Ci\u00eancias Farmac\u00eauticas de Ribeir\u00e3o Preto.\u00a0 O grupo \u00e9 formado por alunos de gradu\u00e7\u00e3o, p\u00f3s-gradu\u00e7\u00e3o, p\u00f3s-doutorandos, e conta com a colabora\u00e7\u00e3o de pesquisadores nacionais e internacionais.\u00a0 [&hellip;]<\/p>\n","protected":false},"author":24318,"featured_media":0,"parent":0,"menu_order":3,"comment_status":"closed","ping_status":"closed","template":"","meta":{"footnotes":"","_links_to":"","_links_to_target":""},"class_list":["post-538","page","type-page","status-publish","hentry"],"_links":{"self":[{"href":"https:\/\/sites.usp.br\/lmscc\/wp-json\/wp\/v2\/pages\/538","targetHints":{"allow":["GET"]}}],"collection":[{"href":"https:\/\/sites.usp.br\/lmscc\/wp-json\/wp\/v2\/pages"}],"about":[{"href":"https:\/\/sites.usp.br\/lmscc\/wp-json\/wp\/v2\/types\/page"}],"author":[{"embeddable":true,"href":"https:\/\/sites.usp.br\/lmscc\/wp-json\/wp\/v2\/users\/24318"}],"replies":[{"embeddable":true,"href":"https:\/\/sites.usp.br\/lmscc\/wp-json\/wp\/v2\/comments?post=538"}],"version-history":[{"count":4,"href":"https:\/\/sites.usp.br\/lmscc\/wp-json\/wp\/v2\/pages\/538\/revisions"}],"predecessor-version":[{"id":849,"href":"https:\/\/sites.usp.br\/lmscc\/wp-json\/wp\/v2\/pages\/538\/revisions\/849"}],"wp:attachment":[{"href":"https:\/\/sites.usp.br\/lmscc\/wp-json\/wp\/v2\/media?parent=538"}],"curies":[{"name":"wp","href":"https:\/\/api.w.org\/{rel}","templated":true}]}}