{"id":912,"date":"2025-03-29T16:11:21","date_gmt":"2025-03-29T18:11:21","guid":{"rendered":"https:\/\/sites.usp.br\/lmscc\/?page_id=912"},"modified":"2025-03-29T16:31:55","modified_gmt":"2025-03-29T18:31:55","slug":"extensao-e-cultura","status":"publish","type":"page","link":"https:\/\/sites.usp.br\/lmscc\/extensao-e-cultura\/","title":{"rendered":"Extens\u00e3o e Cultura"},"content":{"rendered":"\t\t<div data-elementor-type=\"wp-page\" data-elementor-id=\"912\" class=\"elementor elementor-912\" data-elementor-post-type=\"page\">\n\t\t\t\t\t\t<section class=\"elementor-section elementor-top-section elementor-element elementor-element-352f403 elementor-section-height-min-height elementor-section-boxed elementor-section-height-default elementor-section-items-middle\" data-id=\"352f403\" data-element_type=\"section\" data-settings=\"{&quot;background_background&quot;:&quot;classic&quot;}\">\n\t\t\t\t\t\t<div class=\"elementor-container elementor-column-gap-default\">\n\t\t\t\t\t<div class=\"elementor-column elementor-col-100 elementor-top-column elementor-element elementor-element-55f4f51\" data-id=\"55f4f51\" data-element_type=\"column\">\n\t\t\t<div class=\"elementor-widget-wrap elementor-element-populated\">\n\t\t\t\t\t\t<div class=\"elementor-element elementor-element-dcb7fdf elementor-widget elementor-widget-heading\" data-id=\"dcb7fdf\" data-element_type=\"widget\" data-widget_type=\"heading.default\">\n\t\t\t\t<div class=\"elementor-widget-container\">\n\t\t\t<h2 class=\"elementor-heading-title elementor-size-default\">Eventos de cultura e extens\u00e3o<\/h2>\t\t<\/div>\n\t\t\t\t<\/div>\n\t\t\t\t\t<\/div>\n\t\t<\/div>\n\t\t\t\t\t<\/div>\n\t\t<\/section>\n\t\t\t\t<section class=\"elementor-section elementor-top-section elementor-element elementor-element-95328fd elementor-section-content-middle elementor-section-boxed elementor-section-height-default elementor-section-height-default\" data-id=\"95328fd\" data-element_type=\"section\" data-settings=\"{&quot;background_background&quot;:&quot;classic&quot;}\">\n\t\t\t\t\t\t<div class=\"elementor-container elementor-column-gap-no\">\n\t\t\t\t\t<div class=\"elementor-column elementor-col-33 elementor-top-column elementor-element elementor-element-302b1bd\" data-id=\"302b1bd\" data-element_type=\"column\">\n\t\t\t<div class=\"elementor-widget-wrap elementor-element-populated\">\n\t\t\t\t\t\t<div class=\"elementor-element elementor-element-f2483aa elementor-widget elementor-widget-heading\" data-id=\"f2483aa\" data-element_type=\"widget\" data-widget_type=\"heading.default\">\n\t\t\t\t<div class=\"elementor-widget-container\">\n\t\t\t<h3 class=\"elementor-heading-title elementor-size-default\">Farmamirim <br>2024<\/h3>\t\t<\/div>\n\t\t\t\t<\/div>\n\t\t\t\t<div class=\"elementor-element elementor-element-f6dd886 elementor-widget elementor-widget-text-editor\" data-id=\"f6dd886\" data-element_type=\"widget\" data-widget_type=\"text-editor.default\">\n\t\t\t\t<div class=\"elementor-widget-container\">\n\t\t\t\t\t\t\t<p><span class=\"OYPEnA font-feature-liga-off font-feature-clig-off font-feature-calt-off text-decoration-none text-strikethrough-none\">O<\/span><span class=\"OYPEnA font-feature-liga-off font-feature-clig-off font-feature-calt-off text-decoration-none text-strikethrough-none\"> &#8220;Farma Cientista Mirim<\/span><span class=\"OYPEnA font-feature-liga-off font-feature-clig-off font-feature-calt-off text-decoration-none text-strikethrough-none\">&#8221; \u00e9 um projeto de extens\u00e3o da Faculdade de Ci\u00eancias Farmac\u00eauticas de Ribeir\u00e3o Preto (FCFRP-USP) que visa motivar jovens, especialmente meninas, a se interessarem pela ci\u00eancia e pela profiss\u00e3o farmac\u00eautica.<\/span><\/p>\t\t\t\t\t\t<\/div>\n\t\t\t\t<\/div>\n\t\t\t\t<div class=\"elementor-element elementor-element-d4b7d9a elementor-widget elementor-widget-image\" data-id=\"d4b7d9a\" data-element_type=\"widget\" data-widget_type=\"image.default\">\n\t\t\t\t<div class=\"elementor-widget-container\">\n\t\t\t\t\t\t\t\t\t\t\t\t\t<img fetchpriority=\"high\" decoding=\"async\" width=\"800\" height=\"713\" src=\"https:\/\/sites.usp.br\/lmscc\/wp-content\/uploads\/sites\/576\/2025\/02\/farmamirim-1024x912.jpg\" class=\"elementor-animation-grow attachment-large size-large wp-image-861\" alt=\"\" srcset=\"https:\/\/sites.usp.br\/lmscc\/wp-content\/uploads\/sites\/576\/2025\/02\/farmamirim-1024x912.jpg 1024w, https:\/\/sites.usp.br\/lmscc\/wp-content\/uploads\/sites\/576\/2025\/02\/farmamirim-300x267.jpg 300w, https:\/\/sites.usp.br\/lmscc\/wp-content\/uploads\/sites\/576\/2025\/02\/farmamirim-768x684.jpg 768w, https:\/\/sites.usp.br\/lmscc\/wp-content\/uploads\/sites\/576\/2025\/02\/farmamirim-400x356.jpg 400w, https:\/\/sites.usp.br\/lmscc\/wp-content\/uploads\/sites\/576\/2025\/02\/farmamirim.jpg 1170w\" sizes=\"(max-width: 800px) 100vw, 800px\" \/>\t\t\t\t\t\t\t\t\t\t\t\t\t<\/div>\n\t\t\t\t<\/div>\n\t\t\t\t\t<\/div>\n\t\t<\/div>\n\t\t\t\t<div class=\"elementor-column elementor-col-33 elementor-top-column elementor-element elementor-element-797428b\" data-id=\"797428b\" data-element_type=\"column\">\n\t\t\t<div class=\"elementor-widget-wrap elementor-element-populated\">\n\t\t\t\t\t\t<div class=\"elementor-element elementor-element-5b7a59e elementor-widget-tablet_extra__width-initial elementor-widget elementor-widget-image\" data-id=\"5b7a59e\" data-element_type=\"widget\" data-widget_type=\"image.default\">\n\t\t\t\t<div class=\"elementor-widget-container\">\n\t\t\t\t\t\t\t\t\t\t\t\t\t<img decoding=\"async\" width=\"433\" height=\"600\" src=\"https:\/\/sites.usp.br\/lmscc\/wp-content\/uploads\/sites\/576\/2025\/02\/admin-ajax.jpg\" class=\"elementor-animation-grow attachment-2048x2048 size-2048x2048 wp-image-871\" alt=\"\" srcset=\"https:\/\/sites.usp.br\/lmscc\/wp-content\/uploads\/sites\/576\/2025\/02\/admin-ajax.jpg 433w, https:\/\/sites.usp.br\/lmscc\/wp-content\/uploads\/sites\/576\/2025\/02\/admin-ajax-217x300.jpg 217w, https:\/\/sites.usp.br\/lmscc\/wp-content\/uploads\/sites\/576\/2025\/02\/admin-ajax-400x554.jpg 400w\" sizes=\"(max-width: 433px) 100vw, 433px\" \/>\t\t\t\t\t\t\t\t\t\t\t\t\t<\/div>\n\t\t\t\t<\/div>\n\t\t\t\t\t<\/div>\n\t\t<\/div>\n\t\t\t\t<div class=\"elementor-column elementor-col-33 elementor-top-column elementor-element elementor-element-7c4d029\" data-id=\"7c4d029\" data-element_type=\"column\">\n\t\t\t<div class=\"elementor-widget-wrap elementor-element-populated\">\n\t\t\t\t\t\t<div class=\"elementor-element elementor-element-4e88168 elementor-widget elementor-widget-text-editor\" data-id=\"4e88168\" data-element_type=\"widget\" data-widget_type=\"text-editor.default\">\n\t\t\t\t<div class=\"elementor-widget-container\">\n\t\t\t\t\t\t\t<p><span class=\"OYPEnA font-feature-liga-off font-feature-clig-off font-feature-calt-off text-decoration-none text-strikethrough-none\">O projeto oferece atividades cient\u00edficas l\u00fadicas e interativas, como visitas a laborat\u00f3rios e participa\u00e7\u00e3o em experimentos, proporcionando uma experi\u00eancia pr\u00e1tica e estimulante no campo da ci\u00eancia farmac\u00eautica<\/span><\/p>\t\t\t\t\t\t<\/div>\n\t\t\t\t<\/div>\n\t\t\t\t<div class=\"elementor-element elementor-element-4f0be4f elementor-widget elementor-widget-image\" data-id=\"4f0be4f\" data-element_type=\"widget\" data-widget_type=\"image.default\">\n\t\t\t\t<div class=\"elementor-widget-container\">\n\t\t\t\t\t\t\t\t\t\t\t\t\t<img decoding=\"async\" width=\"1170\" height=\"1162\" src=\"https:\/\/sites.usp.br\/lmscc\/wp-content\/uploads\/sites\/576\/2025\/02\/Farmamirim-2-1.jpg\" class=\"elementor-animation-grow attachment-2048x2048 size-2048x2048 wp-image-863\" alt=\"\" srcset=\"https:\/\/sites.usp.br\/lmscc\/wp-content\/uploads\/sites\/576\/2025\/02\/Farmamirim-2-1.jpg 1170w, https:\/\/sites.usp.br\/lmscc\/wp-content\/uploads\/sites\/576\/2025\/02\/Farmamirim-2-1-300x298.jpg 300w, https:\/\/sites.usp.br\/lmscc\/wp-content\/uploads\/sites\/576\/2025\/02\/Farmamirim-2-1-1024x1017.jpg 1024w, https:\/\/sites.usp.br\/lmscc\/wp-content\/uploads\/sites\/576\/2025\/02\/Farmamirim-2-1-150x150.jpg 150w, https:\/\/sites.usp.br\/lmscc\/wp-content\/uploads\/sites\/576\/2025\/02\/Farmamirim-2-1-768x763.jpg 768w, https:\/\/sites.usp.br\/lmscc\/wp-content\/uploads\/sites\/576\/2025\/02\/Farmamirim-2-1-45x45.jpg 45w, https:\/\/sites.usp.br\/lmscc\/wp-content\/uploads\/sites\/576\/2025\/02\/Farmamirim-2-1-200x200.jpg 200w, https:\/\/sites.usp.br\/lmscc\/wp-content\/uploads\/sites\/576\/2025\/02\/Farmamirim-2-1-400x397.jpg 400w\" sizes=\"(max-width: 1170px) 100vw, 1170px\" \/>\t\t\t\t\t\t\t\t\t\t\t\t\t<\/div>\n\t\t\t\t<\/div>\n\t\t\t\t\t<\/div>\n\t\t<\/div>\n\t\t\t\t\t<\/div>\n\t\t<\/section>\n\t\t\t\t<section class=\"elementor-section elementor-top-section elementor-element elementor-element-38b1b8b elementor-section-content-top elementor-section-height-min-height elementor-section-items-top elementor-section-boxed elementor-section-height-default\" data-id=\"38b1b8b\" data-element_type=\"section\" data-settings=\"{&quot;background_background&quot;:&quot;classic&quot;}\">\n\t\t\t\t\t\t<div class=\"elementor-container elementor-column-gap-narrow\">\n\t\t\t\t\t<div class=\"elementor-column elementor-col-50 elementor-top-column elementor-element elementor-element-37ffde4\" data-id=\"37ffde4\" data-element_type=\"column\">\n\t\t\t<div class=\"elementor-widget-wrap elementor-element-populated\">\n\t\t\t\t\t\t<div class=\"elementor-element elementor-element-94410d3 elementor-widget elementor-widget-heading\" data-id=\"94410d3\" data-element_type=\"widget\" data-widget_type=\"heading.default\">\n\t\t\t\t<div class=\"elementor-widget-container\">\n\t\t\t<h3 class=\"elementor-heading-title elementor-size-default\">Campanha da Secretaria Municipal da Sa\u00fade de ribeir\u00e3o preto\n2024<\/h3>\t\t<\/div>\n\t\t\t\t<\/div>\n\t\t\t\t<div class=\"elementor-element elementor-element-2747390 elementor-widget elementor-widget-text-editor\" data-id=\"2747390\" data-element_type=\"widget\" data-widget_type=\"text-editor.default\">\n\t\t\t\t<div class=\"elementor-widget-container\">\n\t\t\t\t\t\t\t<p><span class=\"OYPEnA font-feature-liga-off font-feature-clig-off font-feature-calt-off text-decoration-none text-strikethrough-none\">O LMSCC, em parceria com a Secretaria Municipal da Sa\u00fade de Ribeir\u00e3o Preto, realiza campanhas de conscientiza\u00e7\u00e3o sobre c\u00e2ncer de boca, promovendo a\u00e7\u00f5es de preven\u00e7\u00e3o, diagn\u00f3stico precoce e orienta\u00e7\u00e3o \u00e0 popula\u00e7\u00e3o sobre cuidados com a sa\u00fade bucal.<\/span><\/p>\t\t\t\t\t\t<\/div>\n\t\t\t\t<\/div>\n\t\t\t\t<div class=\"elementor-element elementor-element-abd6f03 elementor-widget elementor-widget-image\" data-id=\"abd6f03\" data-element_type=\"widget\" data-widget_type=\"image.default\">\n\t\t\t\t<div class=\"elementor-widget-container\">\n\t\t\t\t\t\t\t\t\t\t\t\t\t<img loading=\"lazy\" decoding=\"async\" width=\"800\" height=\"713\" src=\"https:\/\/sites.usp.br\/lmscc\/wp-content\/uploads\/sites\/576\/2025\/02\/campanha-1024x912.jpg\" class=\"elementor-animation-grow attachment-large size-large wp-image-864\" alt=\"\" srcset=\"https:\/\/sites.usp.br\/lmscc\/wp-content\/uploads\/sites\/576\/2025\/02\/campanha-1024x912.jpg 1024w, https:\/\/sites.usp.br\/lmscc\/wp-content\/uploads\/sites\/576\/2025\/02\/campanha-300x267.jpg 300w, https:\/\/sites.usp.br\/lmscc\/wp-content\/uploads\/sites\/576\/2025\/02\/campanha-768x684.jpg 768w, https:\/\/sites.usp.br\/lmscc\/wp-content\/uploads\/sites\/576\/2025\/02\/campanha-400x356.jpg 400w, https:\/\/sites.usp.br\/lmscc\/wp-content\/uploads\/sites\/576\/2025\/02\/campanha.jpg 1170w\" sizes=\"(max-width: 800px) 100vw, 800px\" \/>\t\t\t\t\t\t\t\t\t\t\t\t\t<\/div>\n\t\t\t\t<\/div>\n\t\t\t\t\t<\/div>\n\t\t<\/div>\n\t\t\t\t<div class=\"elementor-column elementor-col-50 elementor-top-column elementor-element elementor-element-69e4a1c\" data-id=\"69e4a1c\" data-element_type=\"column\">\n\t\t\t<div class=\"elementor-widget-wrap elementor-element-populated\">\n\t\t\t\t\t\t<div class=\"elementor-element elementor-element-2ddf29d elementor-widget elementor-widget-image\" data-id=\"2ddf29d\" data-element_type=\"widget\" data-widget_type=\"image.default\">\n\t\t\t\t<div class=\"elementor-widget-container\">\n\t\t\t\t\t\t\t\t\t\t\t\t\t<img loading=\"lazy\" decoding=\"async\" width=\"800\" height=\"779\" src=\"https:\/\/sites.usp.br\/lmscc\/wp-content\/uploads\/sites\/576\/2025\/02\/campanha-2-1024x997.jpg\" class=\"elementor-animation-grow attachment-large size-large wp-image-865\" alt=\"\" srcset=\"https:\/\/sites.usp.br\/lmscc\/wp-content\/uploads\/sites\/576\/2025\/02\/campanha-2-1024x997.jpg 1024w, https:\/\/sites.usp.br\/lmscc\/wp-content\/uploads\/sites\/576\/2025\/02\/campanha-2-300x292.jpg 300w, https:\/\/sites.usp.br\/lmscc\/wp-content\/uploads\/sites\/576\/2025\/02\/campanha-2-768x748.jpg 768w, https:\/\/sites.usp.br\/lmscc\/wp-content\/uploads\/sites\/576\/2025\/02\/campanha-2-45x45.jpg 45w, https:\/\/sites.usp.br\/lmscc\/wp-content\/uploads\/sites\/576\/2025\/02\/campanha-2-400x389.jpg 400w, https:\/\/sites.usp.br\/lmscc\/wp-content\/uploads\/sites\/576\/2025\/02\/campanha-2.jpg 1170w\" sizes=\"(max-width: 800px) 100vw, 800px\" \/>\t\t\t\t\t\t\t\t\t\t\t\t\t<\/div>\n\t\t\t\t<\/div>\n\t\t\t\t\t<\/div>\n\t\t<\/div>\n\t\t\t\t\t<\/div>\n\t\t<\/section>\n\t\t\t\t<section class=\"elementor-section elementor-top-section elementor-element elementor-element-3bc346c elementor-section-content-middle elementor-section-boxed elementor-section-height-default elementor-section-height-default\" data-id=\"3bc346c\" data-element_type=\"section\" data-settings=\"{&quot;background_background&quot;:&quot;classic&quot;}\">\n\t\t\t\t\t\t<div class=\"elementor-container elementor-column-gap-no\">\n\t\t\t\t\t<div class=\"elementor-column elementor-col-50 elementor-top-column elementor-element elementor-element-7d25366\" data-id=\"7d25366\" data-element_type=\"column\">\n\t\t\t<div class=\"elementor-widget-wrap elementor-element-populated\">\n\t\t\t\t\t\t<div class=\"elementor-element elementor-element-22ec52c elementor-widget elementor-widget-heading\" data-id=\"22ec52c\" data-element_type=\"widget\" data-widget_type=\"heading.default\">\n\t\t\t\t<div class=\"elementor-widget-container\">\n\t\t\t<h3 class=\"elementor-heading-title elementor-size-default\">Usp+escolas\n2023<\/h3>\t\t<\/div>\n\t\t\t\t<\/div>\n\t\t\t\t<div class=\"elementor-element elementor-element-fec97f4 elementor-widget-tablet_extra__width-initial elementor-widget elementor-widget-image\" data-id=\"fec97f4\" data-element_type=\"widget\" data-widget_type=\"image.default\">\n\t\t\t\t<div class=\"elementor-widget-container\">\n\t\t\t\t\t\t\t\t\t\t\t\t\t<img loading=\"lazy\" decoding=\"async\" width=\"800\" height=\"710\" src=\"https:\/\/sites.usp.br\/lmscc\/wp-content\/uploads\/sites\/576\/2025\/02\/Usp-escolas-1024x909.jpg\" class=\"elementor-animation-grow attachment-large size-large wp-image-866\" alt=\"\" srcset=\"https:\/\/sites.usp.br\/lmscc\/wp-content\/uploads\/sites\/576\/2025\/02\/Usp-escolas-1024x909.jpg 1024w, https:\/\/sites.usp.br\/lmscc\/wp-content\/uploads\/sites\/576\/2025\/02\/Usp-escolas-300x266.jpg 300w, https:\/\/sites.usp.br\/lmscc\/wp-content\/uploads\/sites\/576\/2025\/02\/Usp-escolas-768x682.jpg 768w, https:\/\/sites.usp.br\/lmscc\/wp-content\/uploads\/sites\/576\/2025\/02\/Usp-escolas-400x355.jpg 400w, https:\/\/sites.usp.br\/lmscc\/wp-content\/uploads\/sites\/576\/2025\/02\/Usp-escolas.jpg 1170w\" sizes=\"(max-width: 800px) 100vw, 800px\" \/>\t\t\t\t\t\t\t\t\t\t\t\t\t<\/div>\n\t\t\t\t<\/div>\n\t\t\t\t<div class=\"elementor-element elementor-element-9dbff08 elementor-widget elementor-widget-text-editor\" data-id=\"9dbff08\" data-element_type=\"widget\" data-widget_type=\"text-editor.default\">\n\t\t\t\t<div class=\"elementor-widget-container\">\n\t\t\t\t\t\t\t<p><span class=\"OYPEnA font-feature-liga-off font-feature-clig-off font-feature-calt-off text-decoration-none text-strikethrough-none\" style=\"color: #dbd4d4; font-kerning: none;\">Por meio de visitas, monitorias e experimentos cient\u00edficos, a USP busca estimular o pensamento cr\u00edtico e a curiosidade cient\u00edfica entre os alunos do ensino m\u00e9dio, al\u00e9m de orient\u00e1-los sobre as possibilidades acad\u00eamicas e profissionais dispon\u00edveis.<\/span><\/p>\t\t\t\t\t\t<\/div>\n\t\t\t\t<\/div>\n\t\t\t\t\t<\/div>\n\t\t<\/div>\n\t\t\t\t<div class=\"elementor-column elementor-col-50 elementor-top-column elementor-element elementor-element-7360102\" data-id=\"7360102\" data-element_type=\"column\">\n\t\t\t<div class=\"elementor-widget-wrap elementor-element-populated\">\n\t\t\t\t\t\t<div class=\"elementor-element elementor-element-a92f7c8 elementor-widget elementor-widget-text-editor\" data-id=\"a92f7c8\" data-element_type=\"widget\" data-widget_type=\"text-editor.default\">\n\t\t\t\t<div class=\"elementor-widget-container\">\n\t\t\t\t\t\t\t<p><span class=\"OYPEnA font-feature-liga-off font-feature-clig-off font-feature-calt-off text-decoration-none text-strikethrough-none\">O projeto &#8220;USP+Escolas&#8221; \u00e9 uma iniciativa da Universidade de S\u00e3o Paulo (USP) que visa aproximar a universidade das escolas p\u00fablicas, promovendo atividades que incentivam o interesse dos estudantes pelo ensino superior e pelas diversas \u00e1reas do conhecimento.<\/span><\/p>\t\t\t\t\t\t<\/div>\n\t\t\t\t<\/div>\n\t\t\t\t<div class=\"elementor-element elementor-element-1223039 elementor-widget-tablet_extra__width-initial elementor-widget elementor-widget-image\" data-id=\"1223039\" data-element_type=\"widget\" data-widget_type=\"image.default\">\n\t\t\t\t<div class=\"elementor-widget-container\">\n\t\t\t\t\t\t\t\t\t\t\t\t\t<img loading=\"lazy\" decoding=\"async\" width=\"1600\" height=\"1200\" src=\"https:\/\/sites.usp.br\/lmscc\/wp-content\/uploads\/sites\/576\/2025\/02\/USP-escolas-2.jpg\" class=\"elementor-animation-grow attachment-2048x2048 size-2048x2048 wp-image-867\" alt=\"\" srcset=\"https:\/\/sites.usp.br\/lmscc\/wp-content\/uploads\/sites\/576\/2025\/02\/USP-escolas-2.jpg 1600w, https:\/\/sites.usp.br\/lmscc\/wp-content\/uploads\/sites\/576\/2025\/02\/USP-escolas-2-300x225.jpg 300w, https:\/\/sites.usp.br\/lmscc\/wp-content\/uploads\/sites\/576\/2025\/02\/USP-escolas-2-1024x768.jpg 1024w, https:\/\/sites.usp.br\/lmscc\/wp-content\/uploads\/sites\/576\/2025\/02\/USP-escolas-2-768x576.jpg 768w, https:\/\/sites.usp.br\/lmscc\/wp-content\/uploads\/sites\/576\/2025\/02\/USP-escolas-2-1536x1152.jpg 1536w, https:\/\/sites.usp.br\/lmscc\/wp-content\/uploads\/sites\/576\/2025\/02\/USP-escolas-2-80x60.jpg 80w, https:\/\/sites.usp.br\/lmscc\/wp-content\/uploads\/sites\/576\/2025\/02\/USP-escolas-2-400x300.jpg 400w\" sizes=\"(max-width: 1600px) 100vw, 1600px\" \/>\t\t\t\t\t\t\t\t\t\t\t\t\t<\/div>\n\t\t\t\t<\/div>\n\t\t\t\t\t<\/div>\n\t\t<\/div>\n\t\t\t\t\t<\/div>\n\t\t<\/section>\n\t\t\t\t<\/div>\n\t\t","protected":false},"excerpt":{"rendered":"<p>Eventos de cultura e extens\u00e3o Farmamirim 2024 O &#8220;Farma Cientista Mirim&#8221; \u00e9 um projeto de extens\u00e3o da Faculdade de Ci\u00eancias Farmac\u00eauticas de Ribeir\u00e3o Preto (FCFRP-USP) que visa motivar jovens, especialmente meninas, a se interessarem pela ci\u00eancia e pela profiss\u00e3o farmac\u00eautica. O projeto oferece atividades cient\u00edficas l\u00fadicas e interativas, como visitas a laborat\u00f3rios e participa\u00e7\u00e3o em [&hellip;]<\/p>\n","protected":false},"author":24318,"featured_media":0,"parent":0,"menu_order":0,"comment_status":"closed","ping_status":"closed","template":"","meta":{"footnotes":"","_links_to":"","_links_to_target":""},"class_list":["post-912","page","type-page","status-publish","hentry"],"_links":{"self":[{"href":"https:\/\/sites.usp.br\/lmscc\/wp-json\/wp\/v2\/pages\/912","targetHints":{"allow":["GET"]}}],"collection":[{"href":"https:\/\/sites.usp.br\/lmscc\/wp-json\/wp\/v2\/pages"}],"about":[{"href":"https:\/\/sites.usp.br\/lmscc\/wp-json\/wp\/v2\/types\/page"}],"author":[{"embeddable":true,"href":"https:\/\/sites.usp.br\/lmscc\/wp-json\/wp\/v2\/users\/24318"}],"replies":[{"embeddable":true,"href":"https:\/\/sites.usp.br\/lmscc\/wp-json\/wp\/v2\/comments?post=912"}],"version-history":[{"count":4,"href":"https:\/\/sites.usp.br\/lmscc\/wp-json\/wp\/v2\/pages\/912\/revisions"}],"predecessor-version":[{"id":929,"href":"https:\/\/sites.usp.br\/lmscc\/wp-json\/wp\/v2\/pages\/912\/revisions\/929"}],"wp:attachment":[{"href":"https:\/\/sites.usp.br\/lmscc\/wp-json\/wp\/v2\/media?parent=912"}],"curies":[{"name":"wp","href":"https:\/\/api.w.org\/{rel}","templated":true}]}}