{"id":1116,"date":"2025-03-23T02:39:46","date_gmt":"2025-03-23T05:39:46","guid":{"rendered":"https:\/\/sites.usp.br\/lmscp\/?page_id=1116"},"modified":"2025-08-28T08:34:26","modified_gmt":"2025-08-28T11:34:26","slug":"wac","status":"publish","type":"page","link":"https:\/\/sites.usp.br\/lmscp\/wac\/","title":{"rendered":"WAC \u2013 Workshop de Adsor\u00e7\u00e3o e Cat\u00e1lise"},"content":{"rendered":"<p><a href=\"https:\/\/sites.usp.br\/lmscp\/wp-content\/uploads\/sites\/1446\/2025\/08\/20250822_163513-scaled.jpg\"><img loading=\"lazy\" decoding=\"async\" data-id=\"1274\"  src=\"https:\/\/sites.usp.br\/lmscp\/wp-content\/uploads\/sites\/1446\/2025\/08\/20250822_163513-300x225.jpg\" alt=\"\" width=\"300\" height=\"225\" class=\"alignnone size-medium wp-image-1274\" srcset=\"https:\/\/sites.usp.br\/lmscp\/wp-content\/uploads\/sites\/1446\/2025\/08\/20250822_163513-300x225.jpg 300w, https:\/\/sites.usp.br\/lmscp\/wp-content\/uploads\/sites\/1446\/2025\/08\/20250822_163513-1024x768.jpg 1024w, https:\/\/sites.usp.br\/lmscp\/wp-content\/uploads\/sites\/1446\/2025\/08\/20250822_163513-768x576.jpg 768w, https:\/\/sites.usp.br\/lmscp\/wp-content\/uploads\/sites\/1446\/2025\/08\/20250822_163513-1536x1152.jpg 1536w, https:\/\/sites.usp.br\/lmscp\/wp-content\/uploads\/sites\/1446\/2025\/08\/20250822_163513-2048x1536.jpg 2048w, https:\/\/sites.usp.br\/lmscp\/wp-content\/uploads\/sites\/1446\/2025\/08\/20250822_163513-80x60.jpg 80w, https:\/\/sites.usp.br\/lmscp\/wp-content\/uploads\/sites\/1446\/2025\/08\/20250822_163513-400x300.jpg 400w\" sizes=\"auto, (max-width: 300px) 100vw, 300px\" \/><\/a><\/p>\n<p><a href=\"https:\/\/sites.usp.br\/lmscp\/wp-content\/uploads\/sites\/1446\/2025\/08\/WAC2025-Anais.pdf\">ANAIS WAC 2025<\/a><\/p>\n","protected":false},"excerpt":{"rendered":"<p>ANAIS WAC 2025<\/p>\n","protected":false},"author":23743,"featured_media":0,"parent":0,"menu_order":0,"comment_status":"closed","ping_status":"closed","template":"","meta":{"footnotes":"","_links_to":"","_links_to_target":""},"class_list":["post-1116","page","type-page","status-publish","hentry"],"_links":{"self":[{"href":"https:\/\/sites.usp.br\/lmscp\/wp-json\/wp\/v2\/pages\/1116","targetHints":{"allow":["GET"]}}],"collection":[{"href":"https:\/\/sites.usp.br\/lmscp\/wp-json\/wp\/v2\/pages"}],"about":[{"href":"https:\/\/sites.usp.br\/lmscp\/wp-json\/wp\/v2\/types\/page"}],"author":[{"embeddable":true,"href":"https:\/\/sites.usp.br\/lmscp\/wp-json\/wp\/v2\/users\/23743"}],"replies":[{"embeddable":true,"href":"https:\/\/sites.usp.br\/lmscp\/wp-json\/wp\/v2\/comments?post=1116"}],"version-history":[{"count":4,"href":"https:\/\/sites.usp.br\/lmscp\/wp-json\/wp\/v2\/pages\/1116\/revisions"}],"predecessor-version":[{"id":1280,"href":"https:\/\/sites.usp.br\/lmscp\/wp-json\/wp\/v2\/pages\/1116\/revisions\/1280"}],"wp:attachment":[{"href":"https:\/\/sites.usp.br\/lmscp\/wp-json\/wp\/v2\/media?parent=1116"}],"curies":[{"name":"wp","href":"https:\/\/api.w.org\/{rel}","templated":true}]}}