{"id":1814,"date":"2021-09-23T15:25:32","date_gmt":"2021-09-23T18:25:32","guid":{"rendered":"https:\/\/sites.usp.br\/lot\/?page_id=1814"},"modified":"2021-09-29T00:36:59","modified_gmt":"2021-09-29T03:36:59","slug":"certificados_dia_com_biotecnologia_2021","status":"publish","type":"page","link":"https:\/\/sites.usp.br\/lot\/certificados_dia_com_biotecnologia_2021\/","title":{"rendered":"Certificados Dia com Biotecnologia 2021"},"content":{"rendered":"<p style=\"text-align: left;\"><span style=\"color: #ff6600;\"><strong>CERTIFICADOS<\/strong><\/span><\/p>\n<p>&nbsp;<\/p>\n<ul>\n<li><a href=\"https:\/\/sites.usp.br\/lot\/certificados_premiacao_2021\/\">Premia\u00e7\u00e3o<\/a><\/li>\n<\/ul>\n<p>&nbsp;<\/p>\n<ul>\n<li><a href=\"https:\/\/sites.usp.br\/lot\/certificados_avaliacaodetrabalhos_2021\/\">Avalia\u00e7\u00e3o de Trabalhos<\/a><\/li>\n<\/ul>\n<p>&nbsp;<\/p>\n<ul>\n<li><a href=\"https:\/\/sites.usp.br\/lot\/certificados_apresentacaodeposter_2021\/\">Apresenta\u00e7\u00e3o de P\u00f4ster<\/a><\/li>\n<\/ul>\n<p>&nbsp;<\/p>\n<ul>\n<li><a href=\"https:\/\/sites.usp.br\/lot\/certificados_apresentacaooral_2021\/\">Apresenta\u00e7\u00e3o Oral<\/a><\/li>\n<\/ul>\n<p>&nbsp;<\/p>\n<ul>\n<li><a href=\"https:\/\/sites.usp.br\/lot\/certificados_participacao_2021\/\">Participa\u00e7\u00e3o<\/a><\/li>\n<\/ul>\n<p>&nbsp;<\/p>\n","protected":false},"excerpt":{"rendered":"<p>CERTIFICADOS &nbsp; Premia\u00e7\u00e3o &nbsp; Avalia\u00e7\u00e3o de Trabalhos &nbsp; Apresenta\u00e7\u00e3o de P\u00f4ster &nbsp; Apresenta\u00e7\u00e3o Oral &nbsp; [&hellip;]<\/p>\n","protected":false},"author":492,"featured_media":0,"parent":0,"menu_order":0,"comment_status":"closed","ping_status":"closed","template":"","meta":{"footnotes":"","_links_to":"","_links_to_target":""},"class_list":["post-1814","page","type-page","status-publish","hentry"],"_links":{"self":[{"href":"https:\/\/sites.usp.br\/lot\/wp-json\/wp\/v2\/pages\/1814","targetHints":{"allow":["GET"]}}],"collection":[{"href":"https:\/\/sites.usp.br\/lot\/wp-json\/wp\/v2\/pages"}],"about":[{"href":"https:\/\/sites.usp.br\/lot\/wp-json\/wp\/v2\/types\/page"}],"author":[{"embeddable":true,"href":"https:\/\/sites.usp.br\/lot\/wp-json\/wp\/v2\/users\/492"}],"replies":[{"embeddable":true,"href":"https:\/\/sites.usp.br\/lot\/wp-json\/wp\/v2\/comments?post=1814"}],"version-history":[{"count":4,"href":"https:\/\/sites.usp.br\/lot\/wp-json\/wp\/v2\/pages\/1814\/revisions"}],"predecessor-version":[{"id":2084,"href":"https:\/\/sites.usp.br\/lot\/wp-json\/wp\/v2\/pages\/1814\/revisions\/2084"}],"wp:attachment":[{"href":"https:\/\/sites.usp.br\/lot\/wp-json\/wp\/v2\/media?parent=1814"}],"curies":[{"name":"wp","href":"https:\/\/api.w.org\/{rel}","templated":true}]}}