{"id":2442,"date":"2023-04-17T15:07:56","date_gmt":"2023-04-17T18:07:56","guid":{"rendered":"https:\/\/sites.usp.br\/lot\/?page_id=2442"},"modified":"2023-04-17T15:07:56","modified_gmt":"2023-04-17T18:07:56","slug":"profa-adriane-milagres","status":"publish","type":"page","link":"https:\/\/sites.usp.br\/lot\/profa-adriane-milagres\/","title":{"rendered":"Profa. Adriane Milagres"},"content":{"rendered":"<p><\/p>\n<p style=\"text-align: justify;\">Professora na Universidade de S\u00e3o Paulo, Escola de Engenharia de Lorena (USP Lorena) na \u00e1rea de Bioquimica, com foco em Enzimologia. Publicou 78 artigos em peri\u00f3dicos especializados e 84 trabalhos em anais de eventos. Orientou 13 disserta\u00e7\u00f5es de mestrado e 8 teses de doutorado. As linhas atuais de pesquisa incluem o estudo da recalcitrancia do baga\u00e7o de cana e o desenvolvimento de processos bioqu\u00edmicos para produ\u00e7\u00e3o de xilanas e biocombust\u00edvel de segunda gera\u00e7\u00e3o. Em seu curr\u00edculo LATTES os termos mais frequentes na contextualiza\u00e7\u00e3o da produ\u00e7\u00e3o cient\u00edfica, tecnologia e art\u00edstico-cultural s\u00e3o: xilanase, celulase, mangan\u00eas-peroxidase, lacase, fungos, purifica\u00e7\u00e3o, basidiomicetos e compostos quelantes de metal.<\/p>\n<p><\/p>","protected":false},"excerpt":{"rendered":"<p>Professora na Universidade de S\u00e3o Paulo, Escola de Engenharia de Lorena (USP Lorena) na \u00e1rea [&hellip;]<\/p>\n","protected":false},"author":492,"featured_media":0,"parent":0,"menu_order":0,"comment_status":"closed","ping_status":"closed","template":"","meta":{"footnotes":"","_links_to":"","_links_to_target":""},"class_list":["post-2442","page","type-page","status-publish","hentry"],"_links":{"self":[{"href":"https:\/\/sites.usp.br\/lot\/wp-json\/wp\/v2\/pages\/2442","targetHints":{"allow":["GET"]}}],"collection":[{"href":"https:\/\/sites.usp.br\/lot\/wp-json\/wp\/v2\/pages"}],"about":[{"href":"https:\/\/sites.usp.br\/lot\/wp-json\/wp\/v2\/types\/page"}],"author":[{"embeddable":true,"href":"https:\/\/sites.usp.br\/lot\/wp-json\/wp\/v2\/users\/492"}],"replies":[{"embeddable":true,"href":"https:\/\/sites.usp.br\/lot\/wp-json\/wp\/v2\/comments?post=2442"}],"version-history":[{"count":1,"href":"https:\/\/sites.usp.br\/lot\/wp-json\/wp\/v2\/pages\/2442\/revisions"}],"predecessor-version":[{"id":2443,"href":"https:\/\/sites.usp.br\/lot\/wp-json\/wp\/v2\/pages\/2442\/revisions\/2443"}],"wp:attachment":[{"href":"https:\/\/sites.usp.br\/lot\/wp-json\/wp\/v2\/media?parent=2442"}],"curies":[{"name":"wp","href":"https:\/\/api.w.org\/{rel}","templated":true}]}}