{"id":2445,"date":"2023-04-17T15:20:42","date_gmt":"2023-04-17T18:20:42","guid":{"rendered":"https:\/\/sites.usp.br\/lot\/?page_id=2445"},"modified":"2023-04-17T15:20:42","modified_gmt":"2023-04-17T18:20:42","slug":"prof-andre-lopes","status":"publish","type":"page","link":"https:\/\/sites.usp.br\/lot\/prof-andre-lopes\/","title":{"rendered":"Prof. Andr\u00e9 Lopes"},"content":{"rendered":"<p><strong>Forma\u00e7\u00e3o:<\/strong><\/p>\n<p>\u2013 Licenciatura &amp; Bacharelado em Ci\u00eancias Biol\u00f3gicas \u2013 UNESP \u2013 2004;<\/p>\n<p>\u2013 MSc. em Tecnologia Bioqu\u00edmica Farmac\u00eautica \u2013 FCF\/USP \u2013 2006;<\/p>\n<p>\u2013 DR em Tecnologia Bioqu\u00edmica Farmac\u00eautica \u2013 FCF\/USP \u2013 2010;<\/p>\n<p>\u2013 P\u00f3s-Doutorado em Biotecnologia Farmac\u00eautica \u2013 FCF\/USP \u2013 2012;<\/p>\n<p>\u2013 P\u00f3s-Doutorado em Nanobiotecnologia \u2013 FCF\/USP \u2013 2014;<\/p>\n<p>\u2013 P\u00f3s-Doutorado em Nanobiotecnologia \u2013 UCLA\/Los Angeles \u2013 EUA \u2013 2016;<\/p>\n<p>\u2013 P\u00f3s-Doutorado em Nanobiotecnologia \u2013 FCFar\/UNESP \u2013 2017;<\/p>\n<p>\u2013 Jovem Pesquisador\/FAPESP \u2013 FCF\/UNICAMP \u2013 2023.<\/p>\n<p><strong>\u00c1reas de Interesse:<\/strong><\/p>\n<ul>\n<li>Biotecnologia farmac\u00eautica \u2013 \u00eanfase na produ\u00e7\u00e3o e obten\u00e7\u00e3o de biomol\u00e9culas de interesse terap\u00eautico (f\u00e1rmacos e biof\u00e1rmacos), sobretudo, com enfoque nas etapas de\u00a0<em>Downstream<\/em>: extra\u00e7\u00e3o\/purifica\u00e7\u00e3o\/acabamento;<\/li>\n<li>Nanobiotecnologia \u2013 \u00eanfase em estudos de libera\u00e7\u00e3o, estabilidade e viabilidade de biof\u00e1rmacos encapsulados ou incorporados em sistemas nanoestruturados (micelas polim\u00e9ricas, polimerossomos, nanopart\u00edculas polim\u00e9ricas e\u00a0<em>scaffolds<\/em>) constitu\u00eddos por copol\u00edmeros anfif\u00edlicos, tensoativos e l\u00edquidos i\u00f4nicos.<\/li>\n<\/ul>\n<p>ResearcherID:\u00a0<a href=\"https:\/\/www.webofscience.com\/wos\/author\/record\/E-9058-2013\">https:\/\/www.webofscience.com\/wos\/author\/record\/E-9058-2013<\/a><\/p>","protected":false},"excerpt":{"rendered":"<p>Forma\u00e7\u00e3o: \u2013 Licenciatura &amp; Bacharelado em Ci\u00eancias Biol\u00f3gicas \u2013 UNESP \u2013 2004; \u2013 MSc. em [&hellip;]<\/p>\n","protected":false},"author":492,"featured_media":0,"parent":0,"menu_order":0,"comment_status":"closed","ping_status":"closed","template":"","meta":{"footnotes":"","_links_to":"","_links_to_target":""},"class_list":["post-2445","page","type-page","status-publish","hentry"],"_links":{"self":[{"href":"https:\/\/sites.usp.br\/lot\/wp-json\/wp\/v2\/pages\/2445","targetHints":{"allow":["GET"]}}],"collection":[{"href":"https:\/\/sites.usp.br\/lot\/wp-json\/wp\/v2\/pages"}],"about":[{"href":"https:\/\/sites.usp.br\/lot\/wp-json\/wp\/v2\/types\/page"}],"author":[{"embeddable":true,"href":"https:\/\/sites.usp.br\/lot\/wp-json\/wp\/v2\/users\/492"}],"replies":[{"embeddable":true,"href":"https:\/\/sites.usp.br\/lot\/wp-json\/wp\/v2\/comments?post=2445"}],"version-history":[{"count":1,"href":"https:\/\/sites.usp.br\/lot\/wp-json\/wp\/v2\/pages\/2445\/revisions"}],"predecessor-version":[{"id":2446,"href":"https:\/\/sites.usp.br\/lot\/wp-json\/wp\/v2\/pages\/2445\/revisions\/2446"}],"wp:attachment":[{"href":"https:\/\/sites.usp.br\/lot\/wp-json\/wp\/v2\/media?parent=2445"}],"curies":[{"name":"wp","href":"https:\/\/api.w.org\/{rel}","templated":true}]}}