{"id":2463,"date":"2023-04-20T11:05:39","date_gmt":"2023-04-20T14:05:39","guid":{"rendered":"https:\/\/sites.usp.br\/lot\/?page_id=2463"},"modified":"2023-04-20T11:05:39","modified_gmt":"2023-04-20T14:05:39","slug":"prof-ismael-mancilha","status":"publish","type":"page","link":"https:\/\/sites.usp.br\/lot\/prof-ismael-mancilha\/","title":{"rendered":"Prof. Ismael Mancilha"},"content":{"rendered":"<p><\/p>\n<p style=\"text-align: justify;\">Concluiu sua gradua\u00e7\u00e3o em engenharia agron\u00f4mica pela Universidade Federal de Vi\u00e7osa, Vi\u00e7osa-MG onde cursou o mestrado em Ci\u00eancia e Tecnologia de Alimentos. Concluiu o doutorado em Ci\u00eancia de Alimentos na Michigan State University \u2013 MSU\/USA em 1983 e em 2002 realizou treinamento em n\u00edvel de p\u00f3s-doutorado junto ao Departamento de Engenharia Qu\u00edmica da Colorado State University \u2013 CSU\/USA. Atualmente \u00e9 docente da Escola de Engenharia de Lorena \u2013 EEL-USP filiado ao Departamento de Biotecnologia e professor titular aposentado da Universidade Federal de Vicosa \u2013 Departamento de Tecnologia de Alimentos. Neste curr\u00edculo consta a rela\u00e7\u00e3o de publica\u00e7\u00f5es de artigos em peri\u00f3dicos especializados e em anais de eventos. Orientou estudantes de inicia\u00e7\u00e3o cient\u00edfica e p\u00f3s-gradua\u00e7\u00e3o, vinculados ao Curso de Ci\u00eancia e Tecnologia de Alimentos da UFV, at\u00e9 2012, e atua junto ao Programa de Biotecnologia Industrial da EEL-USP nas \u00e1reas de microbiologia industrial e de fermenta\u00e7\u00e3o e ci\u00eancia e tecnologia de alimentos, com enfoque, principalmente, para estudos relativos aos microrganismos que apresentam propriedades probi\u00f3ticas, bem como estudos referentes \u00e0 tecnologia das fermenta\u00e7\u00f5es. Recebeu 9 pr\u00eamios e\/ou homenagens, entre 1989 e 2013, coordenou v\u00e1rios projetos de pesquisa apoiados pelo CNPq e FAPESP e atua como consultor Ad Hoc destas ag\u00eancias de fomento. Destaca-se ainda sua intera\u00e7\u00e3o com pesquisadores estrangeiros e em seu curriculo lattes os termos mais frequentes na contextualiza\u00e7\u00e3o da produ\u00e7\u00e3o cientifica e tecnol\u00f3gica, s\u00e3o: xilitol, Candida guilliermondii, hidrolisado hemicelul\u00f3sico baga\u00e7o de cana-de-a\u00e7\u00facar, fermenta\u00e7\u00e3o de xilose, etanol e a partir de 2003 probi\u00f3ticos, Lactobacillus, hidromel, aguardente de mel. Neste contexto, destaca-se que em 2003 introduziu no Departamento de Biotecnologia da EEL- USP uma linha de pesquisa que tem por objetivo isolar, caracterizar e avaliar a utiliza\u00e7\u00e3o de diferentes esp\u00e9cies de microrganismos probi\u00f3ticas, principalmente na sa\u00fade animal, com destaque para 2 pedidos de patentes protocolados junto ao INPI. Em paralelo, desenvolve projetos de pesquisas para a produ\u00e7\u00e3o de bebidas alco\u00f3licas a partir de mel e atua como coordenador do projeto que tem por objetivo avaliar o desempenho de unidades de produ\u00e7\u00e3o de cacha\u00e7a de alambique na regi\u00e3o do Vale do Para\u00edba e Sul de Minas, com vistas a transferir inova\u00e7\u00f5es tecnol\u00f3gicas para este importante setor desta regi\u00e3o.<\/p>\n<p><\/p>","protected":false},"excerpt":{"rendered":"<p>Concluiu sua gradua\u00e7\u00e3o em engenharia agron\u00f4mica pela Universidade Federal de Vi\u00e7osa, Vi\u00e7osa-MG onde cursou o [&hellip;]<\/p>\n","protected":false},"author":492,"featured_media":0,"parent":0,"menu_order":0,"comment_status":"closed","ping_status":"closed","template":"","meta":{"footnotes":"","_links_to":"","_links_to_target":""},"class_list":["post-2463","page","type-page","status-publish","hentry"],"_links":{"self":[{"href":"https:\/\/sites.usp.br\/lot\/wp-json\/wp\/v2\/pages\/2463","targetHints":{"allow":["GET"]}}],"collection":[{"href":"https:\/\/sites.usp.br\/lot\/wp-json\/wp\/v2\/pages"}],"about":[{"href":"https:\/\/sites.usp.br\/lot\/wp-json\/wp\/v2\/types\/page"}],"author":[{"embeddable":true,"href":"https:\/\/sites.usp.br\/lot\/wp-json\/wp\/v2\/users\/492"}],"replies":[{"embeddable":true,"href":"https:\/\/sites.usp.br\/lot\/wp-json\/wp\/v2\/comments?post=2463"}],"version-history":[{"count":1,"href":"https:\/\/sites.usp.br\/lot\/wp-json\/wp\/v2\/pages\/2463\/revisions"}],"predecessor-version":[{"id":2464,"href":"https:\/\/sites.usp.br\/lot\/wp-json\/wp\/v2\/pages\/2463\/revisions\/2464"}],"wp:attachment":[{"href":"https:\/\/sites.usp.br\/lot\/wp-json\/wp\/v2\/media?parent=2463"}],"curies":[{"name":"wp","href":"https:\/\/api.w.org\/{rel}","templated":true}]}}