{"id":470,"date":"2019-08-07T10:40:41","date_gmt":"2019-08-07T13:40:41","guid":{"rendered":"http:\/\/sites.usp.br\/lpfg\/?page_id=470"},"modified":"2019-08-07T20:51:19","modified_gmt":"2019-08-07T23:51:19","slug":"main-publications","status":"publish","type":"page","link":"https:\/\/sites.usp.br\/lpfg\/main-publications\/","title":{"rendered":"Principais Publica\u00e7\u00f5es"},"content":{"rendered":"<p><\/p>\n<h2><a href=\"https:\/\/sites.usp.br\/lpfg\/papers\/\">Artigos Cient\u00edficos<\/a><\/h2>\n<h2><a href=\"https:\/\/sites.usp.br\/lpfg\/en\/dissertations-and-theses\/\">Disserta\u00e7\u00f5es e Teses<\/a><\/h2>\n<p><\/p>","protected":false},"excerpt":{"rendered":"<p>Artigos Cient\u00edficos Disserta\u00e7\u00f5es e Teses<\/p>\n","protected":false},"author":839,"featured_media":0,"parent":0,"menu_order":0,"comment_status":"closed","ping_status":"closed","template":"","meta":{"footnotes":"","_links_to":"","_links_to_target":""},"class_list":["post-470","page","type-page","status-publish","hentry"],"_links":{"self":[{"href":"https:\/\/sites.usp.br\/lpfg\/wp-json\/wp\/v2\/pages\/470","targetHints":{"allow":["GET"]}}],"collection":[{"href":"https:\/\/sites.usp.br\/lpfg\/wp-json\/wp\/v2\/pages"}],"about":[{"href":"https:\/\/sites.usp.br\/lpfg\/wp-json\/wp\/v2\/types\/page"}],"author":[{"embeddable":true,"href":"https:\/\/sites.usp.br\/lpfg\/wp-json\/wp\/v2\/users\/839"}],"replies":[{"embeddable":true,"href":"https:\/\/sites.usp.br\/lpfg\/wp-json\/wp\/v2\/comments?post=470"}],"version-history":[{"count":4,"href":"https:\/\/sites.usp.br\/lpfg\/wp-json\/wp\/v2\/pages\/470\/revisions"}],"predecessor-version":[{"id":566,"href":"https:\/\/sites.usp.br\/lpfg\/wp-json\/wp\/v2\/pages\/470\/revisions\/566"}],"wp:attachment":[{"href":"https:\/\/sites.usp.br\/lpfg\/wp-json\/wp\/v2\/media?parent=470"}],"curies":[{"name":"wp","href":"https:\/\/api.w.org\/{rel}","templated":true}]}}