{"id":352,"date":"2018-02-26T15:32:08","date_gmt":"2018-02-26T18:32:08","guid":{"rendered":"http:\/\/sites.usp.br\/lsi\/?page_id=352"},"modified":"2018-02-26T15:32:08","modified_gmt":"2018-02-26T18:32:08","slug":"centro-de-prototipagem-smt","status":"publish","type":"page","link":"https:\/\/sites.usp.br\/lsi\/centro-de-prototipagem-smt\/","title":{"rendered":"Centro de Prototipagem (SMT)"},"content":{"rendered":"<p>O LSI possui uma estrutura completa de equipamentos da \u00e1rea de microeletr\u00f4nica e semicondutores, seguran\u00e7a de redes e desenvolvimento de hardware para computa\u00e7\u00e3o de alto desempenho.<\/p>\n<p>Esta estrutura conta ainda com equipamentos baseados em eletr\u00f4nica embarcada, dispositivos reconfigur\u00e1veis e unidades de processamento, para o desenvolvimento do Sistema Brasileiro de Televis\u00e3o Digital e tecnologias relacionadas.<\/p>\n<p>Para viabilizar o estudo de novos materiais e processos necess\u00e1rios para a fabrica\u00e7\u00e3o de dispositivos inovadores, como sensores biol\u00f3gicos, qu\u00edmicos e de press\u00e3o, bem como atuadores, a Divis\u00e3o de Microeletr\u00f4nica e Sensores conta com uma infraestrutura b\u00e1sica que consiste em uma\u00a0<b>sala limpa (classe 10.000), sala de processos, sala de sensores, salas de caracteriza\u00e7\u00e3o, inclusive \u00f3ptica.<\/b><\/p>\n<p>Centro de Prototipagem (SMT)<\/p>\n<p>Para atender \u00e0 demanda da tecnologia de montagem em superf\u00edcie (SMT), o LSI disp\u00f5e tamb\u00e9m de uma linha de montagem de \u00faltima gera\u00e7\u00e3o, montada em parceria com a LG Eletronics com incentivos da Lei da Inform\u00e1tica, para resolver problemas que surgem na transi\u00e7\u00e3o para soldagem &#8220;lead-free&#8221; e na montagem de novos tipos de componentes. Atende ainda \u00e0s demandas de prototipagem para valida\u00e7\u00e3o de propostas de novos circuitos.<\/p>\n<p>&nbsp;<\/p>\n<p><a href=\"http:\/\/sites.usp.br\/lsi\/wp-content\/uploads\/sites\/353\/2018\/02\/salalimpa2.jpg\"><img loading=\"lazy\" decoding=\"async\" class=\"aligncenter wp-image-316\" src=\"http:\/\/sites.usp.br\/lsi\/wp-content\/uploads\/sites\/353\/2018\/02\/salalimpa2-300x108.jpg\" alt=\"\" width=\"600\" height=\"216\" srcset=\"https:\/\/sites.usp.br\/lsi\/wp-content\/uploads\/sites\/353\/2018\/02\/salalimpa2-300x108.jpg 300w, https:\/\/sites.usp.br\/lsi\/wp-content\/uploads\/sites\/353\/2018\/02\/salalimpa2-768x277.jpg 768w, https:\/\/sites.usp.br\/lsi\/wp-content\/uploads\/sites\/353\/2018\/02\/salalimpa2-400x144.jpg 400w, https:\/\/sites.usp.br\/lsi\/wp-content\/uploads\/sites\/353\/2018\/02\/salalimpa2.jpg 938w\" sizes=\"auto, (max-width: 600px) 100vw, 600px\" \/><\/a><\/p>\n","protected":false},"excerpt":{"rendered":"<p>O LSI possui uma estrutura completa de equipamentos da \u00e1rea de microeletr\u00f4nica e semicondutores, seguran\u00e7a [&hellip;]<\/p>\n","protected":false},"author":415,"featured_media":0,"parent":0,"menu_order":0,"comment_status":"closed","ping_status":"closed","template":"","meta":{"footnotes":"","_links_to":"","_links_to_target":""},"class_list":["post-352","page","type-page","status-publish","hentry"],"_links":{"self":[{"href":"https:\/\/sites.usp.br\/lsi\/wp-json\/wp\/v2\/pages\/352","targetHints":{"allow":["GET"]}}],"collection":[{"href":"https:\/\/sites.usp.br\/lsi\/wp-json\/wp\/v2\/pages"}],"about":[{"href":"https:\/\/sites.usp.br\/lsi\/wp-json\/wp\/v2\/types\/page"}],"author":[{"embeddable":true,"href":"https:\/\/sites.usp.br\/lsi\/wp-json\/wp\/v2\/users\/415"}],"replies":[{"embeddable":true,"href":"https:\/\/sites.usp.br\/lsi\/wp-json\/wp\/v2\/comments?post=352"}],"version-history":[{"count":1,"href":"https:\/\/sites.usp.br\/lsi\/wp-json\/wp\/v2\/pages\/352\/revisions"}],"predecessor-version":[{"id":353,"href":"https:\/\/sites.usp.br\/lsi\/wp-json\/wp\/v2\/pages\/352\/revisions\/353"}],"wp:attachment":[{"href":"https:\/\/sites.usp.br\/lsi\/wp-json\/wp\/v2\/media?parent=352"}],"curies":[{"name":"wp","href":"https:\/\/api.w.org\/{rel}","templated":true}]}}