{"id":290,"date":"2020-10-20T11:14:03","date_gmt":"2020-10-20T13:14:03","guid":{"rendered":"http:\/\/sites.usp.br\/ltp\/?page_id=290"},"modified":"2020-10-21T15:10:47","modified_gmt":"2020-10-21T17:10:47","slug":"press","status":"publish","type":"page","link":"https:\/\/sites.usp.br\/ltp\/press\/","title":{"rendered":"Press"},"content":{"rendered":"<h3>Press<\/h3>\n\n\n<div class=\"su-posts su-posts-default-loop \">\n\n\t\n\t\t\t\t\t\n\t\t\t\n\t\t\t<div id=\"su-post-380\" class=\"su-post \">\n\n\t\t\t\t\n\t\t\t\t<h2 class=\"su-post-title\"><a href=\"https:\/\/sites.usp.br\/ltp\/press\/respeito-ao-limite-de-cargas-pode-aumentar-em-ate-seis-meses-vida-util-de-rodovia\/\">Respeito ao limite de cargas pode aumentar em at\u00e9 seis meses vida \u00fatil de rodovia<\/a><\/h2>\n\n\t\t\t\t<div class=\"su-post-meta\">\n\t\t\t\t\tPosted: 21\/10\/2019\t\t\t\t<\/div>\n\n\t\t\t\t<div class=\"su-post-excerpt\">\n\t\t\t\t\t<p>Respeito ao limite de cargas pode aumentar em at\u00e9 seis meses vida \u00fatil de rodovia<\/p>\n\t\t\t\t<\/div>\n\n\t\t\t\t\n\t\t\t<\/div>\n\n\t\t\t\t\t\n\t\t\t\n\t\t\t<div id=\"su-post-376\" class=\"su-post \">\n\n\t\t\t\t\n\t\t\t\t<h2 class=\"su-post-title\"><a href=\"https:\/\/sites.usp.br\/ltp\/press\/pesquisas-da-poli-vencem-em-quatro-de-cinco-categorias-do-premio-de-inovacao-da-agencia-nacional-do-petroleo\/\">Pesquisas da Poli vencem em quatro de cinco categorias do pr\u00eamio de inova\u00e7\u00e3o da Ag\u00eancia Nacional do Petr\u00f3leo<\/a><\/h2>\n\n\t\t\t\t<div class=\"su-post-meta\">\n\t\t\t\t\tPosted: 21\/10\/2019\t\t\t\t<\/div>\n\n\t\t\t\t<div class=\"su-post-excerpt\">\n\t\t\t\t\t<p>https:\/\/www.poli.usp.br\/noticias\/16837-pesquisas-da-poli-vencem-em-quatro-de-cinco-categorias-do-premio-de-inovacao-da-agencia-nacional-do-petroleo.html<\/p>\n\t\t\t\t<\/div>\n\n\t\t\t\t\n\t\t\t<\/div>\n\n\t\t\n\t\n<\/div>\n\n","protected":false},"excerpt":{"rendered":"<p>Press<\/p>\n","protected":false},"author":21773,"featured_media":0,"parent":0,"menu_order":0,"comment_status":"closed","ping_status":"closed","template":"","meta":{"footnotes":"","_links_to":"","_links_to_target":""},"class_list":["post-290","page","type-page","status-publish","hentry","entry"],"_links":{"self":[{"href":"https:\/\/sites.usp.br\/ltp\/wp-json\/wp\/v2\/pages\/290","targetHints":{"allow":["GET"]}}],"collection":[{"href":"https:\/\/sites.usp.br\/ltp\/wp-json\/wp\/v2\/pages"}],"about":[{"href":"https:\/\/sites.usp.br\/ltp\/wp-json\/wp\/v2\/types\/page"}],"author":[{"embeddable":true,"href":"https:\/\/sites.usp.br\/ltp\/wp-json\/wp\/v2\/users\/21773"}],"replies":[{"embeddable":true,"href":"https:\/\/sites.usp.br\/ltp\/wp-json\/wp\/v2\/comments?post=290"}],"version-history":[{"count":2,"href":"https:\/\/sites.usp.br\/ltp\/wp-json\/wp\/v2\/pages\/290\/revisions"}],"predecessor-version":[{"id":383,"href":"https:\/\/sites.usp.br\/ltp\/wp-json\/wp\/v2\/pages\/290\/revisions\/383"}],"wp:attachment":[{"href":"https:\/\/sites.usp.br\/ltp\/wp-json\/wp\/v2\/media?parent=290"}],"curies":[{"name":"wp","href":"https:\/\/api.w.org\/{rel}","templated":true}]}}