{"id":245,"date":"2018-01-08T15:17:12","date_gmt":"2018-01-08T17:17:12","guid":{"rendered":"http:\/\/sites.usp.br\/lvnt\/?page_id=245"},"modified":"2025-08-25T18:49:45","modified_gmt":"2025-08-25T20:49:45","slug":"contato","status":"publish","type":"page","link":"https:\/\/sites.usp.br\/lvnt\/contato\/","title":{"rendered":"Contato"},"content":{"rendered":"<h3><strong>Contato<\/strong><\/h3>\n<div class=\"su-row\"><div class=\"su-column su-column-size-2-3\"><div class=\"su-column-inner su-u-clearfix su-u-trim\"><div class=\"su-gmap su-u-responsive-media-yes\"><iframe loading=\"lazy\" width=\"600\" height=\"400\" src=\"\/\/maps.google.com\/maps?q=Av.%20Professor%20Mello%20Moraes%2C%202231&amp;output=embed\" title=\"\"><\/iframe><\/div><\/div><\/div>\n<div class=\"su-column su-column-size-1-3\"><div class=\"su-column-inner su-u-clearfix su-u-trim\">\n<p style=\"text-align: justify;\">Laborat\u00f3rio de Ve\u00edculos N\u00e3o-Tripulados<br \/>\nSala MZ-08<\/p>\n<p>Av. Professor Mello Moraes, 2231<br \/>\nCidade Universit\u00e1ria &#8211; S\u00e3o Paulo &#8211; SP &#8211; Brasil<br \/>\nCEP: 05508-030<\/p>\n<p>Departamento de Engenharia Mecatr\u00f4nica e Sistemas Mec\u00e2nicos &#8211; PMR<\/p>\n<p>Telefone: +55 (11) 3091-6017 \/ +55 (11) 3091-5761<br \/>\nEmail: eabarros@usp.br<\/p>\n<\/div><\/div><\/div>\n","protected":false},"excerpt":{"rendered":"<p>Contato<\/p>\n","protected":false},"author":621,"featured_media":0,"parent":0,"menu_order":0,"comment_status":"closed","ping_status":"closed","template":"","meta":{"footnotes":"","_links_to":"","_links_to_target":""},"class_list":["post-245","page","type-page","status-publish","hentry"],"_links":{"self":[{"href":"https:\/\/sites.usp.br\/lvnt\/wp-json\/wp\/v2\/pages\/245","targetHints":{"allow":["GET"]}}],"collection":[{"href":"https:\/\/sites.usp.br\/lvnt\/wp-json\/wp\/v2\/pages"}],"about":[{"href":"https:\/\/sites.usp.br\/lvnt\/wp-json\/wp\/v2\/types\/page"}],"author":[{"embeddable":true,"href":"https:\/\/sites.usp.br\/lvnt\/wp-json\/wp\/v2\/users\/621"}],"replies":[{"embeddable":true,"href":"https:\/\/sites.usp.br\/lvnt\/wp-json\/wp\/v2\/comments?post=245"}],"version-history":[{"count":5,"href":"https:\/\/sites.usp.br\/lvnt\/wp-json\/wp\/v2\/pages\/245\/revisions"}],"predecessor-version":[{"id":681,"href":"https:\/\/sites.usp.br\/lvnt\/wp-json\/wp\/v2\/pages\/245\/revisions\/681"}],"wp:attachment":[{"href":"https:\/\/sites.usp.br\/lvnt\/wp-json\/wp\/v2\/media?parent=245"}],"curies":[{"name":"wp","href":"https:\/\/api.w.org\/{rel}","templated":true}]}}