{"id":79,"date":"2014-02-24T16:51:20","date_gmt":"2014-02-24T18:51:20","guid":{"rendered":"http:\/\/sites.usp.br\/manualgip\/?page_id=79"},"modified":"2022-07-15T08:12:22","modified_gmt":"2022-07-15T11:12:22","slug":"pagina-inicial","status":"publish","type":"page","link":"https:\/\/sites.usp.br\/manualgip\/","title":{"rendered":"Manual do GIP"},"content":{"rendered":"<h1><img decoding=\"async\" src=\"https:\/\/uspdigital.usp.br\/gpusp\/images\/logostart.gif\" \/><\/h1>\n<p>Em constru\u00e7\u00e3o. Para mais informa\u00e7\u00f5es acesse o <a href=\"https:\/\/uspdigital.usp.br\/gpusp\" target=\"_blank\" rel=\"noopener\">Sistema GIP (https:\/\/uspdigital.usp.br\/gpusp)<\/a>, menu &#8220;Ajuda&#8221;\u00a0 &gt; &#8220;Manuais&#8221;.<\/p>\n<p>&nbsp;<\/p>\n","protected":false},"excerpt":{"rendered":"<p>Em constru\u00e7\u00e3o. Para mais informa\u00e7\u00f5es acesse o Sistema GIP (https:\/\/uspdigital.usp.br\/gpusp), menu &#8220;Ajuda&#8221;\u00a0 &gt; &#8220;Manuais&#8221;. &nbsp;<\/p>\n","protected":false},"author":1,"featured_media":0,"parent":0,"menu_order":0,"comment_status":"closed","ping_status":"closed","template":"","meta":{"footnotes":"","_links_to":"","_links_to_target":""},"class_list":["post-79","page","type-page","status-publish","hentry"],"_links":{"self":[{"href":"https:\/\/sites.usp.br\/manualgip\/wp-json\/wp\/v2\/pages\/79","targetHints":{"allow":["GET"]}}],"collection":[{"href":"https:\/\/sites.usp.br\/manualgip\/wp-json\/wp\/v2\/pages"}],"about":[{"href":"https:\/\/sites.usp.br\/manualgip\/wp-json\/wp\/v2\/types\/page"}],"author":[{"embeddable":true,"href":"https:\/\/sites.usp.br\/manualgip\/wp-json\/wp\/v2\/users\/1"}],"replies":[{"embeddable":true,"href":"https:\/\/sites.usp.br\/manualgip\/wp-json\/wp\/v2\/comments?post=79"}],"version-history":[{"count":4,"href":"https:\/\/sites.usp.br\/manualgip\/wp-json\/wp\/v2\/pages\/79\/revisions"}],"predecessor-version":[{"id":660,"href":"https:\/\/sites.usp.br\/manualgip\/wp-json\/wp\/v2\/pages\/79\/revisions\/660"}],"wp:attachment":[{"href":"https:\/\/sites.usp.br\/manualgip\/wp-json\/wp\/v2\/media?parent=79"}],"curies":[{"name":"wp","href":"https:\/\/api.w.org\/{rel}","templated":true}]}}