{"id":2584,"date":"2024-05-13T13:23:19","date_gmt":"2024-05-13T15:23:19","guid":{"rendered":"https:\/\/sites.usp.br\/mestrado-profissional-terapiaocupacional\/?page_id=2584"},"modified":"2025-05-07T12:22:56","modified_gmt":"2025-05-07T14:22:56","slug":"roteiros-para-encaminhamentos","status":"publish","type":"page","link":"https:\/\/sites.usp.br\/mestrado-profissional-terapiaocupacional\/es\/roteiros-para-encaminhamentos\/","title":{"rendered":"GU\u00cdAS PARA PROCEDIMIENTOS:"},"content":{"rendered":"<strong><span style=\"color: #003366;\">Gu\u00edas para Procedimientos:<\/span><\/strong><\/p>\n<ul>\n<li><strong><span style=\"color: #003366;\">Licencia de maternidad y paternidad: <a href=\"https:\/\/sites.usp.br\/mestrado-profissional-terapiaocupacional\/wp-content\/uploads\/sites\/540\/2024\/10\/Trancamento-de-matricula_maternidade_paternidade.1.pdf\">Haga clic aqu\u00ed<\/a><\/span><\/strong><\/li>\n<li><strong><span style=\"color: #003366;\">Licencia por motivos de salud, familiares o laborales:\u00a0<a href=\"https:\/\/sites.usp.br\/mestrado-profissional-terapiaocupacional\/wp-content\/uploads\/sites\/540\/2024\/10\/Trancamento-de-matricula-saude-trabalho-familia-4.pdf\">Haga clic aqu\u00ed<\/a><\/span><\/strong><\/li>\n<li><strong><span style=\"color: #003366;\">Flujo de env\u00edo de proyectos al CEP:\u00a0<a href=\"https:\/\/sites.usp.br\/mestrado-profissional-terapiaocupacional\/wp-content\/uploads\/sites\/540\/2024\/03\/FLUXO-DE-SUBMISSAO-DE-PROJETOS-DO-MPTO-A-CEP_25_03_2024.pdf\">Haga clic aqu\u00ed<\/a><\/span><\/strong><\/li>\n<li><strong><span style=\"color: #003366;\">Orientaciones para la inscripci\u00f3n en el examen de calificaci\u00f3n:\u00a0<a href=\"https:\/\/sites.usp.br\/mestrado-profissional-terapiaocupacional\/wp-content\/uploads\/sites\/540\/2024\/06\/Orientacoes-para-a-inscricao-no-Exame-de-Qualificacao.pdf\">Haga clic aqu\u00ed<\/a><\/span><\/strong><\/li>\n<\/ul>","protected":false},"excerpt":{"rendered":"<p>Gu\u00edas para Procedimientos: Licencia de maternidad y paternidad: Haga clic aqu\u00ed Licencia por motivos de salud, familiares o laborales:\u00a0Haga clic aqu\u00ed Flujo de env\u00edo de proyectos al CEP:\u00a0Haga clic aqu\u00ed Orientaciones para la inscripci\u00f3n en el examen de calificaci\u00f3n:\u00a0Haga clic aqu\u00ed<\/p>\n","protected":false},"author":1034,"featured_media":0,"parent":0,"menu_order":0,"comment_status":"closed","ping_status":"closed","template":"","meta":{"_acf_changed":false,"footnotes":"","_links_to":"","_links_to_target":""},"categories":[],"tags":[],"class_list":["post-2584","page","type-page","status-publish","hentry"],"acf":[],"_links":{"self":[{"href":"https:\/\/sites.usp.br\/mestrado-profissional-terapiaocupacional\/es\/wp-json\/wp\/v2\/pages\/2584","targetHints":{"allow":["GET"]}}],"collection":[{"href":"https:\/\/sites.usp.br\/mestrado-profissional-terapiaocupacional\/es\/wp-json\/wp\/v2\/pages"}],"about":[{"href":"https:\/\/sites.usp.br\/mestrado-profissional-terapiaocupacional\/es\/wp-json\/wp\/v2\/types\/page"}],"author":[{"embeddable":true,"href":"https:\/\/sites.usp.br\/mestrado-profissional-terapiaocupacional\/es\/wp-json\/wp\/v2\/users\/1034"}],"replies":[{"embeddable":true,"href":"https:\/\/sites.usp.br\/mestrado-profissional-terapiaocupacional\/es\/wp-json\/wp\/v2\/comments?post=2584"}],"version-history":[{"count":4,"href":"https:\/\/sites.usp.br\/mestrado-profissional-terapiaocupacional\/es\/wp-json\/wp\/v2\/pages\/2584\/revisions"}],"predecessor-version":[{"id":3432,"href":"https:\/\/sites.usp.br\/mestrado-profissional-terapiaocupacional\/es\/wp-json\/wp\/v2\/pages\/2584\/revisions\/3432"}],"wp:attachment":[{"href":"https:\/\/sites.usp.br\/mestrado-profissional-terapiaocupacional\/es\/wp-json\/wp\/v2\/media?parent=2584"}],"wp:term":[{"taxonomy":"category","embeddable":true,"href":"https:\/\/sites.usp.br\/mestrado-profissional-terapiaocupacional\/es\/wp-json\/wp\/v2\/categories?post=2584"},{"taxonomy":"post_tag","embeddable":true,"href":"https:\/\/sites.usp.br\/mestrado-profissional-terapiaocupacional\/es\/wp-json\/wp\/v2\/tags?post=2584"}],"curies":[{"name":"wp","href":"https:\/\/api.w.org\/{rel}","templated":true}]}}

GUÍAS PARA PROCEDIMIENTOS:

<strong><span style="color: #003366;">Guías para Procedimientos:</span></strong></p>
<ul>
<li><strong><span style="color: #003366;">Licencia de maternidad y paternidad: <a href="https://sites.usp.br/mestrado-profissional-terapiaocupacional/wp-content/uploads/sites/540/2024/10/Trancamento-de-matricula_maternidade_paternidade.1.pdf">Haga clic aquí</a></span></strong></li>
<li><strong><span style="color: #003366;">Licencia por motivos de salud, familiares o laborales: <a href="https://sites.usp.br/mestrado-profissional-terapiaocupacional/wp-content/uploads/sites/540/2024/10/Trancamento-de-matricula-saude-trabalho-familia-4.pdf">Haga clic aquí</a></span></strong></li>
<li><strong><span style="color: #003366;">Flujo de envío de proyectos al CEP: <a href="https://sites.usp.br/mestrado-profissional-terapiaocupacional/wp-content/uploads/sites/540/2024/03/FLUXO-DE-SUBMISSAO-DE-PROJETOS-DO-MPTO-A-CEP_25_03_2024.pdf">Haga clic aquí</a></span></strong></li>
<li><strong><span style="color: #003366;">Orientaciones para la inscripción en el examen de calificación: <a href="https://sites.usp.br/mestrado-profissional-terapiaocupacional/wp-content/uploads/sites/540/2024/06/Orientacoes-para-a-inscricao-no-Exame-de-Qualificacao.pdf">Haga clic aquí</a></span></strong></li>
</ul>

<p>Guías para Procedimientos: Licencia de maternidad y paternidad: Haga clic aquí Licencia por motivos de salud, familiares o laborales: Haga clic aquí Flujo de envío de proyectos al CEP: Haga clic aquí Orientaciones para la inscripción en el examen de calificación: Haga clic aquí</p>
