{"id":2557,"date":"2024-04-17T15:47:15","date_gmt":"2024-04-17T17:47:15","guid":{"rendered":"https:\/\/sites.usp.br\/mestrado-profissional-terapiaocupacional\/?page_id=2557"},"modified":"2024-04-26T13:53:13","modified_gmt":"2024-04-26T15:53:13","slug":"labtopp","status":"publish","type":"page","link":"https:\/\/sites.usp.br\/mestrado-profissional-terapiaocupacional\/labtopp\/","title":{"rendered":"LabTOPP"},"content":{"rendered":"<strong><span style=\"color: #003366;\">Laborat\u00f3rio de estudos e a\u00e7\u00f5es em Terapia Ocupacional, Participa\u00e7\u00e3o e Pertencimento (LabTOPP)<\/span><\/strong><\/p>\n<p><strong><span style=\"color: #003366;\">Integrantes<\/span><\/strong><br \/>\n<span style=\"color: #003366;\">Profa. Dra. Talita Naiara Rossi da Silva<\/span><br \/>\n<span style=\"color: #003366;\">Ms. Melissa Tieko Muramoto<\/span><br \/>\n<span style=\"color: #003366;\">Estudantes de gradua\u00e7\u00e3o em Terapia Ocupacional da FMUSP<\/span><br \/>\n<span style=\"color: #003366;\">Estudantes de P\u00f3s-Gradua\u00e7\u00e3o<\/span><\/p>\n<p><strong><span style=\"color: #003366;\">Temas de estudo<\/span><\/strong><br \/>\n<span style=\"color: #003366;\">Educa\u00e7\u00e3o, Participa\u00e7\u00e3o e Pertencimento; Sa\u00fade e Trabalho; Ergonomia da atividade; Inclus\u00e3o de Pessoas com Defici\u00eancia no Trabalho; Defici\u00eancia; Acessibilidade; Inclus\u00e3o de Pessoas com defici\u00eancia na Avia\u00e7\u00e3o Civil; Educa\u00e7\u00e3o em Sa\u00fade; Educa\u00e7\u00e3o em Terapia Ocupacional<\/span><\/p>\n<p><strong><span style=\"color: #003366;\">Contato:<\/span><\/strong><br \/>\n<span style=\"color: #003366;\"><a style=\"color: #003366;\" href=\"talitarossi@usp.br\" target=\"_blank\" rel=\"noopener\">talitarossi@usp.br<\/a><\/span>","protected":false},"excerpt":{"rendered":"<p>Laborat\u00f3rio de estudos e a\u00e7\u00f5es em Terapia Ocupacional, Participa\u00e7\u00e3o e Pertencimento (LabTOPP) Integrantes Profa. Dra. Talita Naiara Rossi da Silva Ms. Melissa Tieko Muramoto Estudantes de gradua\u00e7\u00e3o em Terapia Ocupacional da FMUSP Estudantes de P\u00f3s-Gradua\u00e7\u00e3o Temas de estudo Educa\u00e7\u00e3o, Participa\u00e7\u00e3o e Pertencimento; Sa\u00fade e Trabalho; Ergonomia da atividade; Inclus\u00e3o de Pessoas com Defici\u00eancia no Trabalho; [&hellip;]<\/p>\n","protected":false},"author":1034,"featured_media":0,"parent":0,"menu_order":0,"comment_status":"closed","ping_status":"closed","template":"","meta":{"_acf_changed":false,"footnotes":"","_links_to":"","_links_to_target":""},"categories":[],"tags":[],"class_list":["post-2557","page","type-page","status-publish","hentry"],"acf":[],"_links":{"self":[{"href":"https:\/\/sites.usp.br\/mestrado-profissional-terapiaocupacional\/wp-json\/wp\/v2\/pages\/2557","targetHints":{"allow":["GET"]}}],"collection":[{"href":"https:\/\/sites.usp.br\/mestrado-profissional-terapiaocupacional\/wp-json\/wp\/v2\/pages"}],"about":[{"href":"https:\/\/sites.usp.br\/mestrado-profissional-terapiaocupacional\/wp-json\/wp\/v2\/types\/page"}],"author":[{"embeddable":true,"href":"https:\/\/sites.usp.br\/mestrado-profissional-terapiaocupacional\/wp-json\/wp\/v2\/users\/1034"}],"replies":[{"embeddable":true,"href":"https:\/\/sites.usp.br\/mestrado-profissional-terapiaocupacional\/wp-json\/wp\/v2\/comments?post=2557"}],"version-history":[{"count":3,"href":"https:\/\/sites.usp.br\/mestrado-profissional-terapiaocupacional\/wp-json\/wp\/v2\/pages\/2557\/revisions"}],"predecessor-version":[{"id":2568,"href":"https:\/\/sites.usp.br\/mestrado-profissional-terapiaocupacional\/wp-json\/wp\/v2\/pages\/2557\/revisions\/2568"}],"wp:attachment":[{"href":"https:\/\/sites.usp.br\/mestrado-profissional-terapiaocupacional\/wp-json\/wp\/v2\/media?parent=2557"}],"wp:term":[{"taxonomy":"category","embeddable":true,"href":"https:\/\/sites.usp.br\/mestrado-profissional-terapiaocupacional\/wp-json\/wp\/v2\/categories?post=2557"},{"taxonomy":"post_tag","embeddable":true,"href":"https:\/\/sites.usp.br\/mestrado-profissional-terapiaocupacional\/wp-json\/wp\/v2\/tags?post=2557"}],"curies":[{"name":"wp","href":"https:\/\/api.w.org\/{rel}","templated":true}]}}