{"id":62,"date":"2014-02-12T11:28:30","date_gmt":"2014-02-12T13:28:30","guid":{"rendered":"http:\/\/sites.usp.br\/micromat\/?page_id=62"},"modified":"2024-10-07T13:54:20","modified_gmt":"2024-10-07T15:54:20","slug":"protocolo","status":"publish","type":"page","link":"https:\/\/sites.usp.br\/micromat\/protocolo\/","title":{"rendered":"Protocolo"},"content":{"rendered":"<h3>Experimento 0<\/h3>\n<p>Clique aqui para fazer o download do protocolo do [download id=&#8221;290&#8243;].<\/p>\n<p>Confira o v\u00eddeo abaixo para aprender a manipular uma micropipeta e entender algumas unidades de volume.<\/p>\n<p><iframe loading=\"lazy\" title=\"V\u00eddeo de demonstra\u00e7\u00e3o do uso de uma micropipeta\" width=\"604\" height=\"340\" src=\"https:\/\/www.youtube.com\/embed\/yL2hx6EGckg?feature=oembed\" frameborder=\"0\" allow=\"accelerometer; autoplay; clipboard-write; encrypted-media; gyroscope; picture-in-picture; web-share\" referrerpolicy=\"strict-origin-when-cross-origin\" allowfullscreen><\/iframe><\/p>\n<p>&nbsp;<\/p>\n<h3>Experimento 1<\/h3>\n<p>Clique aqui para fazer o download do protocolo do [download id=&#8221;299&#8243;].<\/p>\n<p>Confira o v\u00eddeo abaixo para aprender o passo a passo do experimento 1.<\/p>\n<p><iframe loading=\"lazy\" title=\"V\u00eddeo de demonstra\u00e7\u00e3o do experimento 1\" width=\"604\" height=\"340\" src=\"https:\/\/www.youtube.com\/embed\/NXv4jbkGiig?feature=oembed\" frameborder=\"0\" allow=\"accelerometer; autoplay; clipboard-write; encrypted-media; gyroscope; picture-in-picture; web-share\" referrerpolicy=\"strict-origin-when-cross-origin\" allowfullscreen><\/iframe><\/p>\n<p>Clique aqui para fazer o download da [download id=&#8221;303&#8243;].<\/p>\n<p>&nbsp;<\/p>\n<h3>Experimento 2<\/h3>\n<p>Confira o v\u00eddeo abaixo para aprender o passo a passo do experimento 2.<\/p>\n<p><iframe loading=\"lazy\" title=\"V\u00eddeo de demonstra\u00e7\u00e3o do experimento 2\" width=\"604\" height=\"340\" src=\"https:\/\/www.youtube.com\/embed\/FuSIFBIwA44?feature=oembed\" frameborder=\"0\" allow=\"accelerometer; autoplay; clipboard-write; encrypted-media; gyroscope; picture-in-picture; web-share\" referrerpolicy=\"strict-origin-when-cross-origin\" allowfullscreen><\/iframe><\/p>\n<p>&nbsp;<\/p>\n","protected":false},"excerpt":{"rendered":"<p>Experimento 0 Clique aqui para fazer o download do protocolo do [download id=&#8221;290&#8243;]. Confira o v\u00eddeo abaixo para aprender a manipular uma micropipeta e entender algumas unidades de volume. &nbsp; Experimento 1 Clique aqui para fazer o download do protocolo do [download id=&#8221;299&#8243;]. Confira o v\u00eddeo abaixo para aprender o passo a passo do experimento [&hellip;]<\/p>\n","protected":false},"author":1,"featured_media":0,"parent":0,"menu_order":1,"comment_status":"closed","ping_status":"closed","template":"","meta":{"footnotes":"","_links_to":"","_links_to_target":""},"class_list":["post-62","page","type-page","status-publish","hentry"],"_links":{"self":[{"href":"https:\/\/sites.usp.br\/micromat\/wp-json\/wp\/v2\/pages\/62","targetHints":{"allow":["GET"]}}],"collection":[{"href":"https:\/\/sites.usp.br\/micromat\/wp-json\/wp\/v2\/pages"}],"about":[{"href":"https:\/\/sites.usp.br\/micromat\/wp-json\/wp\/v2\/types\/page"}],"author":[{"embeddable":true,"href":"https:\/\/sites.usp.br\/micromat\/wp-json\/wp\/v2\/users\/1"}],"replies":[{"embeddable":true,"href":"https:\/\/sites.usp.br\/micromat\/wp-json\/wp\/v2\/comments?post=62"}],"version-history":[{"count":5,"href":"https:\/\/sites.usp.br\/micromat\/wp-json\/wp\/v2\/pages\/62\/revisions"}],"predecessor-version":[{"id":305,"href":"https:\/\/sites.usp.br\/micromat\/wp-json\/wp\/v2\/pages\/62\/revisions\/305"}],"wp:attachment":[{"href":"https:\/\/sites.usp.br\/micromat\/wp-json\/wp\/v2\/media?parent=62"}],"curies":[{"name":"wp","href":"https:\/\/api.w.org\/{rel}","templated":true}]}}