{"id":111,"date":"2017-03-27T00:01:13","date_gmt":"2017-03-27T02:01:13","guid":{"rendered":"http:\/\/sites.usp.br\/moalab\/?page_id=111"},"modified":"2021-01-18T11:54:49","modified_gmt":"2021-01-18T14:54:49","slug":"quem-somos","status":"publish","type":"page","link":"https:\/\/sites.usp.br\/moalab\/quem-somos\/","title":{"rendered":"Quem somos"},"content":{"rendered":"\t\t<div data-elementor-type=\"wp-post\" data-elementor-id=\"111\" class=\"elementor elementor-111\" data-elementor-post-type=\"page\">\n\t\t\t\t\t\t<section class=\"elementor-section elementor-top-section elementor-element elementor-element-6ba12517 elementor-section-boxed elementor-section-height-default elementor-section-height-default\" data-id=\"6ba12517\" data-element_type=\"section\">\n\t\t\t\t\t\t<div class=\"elementor-container elementor-column-gap-default\">\n\t\t\t\t\t<div class=\"elementor-column elementor-col-100 elementor-top-column elementor-element elementor-element-72a3c358\" data-id=\"72a3c358\" data-element_type=\"column\">\n\t\t\t<div class=\"elementor-widget-wrap elementor-element-populated\">\n\t\t\t\t\t\t<div class=\"elementor-element elementor-element-2885d0c0 elementor-widget elementor-widget-text-editor\" data-id=\"2885d0c0\" data-element_type=\"widget\" data-widget_type=\"text-editor.default\">\n\t\t\t\t<div class=\"elementor-widget-container\">\n\t\t\t\t\t\t\t<p><span style=\"font-weight: 400; color: #000000;\">O Moa Lab desenvolve pesquisa laboratorial e de campo sobre a mal\u00e1ria. Os principais temas de investiga\u00e7\u00e3o compreendem a din\u00e2mica de transmiss\u00e3o, evolu\u00e7\u00e3o e estrutura populacional de plasm\u00f3dios humanos, bem como os fatores de risco para infec\u00e7\u00e3o e doen\u00e7a e a a express\u00e3o cl\u00ednica e resposta ao tratamento na mal\u00e1ria.<\/span><\/p><p style=\"text-align: center;\"><span style=\"font-weight: 400;\"><a href=\"https:\/\/sites.usp.br\/moalab\/wp-content\/uploads\/sites\/880\/2021\/01\/IMG_2427.jpg\"><img fetchpriority=\"high\" decoding=\"async\" class=\"aligncenter wp-image-527\" src=\"https:\/\/sites.usp.br\/moalab\/wp-content\/uploads\/sites\/880\/2021\/01\/IMG_2427-300x200.jpg\" alt=\"\" width=\"500\" height=\"333\" srcset=\"https:\/\/sites.usp.br\/moalab\/wp-content\/uploads\/sites\/880\/2021\/01\/IMG_2427-300x200.jpg 300w, https:\/\/sites.usp.br\/moalab\/wp-content\/uploads\/sites\/880\/2021\/01\/IMG_2427-1024x683.jpg 1024w, https:\/\/sites.usp.br\/moalab\/wp-content\/uploads\/sites\/880\/2021\/01\/IMG_2427-768x512.jpg 768w, https:\/\/sites.usp.br\/moalab\/wp-content\/uploads\/sites\/880\/2021\/01\/IMG_2427-1536x1024.jpg 1536w, https:\/\/sites.usp.br\/moalab\/wp-content\/uploads\/sites\/880\/2021\/01\/IMG_2427-272x182.jpg 272w, https:\/\/sites.usp.br\/moalab\/wp-content\/uploads\/sites\/880\/2021\/01\/IMG_2427-400x267.jpg 400w, https:\/\/sites.usp.br\/moalab\/wp-content\/uploads\/sites\/880\/2021\/01\/IMG_2427.jpg 1920w\" sizes=\"(max-width: 500px) 100vw, 500px\" \/>Foto:\u00a0Alessandra Fatrus<br \/><\/a><\/span><\/p>\t\t\t\t\t\t<\/div>\n\t\t\t\t<\/div>\n\t\t\t\t\t<\/div>\n\t\t<\/div>\n\t\t\t\t\t<\/div>\n\t\t<\/section>\n\t\t\t\t<\/div>\n\t\t","protected":false},"excerpt":{"rendered":"<p>O Moa Lab desenvolve pesquisa laboratorial e de campo sobre a mal\u00e1ria. Os principais temas de investiga\u00e7\u00e3o compreendem a din\u00e2mica de transmiss\u00e3o, evolu\u00e7\u00e3o e estrutura populacional de plasm\u00f3dios humanos, bem como os fatores de risco para infec\u00e7\u00e3o e doen\u00e7a e a a express\u00e3o cl\u00ednica e resposta ao tratamento na mal\u00e1ria. Foto:\u00a0Alessandra Fatrus<\/p>\n","protected":false},"author":309,"featured_media":0,"parent":0,"menu_order":0,"comment_status":"closed","ping_status":"closed","template":"","meta":{"footnotes":"","_links_to":"","_links_to_target":""},"class_list":["post-111","page","type-page","status-publish","hentry","entry"],"_links":{"self":[{"href":"https:\/\/sites.usp.br\/moalab\/wp-json\/wp\/v2\/pages\/111","targetHints":{"allow":["GET"]}}],"collection":[{"href":"https:\/\/sites.usp.br\/moalab\/wp-json\/wp\/v2\/pages"}],"about":[{"href":"https:\/\/sites.usp.br\/moalab\/wp-json\/wp\/v2\/types\/page"}],"author":[{"embeddable":true,"href":"https:\/\/sites.usp.br\/moalab\/wp-json\/wp\/v2\/users\/309"}],"replies":[{"embeddable":true,"href":"https:\/\/sites.usp.br\/moalab\/wp-json\/wp\/v2\/comments?post=111"}],"version-history":[{"count":4,"href":"https:\/\/sites.usp.br\/moalab\/wp-json\/wp\/v2\/pages\/111\/revisions"}],"predecessor-version":[{"id":530,"href":"https:\/\/sites.usp.br\/moalab\/wp-json\/wp\/v2\/pages\/111\/revisions\/530"}],"wp:attachment":[{"href":"https:\/\/sites.usp.br\/moalab\/wp-json\/wp\/v2\/media?parent=111"}],"curies":[{"name":"wp","href":"https:\/\/api.w.org\/{rel}","templated":true}]}}