{"id":157,"date":"2019-11-18T16:52:13","date_gmt":"2019-11-18T18:52:13","guid":{"rendered":"https:\/\/sites.usp.br\/mobilab\/?page_id=157"},"modified":"2024-06-03T19:08:34","modified_gmt":"2024-06-03T21:08:34","slug":"coordenadores","status":"publish","type":"page","link":"https:\/\/sites.usp.br\/mobilab\/coordenadores\/","title":{"rendered":"Coordenadores"},"content":{"rendered":"<header class=\"entry-header\">\n<h1 class=\"entry-title\">Coordenadores<\/h1>\n<\/header>\n<div class=\"entry-content\">\n<p><strong>PROF. DR. ROBERTO MARX<\/strong><\/p>\n<p><a href=\"https:\/\/sites.usp.br\/mobilab\/wp-content\/uploads\/sites\/638\/2019\/11\/Marx.jpg\"><img loading=\"lazy\" decoding=\"async\" class=\"alignnone wp-image-158 size-full\" src=\"https:\/\/sites.usp.br\/mobilab\/wp-content\/uploads\/sites\/638\/2019\/11\/Marx.jpg\" alt=\"\" width=\"200\" height=\"300\" \/><\/a><\/p>\n<p>Roberto Marx\u00a0concluiu o doutorado em Engenharia de Produ\u00e7\u00e3o pela Universidade de S\u00e3o Paulo em 1996. Consultor Ad-hoc da Funda\u00e7\u00e3o de Amparo \u00e0 Pesquisa do Estado de S. Paulo, Professor Doutor da Universidade de S\u00e3o Paulo e Consultor Ad-hoc da Coordena\u00e7\u00e3o de Aperfei\u00e7oamento de Pessoal de N\u00edvel Superior. Em seu curr\u00edculo Lattes os termos mais freq\u00fcentes na contextualiza\u00e7\u00e3o da produ\u00e7\u00e3o cient\u00edfica, tecnol\u00f3gica e art\u00edstico-cultural s\u00e3o: Industria Automobilistica, Organizacao do Trabalho, Mudanca Organizacional, Grupo Semi-Autonomo, Organizacao Industrial, Trabalho Em Grupo, Consorcio Modular, Administracao da Producao, Projeto Organizacional e Organizacao do Trabalho em Servi\u00e7os.<\/p>\n<p><a href=\"http:\/\/sistemas-producao.net\/mobilab\/sobre\/equipe\/coordenadores\/lattes.cnpq.br\/7447214099101814\">Curr\u00edculo lattes<\/a><\/p>\n<p><strong>PROFA. DRA. ADRIANA MAROTTI DE MELLO<\/strong><\/p>\n<p><a href=\"https:\/\/sites.usp.br\/mobilab\/wp-content\/uploads\/sites\/638\/2019\/11\/servletrecuperafoto-2-1.jpg\"><img loading=\"lazy\" decoding=\"async\" class=\"alignnone wp-image-161 size-full\" src=\"https:\/\/sites.usp.br\/mobilab\/wp-content\/uploads\/sites\/638\/2019\/11\/servletrecuperafoto-2-1.jpg\" alt=\"\" width=\"115\" height=\"140\" \/><\/a><\/p>\n<p>Adriana Marotti Mello: Possui gradua\u00e7\u00e3o em Engenharia Qu\u00edmica pela Universidade de S\u00e3o Paulo (1993), mestrado em Engenharia (Engenharia de Produ\u00e7\u00e3o) pela Universidade de S\u00e3o Paulo (2006) e doutorado em Engenharia de Produ\u00e7\u00e3o pela Universidade de S\u00e3o Paulo (2010). Tem experi\u00eancia na ind\u00fastria automotiva nas \u00e1reas de qualidade e estrat\u00e9gia. Seu interesse de pesquisa \u00e9 a Organiza\u00e7\u00e3o para Inova\u00e7\u00e3o na empresas.<\/p>\n<p><a href=\"http:\/\/sistemas-producao.net\/mobilab\/sobre\/equipe\/coordenadores\/lattes.cnpq.br\/1628758697973967\">Curr\u00edculo lattes<\/a><\/p>\n<\/div>\n","protected":false},"excerpt":{"rendered":"<p>Coordenadores PROF. DR. ROBERTO MARX Roberto Marx\u00a0concluiu o doutorado em Engenharia de Produ\u00e7\u00e3o pela Universidade de S\u00e3o Paulo em 1996.&#46;&#46;&#46;<\/p>\n","protected":false},"author":1228,"featured_media":0,"parent":0,"menu_order":0,"comment_status":"closed","ping_status":"closed","template":"","meta":{"footnotes":"","_links_to":"","_links_to_target":""},"class_list":["post-157","page","type-page","status-publish","hentry"],"_links":{"self":[{"href":"https:\/\/sites.usp.br\/mobilab\/wp-json\/wp\/v2\/pages\/157","targetHints":{"allow":["GET"]}}],"collection":[{"href":"https:\/\/sites.usp.br\/mobilab\/wp-json\/wp\/v2\/pages"}],"about":[{"href":"https:\/\/sites.usp.br\/mobilab\/wp-json\/wp\/v2\/types\/page"}],"author":[{"embeddable":true,"href":"https:\/\/sites.usp.br\/mobilab\/wp-json\/wp\/v2\/users\/1228"}],"replies":[{"embeddable":true,"href":"https:\/\/sites.usp.br\/mobilab\/wp-json\/wp\/v2\/comments?post=157"}],"version-history":[{"count":2,"href":"https:\/\/sites.usp.br\/mobilab\/wp-json\/wp\/v2\/pages\/157\/revisions"}],"predecessor-version":[{"id":294,"href":"https:\/\/sites.usp.br\/mobilab\/wp-json\/wp\/v2\/pages\/157\/revisions\/294"}],"wp:attachment":[{"href":"https:\/\/sites.usp.br\/mobilab\/wp-json\/wp\/v2\/media?parent=157"}],"curies":[{"name":"wp","href":"https:\/\/api.w.org\/{rel}","templated":true}]}}