{"id":171,"date":"2019-11-18T16:56:32","date_gmt":"2019-11-18T18:56:32","guid":{"rendered":"https:\/\/sites.usp.br\/mobilab\/?page_id=171"},"modified":"2019-11-18T16:57:01","modified_gmt":"2019-11-18T18:57:01","slug":"contato","status":"publish","type":"page","link":"https:\/\/sites.usp.br\/mobilab\/contato\/","title":{"rendered":"Contato"},"content":{"rendered":"<header class=\"entry-header\">\n<h1 class=\"entry-title\">Contato<\/h1>\n<\/header>\n<div class=\"entry-content\">\n<p>Escola Polit\u00e9cnica da Universidade de S\u00e3o Paulo<\/p>\n<p>Departamento de Engenharia de Produ\u00e7\u00e3o<\/p>\n<p>Avenida Professor Almeida Prado, Travessa 2 n\u00fam. 128<\/p>\n<p>Cidade Universit\u00e1ria<\/p>\n<p>05508900 \u2013 S\u00e3o Paulo\/SP \u2013 Brasil<\/p>\n<p>Telefone: (11) 30915363 \u2013 Ramal: 478 \/ Fax: (11) 30915399<\/p>\n<p>robemarx@usp.br<\/p>\n<\/div>\n","protected":false},"excerpt":{"rendered":"<p>Contato Escola Polit\u00e9cnica da Universidade de S\u00e3o Paulo Departamento de Engenharia de Produ\u00e7\u00e3o Avenida Professor Almeida Prado, Travessa 2 n\u00fam.&#46;&#46;&#46;<\/p>\n","protected":false},"author":1228,"featured_media":0,"parent":0,"menu_order":0,"comment_status":"closed","ping_status":"closed","template":"","meta":{"footnotes":"","_links_to":"","_links_to_target":""},"class_list":["post-171","page","type-page","status-publish","hentry"],"_links":{"self":[{"href":"https:\/\/sites.usp.br\/mobilab\/wp-json\/wp\/v2\/pages\/171","targetHints":{"allow":["GET"]}}],"collection":[{"href":"https:\/\/sites.usp.br\/mobilab\/wp-json\/wp\/v2\/pages"}],"about":[{"href":"https:\/\/sites.usp.br\/mobilab\/wp-json\/wp\/v2\/types\/page"}],"author":[{"embeddable":true,"href":"https:\/\/sites.usp.br\/mobilab\/wp-json\/wp\/v2\/users\/1228"}],"replies":[{"embeddable":true,"href":"https:\/\/sites.usp.br\/mobilab\/wp-json\/wp\/v2\/comments?post=171"}],"version-history":[{"count":1,"href":"https:\/\/sites.usp.br\/mobilab\/wp-json\/wp\/v2\/pages\/171\/revisions"}],"predecessor-version":[{"id":172,"href":"https:\/\/sites.usp.br\/mobilab\/wp-json\/wp\/v2\/pages\/171\/revisions\/172"}],"wp:attachment":[{"href":"https:\/\/sites.usp.br\/mobilab\/wp-json\/wp\/v2\/media?parent=171"}],"curies":[{"name":"wp","href":"https:\/\/api.w.org\/{rel}","templated":true}]}}