{"id":184,"date":"2019-11-18T17:02:50","date_gmt":"2019-11-18T19:02:50","guid":{"rendered":"https:\/\/sites.usp.br\/mobilab\/?page_id=184"},"modified":"2024-06-03T19:25:56","modified_gmt":"2024-06-03T21:25:56","slug":"artigos-e-livros","status":"publish","type":"page","link":"https:\/\/sites.usp.br\/mobilab\/artigos-e-livros\/","title":{"rendered":"Artigos e Livros"},"content":{"rendered":"<header class=\"entry-header\">\n<h1 class=\"entry-title\">Artigos e Livros<\/h1>\n<\/header>\n<div class=\"entry-content\">\n<p><b>ARTIGOS PUBLICADOS EM PERI\u00d3DICOS<\/b><\/p>\n<\/div>\n<p>SOUZA, J.; MELLO, A.; MARX, R. <a href=\"https:\/\/www.inderscience.com\/offer.php?id=126840\">Barriers and drivers to implement innovative business models towards sustainable urban mobility<\/a>. International Journal of Automotive Technology and Management, v. 22, p. 485-505, 2022.<\/p>\n<p>MARX, R.;\u00a0LARA, F. F.; MAGALHAES, P. S. <a href=\"https:\/\/www.revistas.usp.br\/rege\/article\/view\/166313\">Low-cost bus business models and the case of Brazil<\/a>. REGE REVISTA DE GESTAO, v. 27, p. 100-115, 2020.<\/p>\n<p>SCUR, G.; MELLO, A.; SCHREINER, L. C. ; NEVES, J. <a href=\"https:\/\/www.revistas.usp.br\/rai\/article\/view\/166091\">Eco-design Requirements in Heavyweight Vehicle Development &#8211; A Case Study of the Impact of the Euro 5 emissions standard on the Brazilian Industry<\/a>. RAI : REVISTA DE ADMINISTRA\u00c7\u00c3O E INOVA\u00c7\u00c3O, v. 16, p. 404-422, 2019.<\/p>\n<p>SOUZA, J.; MARX, R. ; MELLO, A. M.\u00a0<a href=\"https:\/\/www.mdpi.com\/2071-1050\/11\/6\/1761\">When is an innovative urban mobility business model sustainable? A literature review and analysis. Sustainability<\/a>, v. 11, p. 1, 2019.<\/p>\n<div class=\"entry-content\">\n<p>LARA, F. F.\u00a0;\u00a0MARX, R. <a href=\"https:\/\/www.sciencedirect.com\/science\/article\/pii\/S221053951830018X\">Comparative positioning between Brazilian subsidiaries and European matrices on Electromobility and carsharing technologies<\/a>. RESEARCH IN TRANSPORTATION BUSINESS &amp; MANAGEMENT, v. 27, p. 67-74, 2018.<\/p>\n<p>LARA, F. F.\u00a0;\u00a0MARX, R.<a href=\"https:\/\/www.revistas.unijui.edu.br\/index.php\/desenvolvimentoemquestao\/article\/view\/3205\"> Inova\u00e7\u00f5es em mobilidade sustent\u00e1vel: an\u00e1lise dos relat\u00f3rios corporativos de sustentabilidade de tr\u00eas montadoras de autom\u00f3veis<\/a>. Desenvolvimento em Quest\u00e3o, v. 14, p. 106-134, 2016.<\/p>\n<p>MELLO, A.; MARX, R. ; MOTTA, F. <a href=\"https:\/\/www.revistas.usp.br\/rai\/article\/view\/110403\">A Preliminary Analysis of Inovar Auto Impact on the Brazilian Automotive Industry R &amp; D Activity<\/a>. RAI : Revista de Administra\u00e7\u00e3o e Inova\u00e7\u00e3o, v. 3, p. 47-62, 2016.<\/p>\n<\/div>\n<div class=\"entry-content\">\n<p>MARX, ROBERTO; MAROTTI DE MELLO, ADRIANA; ZILBOVICIUS, MAURO; LARA, FELIPE FERREIRA DE.<a href=\"http:\/\/sistemas-producao.net\/mobilab\/publicacoes\/artigos-e-livros\/www.sciencedirect.com\/science\/article\/pii\/S0959652615012226\">\u00a0Spatial Contexts and Firm Strategies: Applying the Multilevel Perspective to Sustainable Urban Mobility Transitions in Brazil<\/a>. Journal of Cleaner Production, v. 108, p. 1092-1104, 2015.<\/p>\n<p>MELLO, A.; MARX, R. New Initiatives, Trends and Dilemmas for the Brazilian Automotive Industry: The case of Inovar Auto and its impacts on Electromobility in Brazil. International Journal of Automotive Technology and Management, 2014.<\/p>\n<p>MELLO, A.; MARX, R.; SOUZA, A. E<a href=\"http:\/\/www.inderscience.com\/info\/inarticle.php?artid=54922\">xploring scenarios for the possibility of developing design and production competencies of electrical vehicles in Brazil.\u00a0<\/a>International Journal of Automotive Technology and Management, v. 13, p. 289, 2013.<\/p>\n<p>SANTIN, N.; MARX, R. .\u00a0<a href=\"http:\/\/pmd.hostcentral.com.br\/viewpub.php?id=108\">Global product development and the role of Brazilian subsidiaries: similar and different realities in the automotive and white good industries.<\/a>\u00a0Product (IGDP), v. 7, p. 29-39, 2009.<\/p>\n<p>MELLO, A.; MARX, R.\u00a0<a href=\"http:\/\/www.inderscience.com\/info\/inarticle.php?artid=14975\">Innovative capacity maintenance by automakers in a product development outsourcing scenario: the case of VW in Brazil.\u00a0<\/a>International Journal of Automotive Technology and Management, v. 7, p. 200, 2007.<\/p>\n<p>MELLO, A.; MARX, R.\u00a0<a href=\"http:\/\/revistas.utfpr.edu.br\/pg\/index.php\/revistagi\/article\/view\/69\">Conhecimento de arquitetura de produto como elemento chave para a manuten\u00e7\u00e3o da capacidade inovadora de uma empresa: o caso da ind\u00fastria automotiva.\u00a0<\/a>Revista Gest\u00e3o Industrial, v. 03, p. 74-87, 2007.<\/p>\n<p>MELLO, A.; MARX, R.\u00a0<a href=\"http:\/\/revistas.utfpr.edu.br\/pg\/index.php\/revistagi\/article\/view\/88\">Manuten\u00e7\u00e3o da capacidade inovadora na externaliza\u00e7\u00e3o do desenvolvimento de produto: o caso da ind\u00fastria automotiva.\u00a0<\/a>Revista Gest\u00e3o Industrial, v. 2, p. 1-12, 2006.<\/p>\n<p>ZILBOVICIUS, M. ; SALERNO, M.; MARX, R.; DIAS, A. Design Head Quarters and Modular Supply best practices in the automotive industry:lessons learned from the Brazilian case. International Journal of Automotive Technology and Management, v. 01, p. 23, 2006.<\/p>\n<p>SALERNO, M.; MARX, R. ; ZILBOVICIUS, M.\u00a0<a href=\"http:\/\/www.rausp.usp.br\/busca\/artigo.asp?num_artigo=1102\">A Nova Configura\u00e7\u00e3o da Cadeia de Fornecimento na Ind\u00fastria Automobil\u00edstica no Brasil.<\/a>. RAUSP. Revista de Administra\u00e7\u00e3o, S\u00e3o Paulo, v. 38, p. 192-204, 2003.<\/p>\n<p>ZILBOVICIUS, M. ; MARX, R.; SALERNO, M.\u00a0<a href=\"http:\/\/www.inderscience.com\/offer.php?id=54\">A Comprehensive Study of the Transformation of the Brazilian Automotive Industry.<\/a>\u00a0International Journal of Automotive Technology and Management, Gen\u00e8ve, v. 2, n.1, p. 10-23, 2002.<\/p>\n<p>&nbsp;<\/p>\n<p><strong>LIVROS<\/strong><\/p>\n<p>VAROLI, J. J. ; GREGORI, L. ;\u00a0ZILBOVICIUS, M.; GREGORI, M. S. ; WHITAKER, C. . Tarifa Zero: a Cidade sem Catracas. 1. ed. S\u00e3o Paulo: Autonomia Literaria, 2020. v. 01. 208p .<\/p>\n<p>MARX, R.\u00a0. Autonomia e Trabalho em Grupos como Instrumento de Competi\u00e7\u00e3o (edi\u00e7\u00e3o revista e ampliada). 2. ed. S\u00e3o Paulo: Atlas, 2010. v. 1. 166p .<\/p>\n<p>&nbsp;<\/p>\n<p><b>CAP\u00cdTULOS DE LIVRO<\/b><\/p>\n<div class=\"layout-cell layout-cell-11\">\n<div class=\"layout-cell-pad-5\">MELLO, A.; SOUZA, J.; MARX, R. Public Transport in Emerging Countries: From Old Dilemmas to Opportunities for Transition to Sustainable Mobility Through the Case of Brazil. In: Marotti De Mello A., Valsecchi Ribeiro De Souza J., Marx R.. (Org.). Transportation Research, Economics and Policy. 1ed.Londres: Springer International Publishing, 2021, v. , p. 167-179.<\/div>\n<div><\/div>\n<\/div>\n<\/div>\n<div>MARX, R.; MELLO, A. M. ; LARA, F. F. . The New Geography of the Automobile Industry: Trends and Challenges in Brazil. In: Covarrubias, A.; Perez, S.. (Org.). New Frontiers of the Automobile Industry Exploring Geographies, Technology, and Institutional Challenges. 1ed.New York: Palgrave MacMillan, 2019, v. , p. 349-375.<\/div>\n<div><\/div>\n<div class=\"entry-content\">\n<div class=\"layout-cell layout-cell-11\">\n<div>MELLO, A. Structural Transformation and New Approaches of Human Resource Management in the Brazilian Auto Industry. In: J\u00fcrgens, Ulrich. (Org.). Human Resource Management and Labour Relations in the BRICs. A Review of the Research Literature.. Berlin: Logos Verlag, v. 29, p. 103-120, 2012.<\/div>\n<\/div>\n<p>&nbsp;<\/p>\n<p><b>ARTIGOS PUBLICADOS EM CONGRESSOS<\/b><\/p>\n<\/div>\n<p>MASELLI, F. M.; MARX, R.; MELLO, A.; PELEGRINA, J.; SOUZA, J. Life Cycle Assesment of Battery Electric and Internal Combustion Engine Vehicles: Case Studies Considering Multiple Factors. In: International Colloquium of Gerpisa, 2023, Brussels. Towards Sustainability? The Electrification of the Automotive Industry, 2023.<\/p>\n<p>PELEGRINA, J.; MELLO, A.; SOUZA, J.; MARX, R. Negative externalities produced by sharing economy ecosystems in Mobility. In: 30o International Colloquium of Gerpisa, 2022, Ann Arbor. The Auto Industry Entering in a Post Pandemic World, 2022.<\/p>\n<p>PELEGRINA, J.; MELLO, A.; MARX, R.; SOUZA, J. Managing peer-to-peer on-demand mobility service ecosystems to create shared value. In: XXV SEMEAD Semin\u00e1rios em Administra\u00e7\u00e3o, 2022, S\u00e3o Paulo. XXV SEMEAD Semin\u00e1rios em Administra\u00e7\u00e3o. S\u00e3o Paulo, 2022.<\/p>\n<p>SOUZA, J.; MARX, R.; MELLO, A.; WANG, A. . Challenges to develop business models towards sustainable urban mobility: A comparative empirical investigation between Brazilian and Chinese case studies. In: 2020 International Colloquium \/ Virtual Conference, 2020. Going Digital &#8211; Transforming the Automotive Indsutry, 2020.<\/p>\n<p>SOUZA, J.; MELLO, A. M.; MARX, R.; MARQUES, A. M.Implanta\u00e7\u00e3o de modelos de compartilhamento de carros el\u00e9tricos no Brasil: estudo de caso de gest\u00e3o de incertezas a partir da aplica\u00e7\u00e3o da abordagem do learning plan. In: XXII ENGEMA, 2020, S\u00e3o Paulo. XXII ENGEMA, 2020.<\/p>\n<p>MARX, R.; MELLO, A. Who drives the change? Transitions for Sustainable Mobility and the role of Automotive Industry. In: GERPISA Conference, 2019, Paris. Paradigm Shift? The Automotive Industry in Transition, 2019.<\/p>\n<p>MARX, R.; MELLO, A. M. ; ZILBOVICIUS, M. ; LARA, F. F. . Inovar Auto, Rota 2030 ? A critical analysis on incentives for Automotive Industry in Brazil. In: Gerpisa Conference, 2018, Sao Paulo. Who drives the change? New and traditional players in the global automotive sector, 2018.<\/p>\n<p>BARROS, L. S. S. ; MARX, R. Electric car-sharing: uncertainty analysis in public initiatives of urban mobility. In: Gerpisa Conference, 2018, Sao Paulo. Who drives the change? New and traditional players in the global automotive sector, 2018.<\/p>\n<p>MARCO, V. ; MARX, R. Critical analysis of the mobility measures implemented in the city of S\u00e3o Paulo from 2013 to 2016. In: Gerpisa Conference, 2018, Sao Paulo. Who drives the change? New and traditional players in the global automotive sector, 2018.<\/p>\n<p>MARX, R.; ZILBOVICIUS, M.; MELLO, A. M.; LARA, F. Is Car-Centrism at risk? A Critical Analysis of Policies Adopted in the City of S\u00e3o Paulo Between 2013 and 2016. In: Conferencia do GERPISA, 2017, Paris. E\/Revolution in Automobile Industry, 2017.<\/p>\n<p>VASSIMON, P. P. ; MARX, R.; PRONELLO, C. ; SIMAO, J. P. R. V. . Performance Evaluation for Bike-Sharing Systems: A Benchmarking among 50 Cities. In: Velo-City Global 2016, 2016, Taipei. Evolution of Cycling, 2016.<\/p>\n<p>MARX, R.; BAGNO, R. ; SALERNO, M.; PAULA, R. . Corporate innovation program in a powertrain firm: a case study of implementation and evolution phases. In: Gerpisa Annual Meeting, 2016, Puebla. &#8220;New Frontiers&#8221; of the World Automotive Industry: Technologies, Application, Innovations and Markets, 2016.<\/p>\n<p>MARX, R.; MELLO, A. M. ; MOTTA, F. A preliminary analysis of Inovar Auto Impact on the Brazilian automotive industry R &amp; D activity. In: Gerpisa Anual Conference, 2015, Paris. The new game of innovation in the world automotive industry: how the structuring of new industries and the restructuring of old ones are changing the rules?, 2015.<\/p>\n<p>SOUZA, I. O. F. ; MELLO, A. M. . Innovative Developments in the Brazilian Automotive Industry.. In: 23rd Annual IAMOT Conference, 2014, Washington. Proceedings of 24th Annual IAMOT Conference, 2014.<\/p>\n<div class=\"entry-content\">\n<p>MARX, R.; MELLO, A.\u00a0<a href=\"http:\/\/leblog.gerpisa.org\/node\/2032\">New Initiatives, Trends and Dilemmas for the Brazilian Automotive Industry: The case of Inovar Auto and its impacts on Electro Mobility in Brazil?.<\/a>\u00a0In: 21st International Gerpisa International Colloquim, 2013, Paris. Proceedings of 21st International Gerpisa International Colloquim, 2013.<\/p>\n<p>MELLO, A.; MARX, R. .\u00a0<a href=\"http:\/\/gerpisa.org\/en\/node\/1599\">Automotive Industry Transformations and Work Relations in Brazil. What is the next step?<\/a>. In: 20th International Gerpisa International Colloquim, 2012, Crac\u00f3via. 20th International Colloquium of Gerpisa, 2012.<\/p>\n<p>MARX, R.; ZILBOVICIUS, M.\u00a0<a href=\"http:\/\/gerpisa.org\/node\/1214\">What is Brazil s Role in the New Automotive Industry? Threats and opportunities in a changing future for the car and the industry.\u00a0<\/a>In: 19th Gerpisa International Colloquium, Paris. Is The Second Automobile Revolution on the Way?, 2011.<\/p>\n<p>MARX, R.; MELLO, A.\u00a0<a href=\"http:\/\/gerpisa.org\/rencontre\/17.rencontre\/GERPISAJune2009\/Colloquium\/contributions.html#\">Environment and sustainability of the automotive industry in Brazil.<\/a>\u00a0In: 17th Gerpisa International Colloquium \u2013 Programme D\u00e9veloppement Durable et Industrie Automobile, 2009, Paris. 17o Gerpisa International Colloquium, Programme D\u00e9veloppement Durable et Industrie Automobile, 2009.<\/p>\n<p>MELLO, A.; MARX, R. .\u00a0<a href=\"http:\/\/www.inderscience.com\/info\/inarticle.php?artid=14975\">Innovative capacity maintenance by automakers in a product development outsourcing scenario the case of VW in Brazil.<\/a>\u00a0In: 14th International Annual EurOMA (European Operations Management Association) Conference, 2007, Ankara, Turquia. 14th International Annual EurOMA (European Operations Management Association) Conference Proceedings. Ankara: Bilkent University, 2007.<\/p>\n<p>MARX, R.; SANTIN, N. Global Product Development and Brazilian Subsidiaries: Similar and Different Realities in the Automotive and White Good Industries . In: In: XIV Gerpisa International Colloquium, Paris. Are automobile firms market-oriented organisations? Myths and Realities, 2006.<\/p>\n<p>MELLO, A.; MARX, R. .\u00a0<a href=\"http:\/\/www.abepro.org.br\/biblioteca\/enegep2006_tr490328_6923.pdf\">Manuten\u00e7\u00e3o da capacidade inovadora na externaliza\u00e7\u00e3o do desenvolvimento de produtos:o caso da ind\u00fastria automobil\u00edstica.\u00a0<\/a>In: XXVI ENEGEP \u2013 Encontro Nacional de Engenharia de Produ\u00e7\u00e3o, 2006, Fortaleza \u2013 CE. XXVI ENEGEP \u2013 Encontro Nacional de Engenharia de Produ\u00e7\u00e3o, 2006.<\/p>\n<\/div>\n","protected":false},"excerpt":{"rendered":"<p>Artigos e Livros ARTIGOS PUBLICADOS EM PERI\u00d3DICOS SOUZA, J.; MELLO, A.; MARX, R. Barriers and drivers to implement innovative business&#46;&#46;&#46;<\/p>\n","protected":false},"author":1228,"featured_media":0,"parent":0,"menu_order":0,"comment_status":"closed","ping_status":"closed","template":"","meta":{"footnotes":"","_links_to":"","_links_to_target":""},"class_list":["post-184","page","type-page","status-publish","hentry"],"_links":{"self":[{"href":"https:\/\/sites.usp.br\/mobilab\/wp-json\/wp\/v2\/pages\/184","targetHints":{"allow":["GET"]}}],"collection":[{"href":"https:\/\/sites.usp.br\/mobilab\/wp-json\/wp\/v2\/pages"}],"about":[{"href":"https:\/\/sites.usp.br\/mobilab\/wp-json\/wp\/v2\/types\/page"}],"author":[{"embeddable":true,"href":"https:\/\/sites.usp.br\/mobilab\/wp-json\/wp\/v2\/users\/1228"}],"replies":[{"embeddable":true,"href":"https:\/\/sites.usp.br\/mobilab\/wp-json\/wp\/v2\/comments?post=184"}],"version-history":[{"count":5,"href":"https:\/\/sites.usp.br\/mobilab\/wp-json\/wp\/v2\/pages\/184\/revisions"}],"predecessor-version":[{"id":297,"href":"https:\/\/sites.usp.br\/mobilab\/wp-json\/wp\/v2\/pages\/184\/revisions\/297"}],"wp:attachment":[{"href":"https:\/\/sites.usp.br\/mobilab\/wp-json\/wp\/v2\/media?parent=184"}],"curies":[{"name":"wp","href":"https:\/\/api.w.org\/{rel}","templated":true}]}}