{"id":1679,"date":"2016-11-28T10:08:21","date_gmt":"2016-11-28T12:08:21","guid":{"rendered":"http:\/\/sites.usp.br\/mp-usp-idpc\/?page_id=1679"},"modified":"2017-07-05T15:50:08","modified_gmt":"2017-07-05T18:50:08","slug":"exame-de-qualificacao","status":"publish","type":"page","link":"https:\/\/sites.usp.br\/mp-usp-idpc\/exame-de-qualificacao\/","title":{"rendered":"Exame de Qualifica\u00e7\u00e3o"},"content":{"rendered":"<p><font size=\"2\" face=\"Verdana\"><\/p>\n<p style=\"text-align: justify\">O Exame de Qualifica\u00e7\u00e3o deve, preferencialmente, ser realizado nas etapas iniciais dos trabalhos da Disserta\u00e7\u00e3o. Tem como objetivo avaliar a maturidade do candidato na sua \u00e1rea de investiga\u00e7\u00e3o, e \u00e9 obrigat\u00f3rio para o curso de Mestrado Profissional.<\/p>\n<p style=\"text-align: justify\">Para se inscrever no Exame de Qualifica\u00e7\u00e3o o aluno de Mestrado Profissional  deve ter  integralizado <b>pelo menos 05 (cinco) unidades de cr\u00e9ditos em Disciplinas.<\/b> <\/p>\n<p style=\"text-align: justify\">A inscri\u00e7\u00e3o para o Exame de Qualifica\u00e7\u00e3o dever\u00e1 <b>ocorrer at\u00e9 12 (doze) meses<\/b>. Consulte a ficha do aluno, pois esta data consta na mesma.<\/p>\n<p style=\"text-align: justify\">A realiza\u00e7\u00e3o do Exame de Qualifica\u00e7\u00e3o dever\u00e1 ocorrer, <b>no m\u00e1ximo, at\u00e9 60 (sessenta) dias<\/b>,  contados a partir da data de inscri\u00e7\u00e3o para este Exame.<\/p>\n<p style=\"text-align: justify\">O aluno ter\u00e1 no m\u00e1ximo 60 minutos para a exposi\u00e7\u00e3o da aula. A Comiss\u00e3o Examinadora ter\u00e1 no m\u00e1ximo 3 (tr\u00eas) horas para a argui\u00e7\u00e3o do candidato.<\/p>\n<p style=\"text-align: justify\">Ser\u00e1 considerado aprovado o candidato que obtiver aprova\u00e7\u00e3o da maioria dos examinadores.<\/p>\n<p style=\"text-align: justify\">No Exame de Qualifica\u00e7\u00e3o, o aluno ser\u00e1 aprovado ou reprovado, n\u00e3o havendo atribui\u00e7\u00e3o de notas ou conceitos.<\/p>\n<p style=\"text-align: justify\">O aluno <b>reprovado no Exame de Qualifica\u00e7\u00e3o<\/b> poder\u00e1 repeti-lo apenas uma vez. A inscri\u00e7\u00e3o para o segundo exame dever\u00e1 ser realizado em at\u00e9 120 (cento e vinte) dias, contados a partir da data de realiza\u00e7\u00e3o do primeiro exame. O exame dever\u00e1 ser realizado em at\u00e9 60 (sessenta) dias contados a partir da data da inscri\u00e7\u00e3o. <\/p>\n<p><span style=\"color: #1094ab\"><strong>Importante: Caso tenha ocorrido alguma altera\u00e7\u00e3o no Projeto de Disserta\u00e7\u00e3o   (mudan\u00e7a do t\u00edtulo, m\u00e9todos, conte\u00fado, etc.), a mesma dever\u00e1 ser aprovada pelo CEP e pela CPG, antes do dep\u00f3sito do trabalho.<\/strong><\/span><\/p>\n<p style=\"text-align: justify\"><strong>Obs.: <\/strong>Maiores informa\u00e7\u00f5es, consultar o item VIII do Regulamento de P\u00f3s-Gradua\u00e7\u00e3o do Programa.  <strong> \u00a0<\/strong><\/p>\n<hr \/>\n<p style=\"text-align: justify\"><strong><br \/>\nEXIG\u00caNCIAS PARA A INSCRI\u00c7\u00c3O NO EXAME DE QUALIFICA\u00c7\u00c3O:<\/strong><\/p>\n<p style=\"text-align: justify\">Para a inscri\u00e7\u00e3o no Exame de Qualifica\u00e7\u00e3o, os alunos dever\u00e3o entregar na secretaria de P\u00f3s-Gradua\u00e7\u00e3o os seguintes documentos:<\/p>\n<ul style=\"text-align: justify\">\n<li>6 (seis) exemplares de seu trabalho para o Exame de Qualifica\u00e7\u00e3o <em>(encadernado em espiral);<\/em><\/li>\n<li>Formul\u00e1rio contendo a sugest\u00e3o dos nomes para composi\u00e7\u00e3o da Comiss\u00e3o Examinadora do EQ, <strong>digitado<\/strong> e <strong>assinado<\/strong> pelo Orientador;<\/li>\n<li>1 CD contendo o arquivo do trabalho em PDF <em>(favor identificar).<\/em><\/li>\n<\/ul>\n<p style=\"text-align: justify\">O trabalho depositado para o Exame de Qualifica\u00e7\u00e3o dever\u00e1 conter:<\/p>\n<ul style=\"text-align: justify\">\n<li>Folha de rosto (modelo em anexo);<\/li>\n<li>Sum\u00e1rio;<\/li>\n<li>Listas (abreviaturas, figuras e tabelas);<\/li>\n<li>Introdu\u00e7\u00e3o bem desenvolvida;<\/li>\n<li>Objetivos;<\/li>\n<li>Casu\u00edstica pretendida com crit\u00e9rios de inclus\u00e3o e exclus\u00e3o;<\/li>\n<li>Descri\u00e7\u00e3o do(s) m\u00e9todo(s);<\/li>\n<li>Resultados preliminares, se houver;<\/li>\n<li>Discuss\u00e3o preliminar, se houver;<\/li>\n<li>Conclus\u00e3o preliminar, se houver e,<\/li>\n<li>Refer\u00eancias bibliogr\u00e1ficas pertinentes.<\/li>\n<\/ul>\n<p style=\"text-align: justify\"><strong>Importante:<\/strong> Consultar o Guia de Elabora\u00e7\u00e3o de Teses, para a formata\u00e7\u00e3o do trabalho.<\/p>\n<p style=\"text-align: justify\">O formul\u00e1rio para preenchimento da sugest\u00e3o da Banca do EQ e modelo para elabora\u00e7\u00e3o da Capa e Folha de Rosto do Trabalho, encontram-se no item <u><a href=\"\/\/sites.usp.br\/mp-usp-idpc\/formularios\">formul\u00e1rios<\/a><\/u>.<\/p>\n<p style=\"text-align: justify\">Lembramos que os documentos s\u00f3 ser\u00e3o aceitos pela Secretaria, se atenderem a todos os requisitos acima mencionados.<\/p>\n","protected":false},"excerpt":{"rendered":"<p>O Exame de Qualifica\u00e7\u00e3o deve, preferencialmente, ser realizado nas etapas iniciais dos trabalhos da Disserta\u00e7\u00e3o. Tem como objetivo avaliar a maturidade do candidato na sua \u00e1rea de investiga\u00e7\u00e3o, e \u00e9 obrigat\u00f3rio para o curso de Mestrado Profissional. Para se inscrever no Exame de Qualifica\u00e7\u00e3o o aluno de Mestrado Profissional deve ter integralizado pelo menos 05 (cinco) unidades de cr\u00e9ditos em Disciplinas. A inscri\u00e7\u00e3o para o Exame de Qualifica\u00e7\u00e3o dever\u00e1 ocorrer at\u00e9 12 (doze) meses. Consulte a ficha do aluno, pois esta data consta na mesma. A realiza\u00e7\u00e3o do Exame de Qualifica\u00e7\u00e3o dever\u00e1 ocorrer, no m\u00e1ximo, at\u00e9 60 (sessenta) dias, contados a partir da data de inscri\u00e7\u00e3o para este Exame. O aluno ter\u00e1 no m\u00e1ximo 60 minutos para a exposi\u00e7\u00e3o da aula. A Comiss\u00e3o Examinadora ter\u00e1 no m\u00e1ximo 3 (tr\u00eas) horas para a argui\u00e7\u00e3o do candidato. Ser\u00e1 considerado aprovado o candidato que obtiver aprova\u00e7\u00e3o da maioria dos examinadores. No Exame de Qualifica\u00e7\u00e3o, o aluno ser\u00e1 aprovado ou reprovado, n\u00e3o havendo atribui\u00e7\u00e3o de notas ou conceitos. O aluno reprovado no Exame de Qualifica\u00e7\u00e3o poder\u00e1 repeti-lo apenas uma vez. A inscri\u00e7\u00e3o para o segundo exame dever\u00e1 ser realizado em at\u00e9 120 (cento e vinte) dias, contados a partir da data de realiza\u00e7\u00e3o do [&#8230;]<\/p>\n","protected":false},"author":364,"featured_media":0,"parent":0,"menu_order":0,"comment_status":"closed","ping_status":"closed","template":"page-full.php","meta":{"footnotes":"","_links_to":"","_links_to_target":""},"class_list":["post-1679","page","type-page","status-publish","hentry"],"_links":{"self":[{"href":"https:\/\/sites.usp.br\/mp-usp-idpc\/wp-json\/wp\/v2\/pages\/1679","targetHints":{"allow":["GET"]}}],"collection":[{"href":"https:\/\/sites.usp.br\/mp-usp-idpc\/wp-json\/wp\/v2\/pages"}],"about":[{"href":"https:\/\/sites.usp.br\/mp-usp-idpc\/wp-json\/wp\/v2\/types\/page"}],"author":[{"embeddable":true,"href":"https:\/\/sites.usp.br\/mp-usp-idpc\/wp-json\/wp\/v2\/users\/364"}],"replies":[{"embeddable":true,"href":"https:\/\/sites.usp.br\/mp-usp-idpc\/wp-json\/wp\/v2\/comments?post=1679"}],"version-history":[{"count":4,"href":"https:\/\/sites.usp.br\/mp-usp-idpc\/wp-json\/wp\/v2\/pages\/1679\/revisions"}],"predecessor-version":[{"id":2576,"href":"https:\/\/sites.usp.br\/mp-usp-idpc\/wp-json\/wp\/v2\/pages\/1679\/revisions\/2576"}],"wp:attachment":[{"href":"https:\/\/sites.usp.br\/mp-usp-idpc\/wp-json\/wp\/v2\/media?parent=1679"}],"curies":[{"name":"wp","href":"https:\/\/api.w.org\/{rel}","templated":true}]}}