{"id":1722,"date":"2016-11-28T10:30:35","date_gmt":"2016-11-28T12:30:35","guid":{"rendered":"http:\/\/sites.usp.br\/mp-usp-idpc\/?page_id=1722"},"modified":"2016-12-19T10:23:12","modified_gmt":"2016-12-19T12:23:12","slug":"regimento-da-cpg","status":"publish","type":"page","link":"https:\/\/sites.usp.br\/mp-usp-idpc\/regimento-da-cpg\/","title":{"rendered":"Regimento da CPG"},"content":{"rendered":"<h2><span style=\"color: #1094ab\"><b>Resolu\u00e7\u00e3o Copgr 6710, De 22 De Janeiro De 2014<\/b><\/span><br \/>\n<font size=\"2\" face=\"Verdana\"><span style=\"color: #1094ab\"> (D.O.E.: 29\/01\/2014)<\/span><\/h2>\n<p style=\"text-align: justify\">Baixa o Regimento da Comiss\u00e3o de P\u00f3s-Gradua\u00e7\u00e3o do Instituto Dante Pazzanese de Cardiologia \u2013 IDPC.<\/p>\n<p style=\"text-align: justify\">O Pr\u00f3-Reitor de P\u00f3s-Gradua\u00e7\u00e3o da Universidade de S\u00e3o Paulo, usando de suas atribui\u00e7\u00f5es legais e de acordo com a aprova\u00e7\u00e3o ad referendum do Conselho de P\u00f3s-Gradua\u00e7\u00e3o, em 15\/01\/2014, baixa a seguinte<\/p>\n<p style=\"text-align: justify\" align=\"center\"><b>RESOLU\u00c7\u00c3O:<\/b><\/p>\n<p style=\"text-align: justify\">Artigo 1\u00ba \u2013 Fica aprovado o Regimento da Comiss\u00e3o de P\u00f3s-Gradua\u00e7\u00e3o do Instituto Dante Pazzanese de Cardiologia, constante do anexo da presente Resolu\u00e7\u00e3o.<\/p>\n<p style=\"text-align: justify\">Artigo 2\u00ba \u2013 Esta Resolu\u00e7\u00e3o entrar\u00e1 em vigor na data de sua publica\u00e7\u00e3o.<\/p>\n<p style=\"text-align: justify\">Artigo 3\u00ba \u2013 Ficam revogadas as disposi\u00e7\u00f5es em contr\u00e1rio (Processo 2008.1.38888.1.6).<\/p>\n<p style=\"text-align: justify\">Pr\u00f3-Reitoria de P\u00f3s-Gradua\u00e7\u00e3o da Universidade de S\u00e3o Paulo, 22 de janeiro de 2014.<\/p>\n<p style=\"text-align: justify\" align=\"center\">VAHAN AGOPYAN<br \/>\nPr\u00f3-Reitor<\/p>\n<p style=\"text-align: justify\" align=\"center\">RUBENS BE\u00c7AK<br \/>\nSecret\u00e1rio Geral<\/p>\n<hr \/>\n<p style=\"text-align: justify\"><strong>\u00a0<\/strong><\/p>\n<h2 style=\"text-align: justify\" align=\"center\"><span style=\"color: #1094ab\"><b>Regimento Da Comiss\u00e3o De P\u00f3s-Gradua\u00e7\u00e3o Da Instituto Dante Pazzanese De Cardiologia:<\/b><\/span><\/h2>\n<p style=\"text-align: justify\"><b>I \u2013 COMPOSI\u00c7\u00c3O DA COMISS\u00c3O DE P\u00d3S-GRADUA\u00c7\u00c3O (CPG)<\/b><\/p>\n<p style=\"text-align: justify\">A CPG do IDPC \u00e9 constitu\u00edda por 7 (sete) membros: 6 (seis) Docentes credenciados como Orientadores plenos do Programa USP-IDPC e 1 (um) representante do Corpo Discente, regularmente matriculado no Programa USP-IDPC. Cada membro titular ter\u00e1 um suplente.<\/p>\n<p style=\"text-align: justify\"><b>II \u2013 TAXAS<\/b><\/p>\n<p style=\"text-align: justify\">a) Para inscri\u00e7\u00e3o ao processo seletivo \u00e9 cobrada a taxa m\u00e1xima estabelecida pelo Conselho de P\u00f3s-Gradua\u00e7\u00e3o da USP (CoPGr), n\u00e3o havendo devolu\u00e7\u00e3o do valor pago para candidatos desistentes ou n\u00e3o selecionados.<\/p>\n<p style=\"text-align: justify\">b) O valor da taxa por Disciplina para os alunos especiais \u00e9 correspondente a 20% (vinte por cento) do sal\u00e1rio m\u00ednimo vigente no Estado de S\u00e3o Paulo, desde que esse valor n\u00e3o supere o valor m\u00e1ximo estabelecido pelo Conselho de P\u00f3s-Gradua\u00e7\u00e3o da USP (CoPGr).<\/p>\n<p style=\"text-align: justify\"><b>III \u2013 PROCEDIMENTOS PARA A DEFESA<\/b><\/p>\n<p style=\"text-align: justify\">Al\u00e9m dos procedimentos estabelecidos pelo Regimento de P\u00f3s-Gradua\u00e7\u00e3o da USP, ser\u00e3o exigidos:<\/p>\n<p style=\"text-align: justify\">a) O dep\u00f3sito da Disserta\u00e7\u00e3o e da Tese dever\u00e3o ser acompanhados de carta do orientador certificando que o orientado est\u00e1 apto \u00e0 defesa.<\/p>\n<p style=\"text-align: justify\">b) Os exemplares da Disserta\u00e7\u00e3o e da Tese poder\u00e3o vir impressos na frente e no verso das folhas.<\/p>\n<p style=\"text-align: justify\"><b>IV \u2013 N\u00daMERO DE MEMBROS COMPONENTES DAS COMISS\u00d5ES JULGADORAS DE DISSERTA\u00c7\u00d5ES E TESES<\/b><\/p>\n<p style=\"text-align: justify\">As Comiss\u00f5es Julgadoras das Disserta\u00e7\u00f5es de Mestrado e das Teses de Doutorado ser\u00e3o compostas por:<\/p>\n<p style=\"text-align: justify\">a) Tr\u00eas membros titulares e tr\u00eas suplentes;<\/p>\n<p style=\"text-align: justify\">b) As Comiss\u00f5es Julgadoras ser\u00e3o compostas tamb\u00e9m pelo orientador ou coorientador do candidato, exclusivamente na condi\u00e7\u00e3o de Presidente, sem direito a voto.<\/p>\n<p style=\"text-align: justify\"><b>V \u2013 CRIT\u00c9RIOS PARA TRANSFER\u00caNCIA DE PROGRAMA, \u00c1REA DE CONCENTRA\u00c7\u00c3O E CURSO<\/b><\/p>\n<p style=\"text-align: justify\">Por tratar-se de Programa \u00fanico de uma CPG, com duas \u00e1reas de concentra\u00e7\u00e3o, uma com o Curso de Doutorado e a outra com o Curso de Mestrado Profissional, a transfer\u00eancia s\u00f3 poder\u00e1 ocorrer entre Cursos\/CPGs distintos de acordo com o normatizado no Regimento de P\u00f3s-Gradua\u00e7\u00e3o da USP.<\/p>\n","protected":false},"excerpt":{"rendered":"<p>Resolu\u00e7\u00e3o Copgr 6710, De 22 De Janeiro De 2014 (D.O.E.: 29\/01\/2014) Baixa o Regimento da Comiss\u00e3o de P\u00f3s-Gradua\u00e7\u00e3o do Instituto Dante Pazzanese de Cardiologia \u2013 IDPC. O Pr\u00f3-Reitor de P\u00f3s-Gradua\u00e7\u00e3o da Universidade de S\u00e3o Paulo, usando de suas atribui\u00e7\u00f5es legais e de acordo com a aprova\u00e7\u00e3o ad referendum do Conselho de P\u00f3s-Gradua\u00e7\u00e3o, em 15\/01\/2014, baixa a seguinte RESOLU\u00c7\u00c3O: Artigo 1\u00ba \u2013 Fica aprovado o Regimento da Comiss\u00e3o de P\u00f3s-Gradua\u00e7\u00e3o do Instituto Dante Pazzanese de Cardiologia, constante do anexo da presente Resolu\u00e7\u00e3o. Artigo 2\u00ba \u2013 Esta Resolu\u00e7\u00e3o entrar\u00e1 em vigor na data de sua publica\u00e7\u00e3o. Artigo 3\u00ba \u2013 Ficam revogadas as disposi\u00e7\u00f5es em contr\u00e1rio (Processo 2008.1.38888.1.6). Pr\u00f3-Reitoria de P\u00f3s-Gradua\u00e7\u00e3o da Universidade de S\u00e3o Paulo, 22 de janeiro de 2014. VAHAN AGOPYAN Pr\u00f3-Reitor RUBENS BE\u00c7AK Secret\u00e1rio Geral \u00a0 Regimento Da Comiss\u00e3o De P\u00f3s-Gradua\u00e7\u00e3o Da Instituto Dante Pazzanese De Cardiologia: I \u2013 COMPOSI\u00c7\u00c3O DA COMISS\u00c3O DE P\u00d3S-GRADUA\u00c7\u00c3O (CPG) A CPG do IDPC \u00e9 constitu\u00edda por 7 (sete) membros: 6 (seis) Docentes credenciados como Orientadores plenos do Programa USP-IDPC e 1 (um) representante do Corpo Discente, regularmente matriculado no Programa USP-IDPC. Cada membro titular ter\u00e1 um suplente. II \u2013 TAXAS a) Para inscri\u00e7\u00e3o ao processo seletivo \u00e9 cobrada a taxa m\u00e1xima estabelecida pelo Conselho [&#8230;]<\/p>\n","protected":false},"author":364,"featured_media":0,"parent":0,"menu_order":0,"comment_status":"closed","ping_status":"closed","template":"page-full.php","meta":{"footnotes":"","_links_to":"","_links_to_target":""},"class_list":["post-1722","page","type-page","status-publish","hentry"],"_links":{"self":[{"href":"https:\/\/sites.usp.br\/mp-usp-idpc\/wp-json\/wp\/v2\/pages\/1722","targetHints":{"allow":["GET"]}}],"collection":[{"href":"https:\/\/sites.usp.br\/mp-usp-idpc\/wp-json\/wp\/v2\/pages"}],"about":[{"href":"https:\/\/sites.usp.br\/mp-usp-idpc\/wp-json\/wp\/v2\/types\/page"}],"author":[{"embeddable":true,"href":"https:\/\/sites.usp.br\/mp-usp-idpc\/wp-json\/wp\/v2\/users\/364"}],"replies":[{"embeddable":true,"href":"https:\/\/sites.usp.br\/mp-usp-idpc\/wp-json\/wp\/v2\/comments?post=1722"}],"version-history":[{"count":6,"href":"https:\/\/sites.usp.br\/mp-usp-idpc\/wp-json\/wp\/v2\/pages\/1722\/revisions"}],"predecessor-version":[{"id":2410,"href":"https:\/\/sites.usp.br\/mp-usp-idpc\/wp-json\/wp\/v2\/pages\/1722\/revisions\/2410"}],"wp:attachment":[{"href":"https:\/\/sites.usp.br\/mp-usp-idpc\/wp-json\/wp\/v2\/media?parent=1722"}],"curies":[{"name":"wp","href":"https:\/\/api.w.org\/{rel}","templated":true}]}}