{"id":2477,"date":"2017-02-03T15:16:45","date_gmt":"2017-02-03T17:16:45","guid":{"rendered":"http:\/\/sites.usp.br\/mp-usp-idpc\/?page_id=2477"},"modified":"2021-10-22T16:28:41","modified_gmt":"2021-10-22T19:28:41","slug":"comissao-coordenadora-programa-ccp","status":"publish","type":"page","link":"https:\/\/sites.usp.br\/mp-usp-idpc\/comissao-coordenadora-programa-ccp\/","title":{"rendered":"Comiss\u00e3o Coordenadora do Programa (CCP)"},"content":{"rendered":"<p><span style=\"font-family: Verdana;\"><span style=\"font-family: Verdana;\"><span style=\"color: #1094ab;\"><strong>MESTRADO PROFISSIONAL ASSOCIADO \u00c0 RESID\u00caNCIA EM MEDICINA CARDIOVASCULAR<\/strong> <\/span><\/span><\/span><\/p>\n<p>Elei\u00e7\u00e3o do Membros: 11\/01\/2021 &#8211; Mandatos: <strong>12\/01\/2021 a 11\/01\/2023<\/strong><\/p>\n<p>Elei\u00e7\u00e3o do Coordenador: Sess\u00e3o de 19\/01\/2021 &#8211; Mandatos: 19\/01\/21 a 18\/01\/23<\/p>\n<p>&#8211; Of. CPG-IDPC\/03\/2021, de 20\/01\/2021<\/p>\n<table width=\"664\">\n<tbody>\n<tr style=\"text-align: left;\">\n<td style=\"background-color: #1094ab; width: 100px; border-color: #999999; font-size: 14px; text-align: center; vertical-align: middle;\" width=\"200\"><span style=\"color: #ffffff;\"><strong><span style=\"font-family: Verdana;\">Coordenador<\/span><\/strong><\/span><\/td>\n<td style=\"background-color: #1094ab; width: 100px; border-color: #999999; font-size: 14px; text-align: center; vertical-align: middle;\" width=\"200\"><span style=\"color: #ffffff;\"><strong><span style=\"font-family: Verdana;\">Suplente<\/span><\/strong><\/span><\/td>\n<\/tr>\n<tr>\n<td style=\"width: 100px; border-color: #999999; font-size: 13px; text-align: left; vertical-align: middle;\" width=\"200\"><span style=\"font-family: Verdana;\">Gustavo Bernardes de Figueiredo Oliveira <\/span><\/td>\n<td style=\"width: 100px; border-color: #999999; font-size: 13px; text-align: left; vertical-align: middle;\" width=\"200\"><span style=\"font-family: Verdana;\">Romeu S\u00e9rgio Meneghelo <\/span><\/td>\n<\/tr>\n<tr style=\"text-align: left;\">\n<td style=\"background-color: #1094ab; width: 100px; border-color: #999999; font-size: 14px; text-align: center; vertical-align: middle;\" width=\"200\"><span style=\"color: #ffffff;\"><strong><span style=\"font-family: Verdana;\">Membros Titulares <\/span><\/strong><\/span><\/td>\n<td style=\"background-color: #1094ab; width: 100px; border-color: #999999; font-size: 14px; text-align: center; vertical-align: middle;\" width=\"200\"><span style=\"color: #ffffff;\"><strong><span style=\"font-family: Verdana;\">Membros Suplentes<\/span><\/strong><\/span><\/td>\n<\/tr>\n<tr>\n<td style=\"width: 100px; border-color: #999999; text-align: left; font-size: 13px; vertical-align: middle;\" width=\"200\"><span style=\"font-family: Verdana;\">Andr\u00e9 Arpad Faludi <\/span><\/td>\n<td style=\"width: 100px; border-color: #999999; text-align: left; font-size: 13px; vertical-align: middle;\" width=\"200\"><span style=\"font-family: Verdana;\">Dimytri Alexandre de Alvim Siqueira <\/span><\/td>\n<\/tr>\n<tr>\n<td style=\"width: 100px; border-color: #999999; text-align: left; font-size: 13px; vertical-align: middle;\" width=\"200\"><span style=\"font-family: Verdana;\">Carlos Gun<\/span><\/td>\n<td style=\"width: 100px; border-color: #999999; text-align: left; font-size: 13px; vertical-align: middle;\" width=\"200\"><span style=\"font-family: Verdana;\">Magaly Arrais dos Santos <\/span><\/td>\n<\/tr>\n<tr>\n<td style=\"width: 100px; border-color: #999999; text-align: left; font-size: 13px; vertical-align: middle;\" width=\"200\"><span style=\"font-family: Verdana;\">Gustavo Bernardes de Figueiredo Oliveira <\/span><\/td>\n<td style=\"width: 100px; border-color: #999999; text-align: left; font-size: 13px; vertical-align: middle;\" width=\"200\"><span style=\"font-family: Verdana;\">Luciana Vidal Armaganijan <\/span><\/td>\n<\/tr>\n<tr>\n<td style=\"width: 100px; border-color: #999999; text-align: left; font-size: 13px; vertical-align: middle;\" width=\"200\"><span style=\"font-family: Verdana;\">Romeu S\u00e9rgio Meneghelo <\/span><\/td>\n<td style=\"width: 100px; border-color: #999999; text-align: left; font-size: 13px; vertical-align: middle;\" width=\"200\"><span style=\"font-family: Verdana;\">Rodrigo Bellio de Mattos Barretto <\/span><\/td>\n<\/tr>\n<tr>\n<td style=\"width: 100px; border-color: #999999; text-align: left; font-size: 13px; vertical-align: middle;\" width=\"200\"><span style=\"font-family: Verdana;\">Simone Rolim Fernandes Fontes Pedra <\/span><\/td>\n<td style=\"width: 100px; border-color: #999999; text-align: left; font-size: 13px; vertical-align: middle;\" width=\"200\"><span style=\"font-family: Verdana;\">David Costa de Souza Le Behin <\/span><\/td>\n<\/tr>\n<tr>\n<td style=\"width: 100px; border-color: #999999; text-align: left; font-size: 13px; vertical-align: middle;\" width=\"200\"><span style=\"color: #0000ff;\"><em>Repres. Discente:<\/em><\/span> <span style=\"font-family: Verdana;\">Mateus Arantes Prata<\/span><br \/>\n<em>&#8211; Mandato: 03\/03\/21 a 02\/03\/22<\/em><\/td>\n<td style=\"width: 100px; border-color: #999999; text-align: left; font-size: 13px; vertical-align: middle;\" width=\"200\"><span style=\"font-family: Verdana;\">Kelvin Henrique Vilalva<\/span><\/td>\n<\/tr>\n<\/tbody>\n<\/table>\n<p><span style=\"font-family: Verdana;\"><span style=\"font-family: Verdana; font-size: small;\"><strong>Contato: <\/strong>Tel. (11) 5085-6274\/6244 &#8211; E-mail: <a href=\"mailto:cpg@dantepazzanese.org.br\">cpg@dantepazzanese.org.br<\/a><\/span><\/span><\/p>\n","protected":false},"excerpt":{"rendered":"<p>MESTRADO PROFISSIONAL ASSOCIADO \u00c0 RESID\u00caNCIA EM MEDICINA CARDIOVASCULAR Elei\u00e7\u00e3o do Membros: 11\/01\/2021 &#8211; Mandatos: 12\/01\/2021 a 11\/01\/2023 Elei\u00e7\u00e3o do Coordenador: Sess\u00e3o de 19\/01\/2021 &#8211; Mandatos: 19\/01\/21 a 18\/01\/23 &#8211; Of. CPG-IDPC\/03\/2021, de 20\/01\/2021 Coordenador Suplente Gustavo Bernardes de Figueiredo Oliveira Romeu S\u00e9rgio Meneghelo Membros Titulares Membros Suplentes Andr\u00e9 Arpad Faludi Dimytri Alexandre de Alvim Siqueira Carlos Gun Magaly Arrais dos Santos Gustavo Bernardes de Figueiredo Oliveira Luciana Vidal Armaganijan Romeu S\u00e9rgio Meneghelo Rodrigo Bellio de Mattos Barretto Simone Rolim Fernandes Fontes Pedra David Costa de Souza Le Behin Repres. Discente: Mateus Arantes Prata &#8211; Mandato: 03\/03\/21 a 02\/03\/22 Kelvin Henrique Vilalva Contato: Tel. (11) 5085-6274\/6244 &#8211; E-mail: cpg@dantepazzanese.org.br<\/p>\n","protected":false},"author":364,"featured_media":0,"parent":0,"menu_order":0,"comment_status":"closed","ping_status":"closed","template":"","meta":{"footnotes":"","_links_to":"","_links_to_target":""},"class_list":["post-2477","page","type-page","status-publish","hentry"],"_links":{"self":[{"href":"https:\/\/sites.usp.br\/mp-usp-idpc\/wp-json\/wp\/v2\/pages\/2477","targetHints":{"allow":["GET"]}}],"collection":[{"href":"https:\/\/sites.usp.br\/mp-usp-idpc\/wp-json\/wp\/v2\/pages"}],"about":[{"href":"https:\/\/sites.usp.br\/mp-usp-idpc\/wp-json\/wp\/v2\/types\/page"}],"author":[{"embeddable":true,"href":"https:\/\/sites.usp.br\/mp-usp-idpc\/wp-json\/wp\/v2\/users\/364"}],"replies":[{"embeddable":true,"href":"https:\/\/sites.usp.br\/mp-usp-idpc\/wp-json\/wp\/v2\/comments?post=2477"}],"version-history":[{"count":4,"href":"https:\/\/sites.usp.br\/mp-usp-idpc\/wp-json\/wp\/v2\/pages\/2477\/revisions"}],"predecessor-version":[{"id":2857,"href":"https:\/\/sites.usp.br\/mp-usp-idpc\/wp-json\/wp\/v2\/pages\/2477\/revisions\/2857"}],"wp:attachment":[{"href":"https:\/\/sites.usp.br\/mp-usp-idpc\/wp-json\/wp\/v2\/media?parent=2477"}],"curies":[{"name":"wp","href":"https:\/\/api.w.org\/{rel}","templated":true}]}}