{"id":172,"date":"2023-08-07T14:43:45","date_gmt":"2023-08-07T16:43:45","guid":{"rendered":"https:\/\/sites.usp.br\/mpaps\/?page_id=172"},"modified":"2026-03-27T09:53:49","modified_gmt":"2026-03-27T11:53:49","slug":"producoes-tecnicas","status":"publish","type":"page","link":"https:\/\/sites.usp.br\/mpaps\/producoes-tecnicas\/","title":{"rendered":"Produ\u00e7\u00f5es T\u00e9cnicas"},"content":{"rendered":"\t\t<div data-elementor-type=\"wp-page\" data-elementor-id=\"172\" class=\"elementor elementor-172\" data-elementor-post-type=\"page\">\n\t\t\t\t\t\t<section class=\"elementor-section elementor-top-section elementor-element elementor-element-4ca7444 elementor-section-boxed elementor-section-height-default elementor-section-height-default elementor-invisible\" data-id=\"4ca7444\" data-element_type=\"section\" data-settings=\"{&quot;animation&quot;:&quot;fadeIn&quot;}\">\n\t\t\t\t\t\t<div class=\"elementor-container elementor-column-gap-default\">\n\t\t\t\t\t<div class=\"elementor-column elementor-col-100 elementor-top-column elementor-element elementor-element-5c1008a\" data-id=\"5c1008a\" data-element_type=\"column\">\n\t\t\t<div class=\"elementor-widget-wrap elementor-element-populated\">\n\t\t\t\t\t\t<div class=\"elementor-element elementor-element-33fd224 elementor-widget__width-initial elementor-widget elementor-widget-heading\" data-id=\"33fd224\" data-element_type=\"widget\" data-widget_type=\"heading.default\">\n\t\t\t\t<div class=\"elementor-widget-container\">\n\t\t\t<h2 class=\"elementor-heading-title elementor-size-default\">Produ\u00e7\u00f5es T\u00e9cnicas<\/h2>\t\t<\/div>\n\t\t\t\t<\/div>\n\t\t\t\t\t<\/div>\n\t\t<\/div>\n\t\t\t\t\t<\/div>\n\t\t<\/section>\n\t\t\t\t<section class=\"elementor-section elementor-top-section elementor-element elementor-element-75999b2b elementor-section-boxed elementor-section-height-default elementor-section-height-default\" data-id=\"75999b2b\" data-element_type=\"section\">\n\t\t\t\t\t\t<div class=\"elementor-container elementor-column-gap-default\">\n\t\t\t\t\t<div class=\"elementor-column elementor-col-100 elementor-top-column elementor-element elementor-element-65cb7ec5\" data-id=\"65cb7ec5\" data-element_type=\"column\">\n\t\t\t<div class=\"elementor-widget-wrap elementor-element-populated\">\n\t\t\t\t\t\t<div class=\"elementor-element elementor-element-33040ef5 elementor-widget elementor-widget-text-editor\" data-id=\"33040ef5\" data-element_type=\"widget\" data-widget_type=\"text-editor.default\">\n\t\t\t\t<div class=\"elementor-widget-container\">\n\t\t\t\t\t\t\t<p><span style=\"color: #1e70b9;\"><strong>Produ\u00e7\u00f5es do MPAPS<\/strong><\/span><\/p><div><p>\u201c\u00c9 permitida a reprodu\u00e7\u00e3o parcial ou total desde que citada a fonte\u201d<\/p><div>\u00bb\u00a0<strong><a href=\"https:\/\/www.ee.usp.br\/wp-content\/uploads\/2023\/11\/Redacao_Documentos_Cientificos.pdf\" target=\"_blank\" rel=\"noopener\">Reda\u00e7\u00e3o de Documentos Cient\u00edficos: Caderno de apoio aos estudantes de P\u00f3s-Gradua\u00e7\u00e3o<\/a><\/strong><br \/>Organizadoras: Dra C\u00e9lia Regina Maganha e Melo, Dra Lucia Yasuko Izumi Nichiata, Dra Lislaine Aparecida Fracolli e Dra Maria de La \u00d3 Ramallo Ver\u00edssimo<\/div><div>\u00a0<\/div><div><div>\u00bb\u00a0<strong><a href=\"https:\/\/www.ee.usp.br\/posgraduacao\/mestrado\/apostilas\/tecnologias_atencao.pdf\" target=\"_blank\" rel=\"noopener\">Tecnologias de sistematiza\u00e7\u00e3o da assist\u00eancia de enfermagem a fam\u00edlias na aten\u00e7\u00e3o prim\u00e1ria \u00e0 sa\u00fade<\/a><\/strong><\/div><div>O livro \u00e9 uma publica\u00e7\u00e3o em alinhamento com o projeto \u201cTecnologias para a Sistematiza\u00e7\u00e3o da Assist\u00eancia de Enfermagem a Fam\u00edlias na Aten\u00e7\u00e3o B\u00e1sica no Munic\u00edpio de S\u00e3o Paulo\u201d, financiado pelo Edital CAPES\/COFEN e tem como objetivo apoiar a qualifica\u00e7\u00e3o do trabalho desenvolvido por enfermeiras para a aplica\u00e7\u00e3o da SAE \u00e0s fam\u00edlias no \u00e2mbito da APS.<\/div><div><p>Autoras: Adriana Barros Viegas, Alessandra Cristina Ferreira Martins, Aline Marion Moreira Kolle, Ana Paula Turin Rouiller, Anna Luiza de F\u00e1tima Pinho Lins Gryschek, Anna Maria Chiesa, Candida Ferrito, Carla Andrea Trap\u00e9, Cassia Baldini Soares, Celia Maria Sivalli Campos, C\u00e9zar Donizetti Luquine J\u00fanior, Cintia de Freitas Oliveira, Elma Zoboli, Elo\u00e1 Otrenti, Emiko Yoshikawa Egry, Emiliana Maria Grando Gaiotto, Erica Gomes Pereira, Grasielle Camis\u00e3o Ribeiro, Karen Namie Sakata-So, Lislaine Aparecida Fracolli, Lucia Yasuko Izumi Nichiata, Marcia Regina Cubas, Marcia Regina Cubas, Maria Clara Padoveze, Maria Rita Bertolozzi, Maritsa Carla de Bortoli, Milene Aparecida Aguiar Vilas Boas, Nat\u00e1lia Rodrigues Mosca, Sayuri Tanaka Maeda, Sel\u00f4nia Patr\u00edcia Oliveira Sousa Caballero, Su\u00e9llen Mariane Rios Vicente, Tereza Setsuko Toma e V\u00e2nia Ferreira Gomes Dias<br \/><br \/>\u00bb <a href=\"https:\/\/sites.usp.br\/mpaps\/wp-content\/uploads\/sites\/1336\/2026\/03\/PTT-Imunizacao-passiva-na-gestacao-entenda-e-proteja.pdf\" target=\"_blank\" rel=\"noopener\">Imuniza\u00e7\u00e3o passiva na gesta\u00e7\u00e3o: entenda e proteja<\/a><br \/>Autoras: Gislaine dos Santos Correia e Profa. Dra. Anna Luiza de F\u00e1tima Pinho Lins Gryschek<\/p><p>\u00bb <a href=\"https:\/\/sites.usp.br\/mpaps\/wp-content\/uploads\/sites\/1336\/2026\/03\/E-book-TEA-NA-PERSPECTIVA-DA-DETERMINACAO-SOCIAL-DA-SAUDE.pdf\" target=\"_blank\" rel=\"noopener\">E-BOOK: TEA na perspectiva da determina\u00e7\u00e3o social da Sa\u00fade &#8211; Sistematiza\u00e7\u00e3o de oficinas emancipat\u00f3rias para enfermeiros da APS<\/a><br \/>Autoras: Gabriela Tripicchio Gon\u00e7alves e Profa. Dra. Carla Andrea Trap\u00e9<\/p><p>\u00bb <a href=\"https:\/\/sites.usp.br\/mpaps\/wp-content\/uploads\/sites\/1336\/2026\/03\/PTT-Os-primeiros-anos-de-vida_-elaboracao-de-um-guia-para-1.pdf\" target=\"_blank\" rel=\"noopener\">Os primeiros anos de vida: elabora\u00e7\u00e3o de um guia para atendimento em grupos educativos na aten\u00e7\u00e3o prim\u00e1ria \u00e0 sa\u00fade com foco no desenvolvimento infantil<\/a><br \/>Autoras: Larissa Fernandes de Souza e Profa. Dra. Claudia Nery Teixeira Palombo<\/p><p>\u00bb <a href=\"https:\/\/sites.usp.br\/mpaps\/wp-content\/uploads\/sites\/1336\/2026\/03\/E-BOOK-O-poder-do-ludico-no-desenvolvimento-infantil.pdf\" target=\"_blank\" rel=\"noopener\">O poder do l\u00fadico no desenvolvimento infantil<\/a><br \/>Autores: Valter da Silva Siqueira e Prof. Dr. Alfredo Almeida Pina de Oliveira<\/p><\/div><\/div><\/div>\t\t\t\t\t\t<\/div>\n\t\t\t\t<\/div>\n\t\t\t\t\t<\/div>\n\t\t<\/div>\n\t\t\t\t\t<\/div>\n\t\t<\/section>\n\t\t\t\t<section class=\"elementor-section elementor-top-section elementor-element elementor-element-7585fd0 elementor-section-boxed elementor-section-height-default elementor-section-height-default\" data-id=\"7585fd0\" data-element_type=\"section\">\n\t\t\t\t\t\t<div class=\"elementor-container elementor-column-gap-default\">\n\t\t\t\t\t<div class=\"elementor-column elementor-col-100 elementor-top-column elementor-element elementor-element-46fe438\" data-id=\"46fe438\" data-element_type=\"column\">\n\t\t\t<div class=\"elementor-widget-wrap elementor-element-populated\">\n\t\t\t\t\t\t<div class=\"elementor-element elementor-element-4c4239a elementor-widget elementor-widget-text-editor\" data-id=\"4c4239a\" data-element_type=\"widget\" data-widget_type=\"text-editor.default\">\n\t\t\t\t<div class=\"elementor-widget-container\">\n\t\t\t\t\t\t\t<div><p><strong><a href=\"https:\/\/sites.usp.br\/mpaps\/producoes-tecnicas-2025\/\" target=\"_blank\" rel=\"noopener\">Produ\u00e7\u00f5es T\u00e9cnicas 2025<\/a><\/strong><\/p><\/div><p><strong><a href=\"https:\/\/sites.usp.br\/mpaps\/producoes-tecnicas-2024\/\" target=\"_blank\" rel=\"noopener\">Produ\u00e7\u00f5es T\u00e9cnicas 2024<\/a><\/strong><\/p><p><strong><a href=\"https:\/\/sites.usp.br\/mpaps\/producoes-tecnicas-2021-a-2023\/\" target=\"_blank\" rel=\"noopener\">Produ\u00e7\u00f5es T\u00e9cnicas 2021 a 2023<\/a><\/strong><\/p><p><strong><a href=\"https:\/\/sites.usp.br\/mpaps\/producoes-tecnicas-2018-a-2020\/\" target=\"_blank\" rel=\"noopener\">Produ\u00e7\u00f5es T\u00e9cnicas 2018 a 2020<\/a><\/strong><\/p><p><strong><a href=\"https:\/\/sites.usp.br\/mpaps\/producoes-tecnicas-2015-a-2017\/\" target=\"_blank\" rel=\"noopener\">Produ\u00e7\u00f5es T\u00e9cnicas 2015 a 2017<\/a><\/strong><\/p>\t\t\t\t\t\t<\/div>\n\t\t\t\t<\/div>\n\t\t\t\t\t<\/div>\n\t\t<\/div>\n\t\t\t\t\t<\/div>\n\t\t<\/section>\n\t\t\t\t<section class=\"elementor-section elementor-top-section elementor-element elementor-element-b4a8edc elementor-section-boxed elementor-section-height-default elementor-section-height-default\" data-id=\"b4a8edc\" data-element_type=\"section\">\n\t\t\t\t\t\t<div class=\"elementor-container elementor-column-gap-default\">\n\t\t\t\t\t<div class=\"elementor-column elementor-col-100 elementor-top-column elementor-element elementor-element-20fbf3b\" data-id=\"20fbf3b\" data-element_type=\"column\">\n\t\t\t<div class=\"elementor-widget-wrap elementor-element-populated\">\n\t\t\t\t\t\t<div class=\"elementor-element elementor-element-f9e45d0 elementor-widget elementor-widget-text-editor\" data-id=\"f9e45d0\" data-element_type=\"widget\" data-widget_type=\"text-editor.default\">\n\t\t\t\t<div class=\"elementor-widget-container\">\n\t\t\t\t\t\t\t<p><span style=\"color: #1e70b9;\"><strong>Produ\u00e7\u00f5es externas importantes para a qualifica\u00e7\u00e3o da aten\u00e7\u00e3o \u00e0 sa\u00fade no \u00e2mbito da Aten\u00e7\u00e3o Prim\u00e1ria \u00e0 Sa\u00fade no SUS<\/strong><\/span><\/p><p><strong>\u00bb<a href=\"http:\/\/www.ee.usp.br\/posgraduacao\/mestrado\/apostilas\/Guia_AA.pdf\" target=\"_blank\" rel=\"noopener\">\u00a0<span style=\"color: #000000;\">Acesso Avan\u00e7ado na pr\u00e1tica &#8211; Guia com estrat\u00e9gias colaborativas para implanta\u00e7\u00e3o do modelo, servindo de link para o arquivo anexo<\/span><\/a><\/strong><br \/>Autoras: Larayne Gallo Farias Oliveira e Profa. Dra. Lislaine Aparecida Fracolli<\/p>\t\t\t\t\t\t<\/div>\n\t\t\t\t<\/div>\n\t\t\t\t\t<\/div>\n\t\t<\/div>\n\t\t\t\t\t<\/div>\n\t\t<\/section>\n\t\t\t\t<section class=\"elementor-section elementor-top-section elementor-element elementor-element-b837d86 elementor-section-boxed elementor-section-height-default elementor-section-height-default\" data-id=\"b837d86\" data-element_type=\"section\" data-settings=\"{&quot;background_background&quot;:&quot;classic&quot;}\">\n\t\t\t\t\t\t<div class=\"elementor-container elementor-column-gap-default\">\n\t\t\t\t\t<div class=\"elementor-column elementor-col-100 elementor-top-column elementor-element elementor-element-bba2757\" data-id=\"bba2757\" data-element_type=\"column\">\n\t\t\t<div class=\"elementor-widget-wrap elementor-element-populated\">\n\t\t\t\t\t\t<div class=\"elementor-element elementor-element-d099cda elementor-widget-divider--view-line elementor-widget elementor-widget-divider\" data-id=\"d099cda\" data-element_type=\"widget\" data-widget_type=\"divider.default\">\n\t\t\t\t<div class=\"elementor-widget-container\">\n\t\t\t\t\t<div class=\"elementor-divider\">\n\t\t\t<span class=\"elementor-divider-separator\">\n\t\t\t\t\t\t<\/span>\n\t\t<\/div>\n\t\t\t\t<\/div>\n\t\t\t\t<\/div>\n\t\t\t\t\t<\/div>\n\t\t<\/div>\n\t\t\t\t\t<\/div>\n\t\t<\/section>\n\t\t\t\t<section class=\"elementor-section elementor-top-section elementor-element elementor-element-9a11876 elementor-section-boxed elementor-section-height-default elementor-section-height-default\" data-id=\"9a11876\" data-element_type=\"section\">\n\t\t\t\t\t\t<div class=\"elementor-container elementor-column-gap-default\">\n\t\t\t\t\t<div class=\"elementor-column elementor-col-100 elementor-top-column elementor-element elementor-element-9763c3e\" data-id=\"9763c3e\" data-element_type=\"column\">\n\t\t\t<div class=\"elementor-widget-wrap elementor-element-populated\">\n\t\t\t\t\t\t<div class=\"elementor-element elementor-element-d09fd5b elementor-widget elementor-widget-text-editor\" data-id=\"d09fd5b\" data-element_type=\"widget\" data-widget_type=\"text-editor.default\">\n\t\t\t\t<div class=\"elementor-widget-container\">\n\t\t\t\t\t\t\t<p><span style=\"color: #1e70b9;\"><strong>Programa de P\u00f3s-Gradua\u00e7\u00e3o Mestrado Profissional em Enfermagem na Aten\u00e7\u00e3o Prim\u00e1ria em Sa\u00fade no Sistema \u00danico de Sa\u00fade \u2013 MPAPS<\/strong><\/span><\/p><p><span style=\"color: #0d4e71;\"><strong>Telefone:<\/strong> (11) 3061-7533 | <strong>E-mail:<\/strong>\u00a0<a style=\"color: #0d4e71;\" href=\"mailto:ppg.mpaps.ee@usp.br\" target=\"_blank\" rel=\"noopener\">ppg.mpaps.ee@usp.br<\/a><\/span><\/p><div><p><span style=\"color: #0d4e71;\"><strong>Hor\u00e1rio de atendimento: <\/strong>Segunda a sexta, das 8h \u00e0s 17h<\/span><\/p><\/div>\t\t\t\t\t\t<\/div>\n\t\t\t\t<\/div>\n\t\t\t\t\t<\/div>\n\t\t<\/div>\n\t\t\t\t\t<\/div>\n\t\t<\/section>\n\t\t\t\t<section class=\"elementor-section elementor-top-section elementor-element elementor-element-36598d8 elementor-section-boxed elementor-section-height-default elementor-section-height-default\" data-id=\"36598d8\" data-element_type=\"section\">\n\t\t\t\t\t\t<div class=\"elementor-container elementor-column-gap-default\">\n\t\t\t\t\t<div class=\"elementor-column elementor-col-100 elementor-top-column elementor-element elementor-element-cbd855b\" data-id=\"cbd855b\" data-element_type=\"column\">\n\t\t\t<div class=\"elementor-widget-wrap elementor-element-populated\">\n\t\t\t\t\t\t<div class=\"elementor-element elementor-element-e4012e3 elementor-widget-divider--view-line elementor-widget elementor-widget-divider\" data-id=\"e4012e3\" data-element_type=\"widget\" data-widget_type=\"divider.default\">\n\t\t\t\t<div class=\"elementor-widget-container\">\n\t\t\t\t\t<div class=\"elementor-divider\">\n\t\t\t<span class=\"elementor-divider-separator\">\n\t\t\t\t\t\t<\/span>\n\t\t<\/div>\n\t\t\t\t<\/div>\n\t\t\t\t<\/div>\n\t\t\t\t\t<\/div>\n\t\t<\/div>\n\t\t\t\t\t<\/div>\n\t\t<\/section>\n\t\t\t\t<section class=\"elementor-section elementor-top-section elementor-element elementor-element-c36d29d elementor-section-boxed elementor-section-height-default elementor-section-height-default\" data-id=\"c36d29d\" data-element_type=\"section\">\n\t\t\t\t\t\t<div class=\"elementor-container elementor-column-gap-default\">\n\t\t\t\t\t<div class=\"elementor-column elementor-col-100 elementor-top-column elementor-element elementor-element-a41ba70\" data-id=\"a41ba70\" data-element_type=\"column\">\n\t\t\t<div class=\"elementor-widget-wrap elementor-element-populated\">\n\t\t\t\t\t\t<div class=\"elementor-element elementor-element-e046c97 elementor-widget elementor-widget-spacer\" data-id=\"e046c97\" data-element_type=\"widget\" data-widget_type=\"spacer.default\">\n\t\t\t\t<div class=\"elementor-widget-container\">\n\t\t\t\t\t<div class=\"elementor-spacer\">\n\t\t\t<div class=\"elementor-spacer-inner\"><\/div>\n\t\t<\/div>\n\t\t\t\t<\/div>\n\t\t\t\t<\/div>\n\t\t\t\t\t<\/div>\n\t\t<\/div>\n\t\t\t\t\t<\/div>\n\t\t<\/section>\n\t\t\t\t<\/div>\n\t\t","protected":false},"excerpt":{"rendered":"<p>Produ\u00e7\u00f5es T\u00e9cnicas Produ\u00e7\u00f5es do MPAPS \u201c\u00c9 permitida a reprodu\u00e7\u00e3o parcial ou total desde que citada a fonte\u201d \u00bb\u00a0Reda\u00e7\u00e3o de Documentos Cient\u00edficos: Caderno de apoio aos estudantes de P\u00f3s-Gradua\u00e7\u00e3oOrganizadoras: Dra C\u00e9lia Regina Maganha e Melo, Dra Lucia Yasuko Izumi Nichiata, Dra Lislaine Aparecida Fracolli e Dra Maria de La \u00d3 Ramallo Ver\u00edssimo\u00a0\u00bb\u00a0Tecnologias de sistematiza\u00e7\u00e3o da assist\u00eancia [&hellip;]<\/p>\n","protected":false},"author":23730,"featured_media":0,"parent":0,"menu_order":0,"comment_status":"closed","ping_status":"closed","template":"","meta":{"footnotes":"","_links_to":"","_links_to_target":""},"class_list":["post-172","page","type-page","status-publish","hentry"],"_links":{"self":[{"href":"https:\/\/sites.usp.br\/mpaps\/wp-json\/wp\/v2\/pages\/172","targetHints":{"allow":["GET"]}}],"collection":[{"href":"https:\/\/sites.usp.br\/mpaps\/wp-json\/wp\/v2\/pages"}],"about":[{"href":"https:\/\/sites.usp.br\/mpaps\/wp-json\/wp\/v2\/types\/page"}],"author":[{"embeddable":true,"href":"https:\/\/sites.usp.br\/mpaps\/wp-json\/wp\/v2\/users\/23730"}],"replies":[{"embeddable":true,"href":"https:\/\/sites.usp.br\/mpaps\/wp-json\/wp\/v2\/comments?post=172"}],"version-history":[{"count":4,"href":"https:\/\/sites.usp.br\/mpaps\/wp-json\/wp\/v2\/pages\/172\/revisions"}],"predecessor-version":[{"id":1040,"href":"https:\/\/sites.usp.br\/mpaps\/wp-json\/wp\/v2\/pages\/172\/revisions\/1040"}],"wp:attachment":[{"href":"https:\/\/sites.usp.br\/mpaps\/wp-json\/wp\/v2\/media?parent=172"}],"curies":[{"name":"wp","href":"https:\/\/api.w.org\/{rel}","templated":true}]}}