{"id":182,"date":"2023-08-07T14:50:45","date_gmt":"2023-08-07T16:50:45","guid":{"rendered":"https:\/\/sites.usp.br\/mpaps\/?page_id=182"},"modified":"2025-12-17T11:36:01","modified_gmt":"2025-12-17T13:36:01","slug":"contato-2","status":"publish","type":"page","link":"https:\/\/sites.usp.br\/mpaps\/contato-2\/","title":{"rendered":"Secretaria"},"content":{"rendered":"\t\t<div data-elementor-type=\"wp-page\" data-elementor-id=\"182\" class=\"elementor elementor-182\" data-elementor-post-type=\"page\">\n\t\t\t\t\t\t<section class=\"elementor-section elementor-top-section elementor-element elementor-element-3ef65ee elementor-section-boxed elementor-section-height-default elementor-section-height-default elementor-invisible\" data-id=\"3ef65ee\" data-element_type=\"section\" data-settings=\"{&quot;animation&quot;:&quot;fadeIn&quot;}\">\n\t\t\t\t\t\t<div class=\"elementor-container elementor-column-gap-default\">\n\t\t\t\t\t<div class=\"elementor-column elementor-col-100 elementor-top-column elementor-element elementor-element-93d5987\" data-id=\"93d5987\" data-element_type=\"column\">\n\t\t\t<div class=\"elementor-widget-wrap elementor-element-populated\">\n\t\t\t\t\t\t<div class=\"elementor-element elementor-element-14e6eb7 elementor-widget__width-initial elementor-widget elementor-widget-heading\" data-id=\"14e6eb7\" data-element_type=\"widget\" data-widget_type=\"heading.default\">\n\t\t\t\t<div class=\"elementor-widget-container\">\n\t\t\t<h2 class=\"elementor-heading-title elementor-size-default\">Secretaria<\/h2>\t\t<\/div>\n\t\t\t\t<\/div>\n\t\t\t\t\t<\/div>\n\t\t<\/div>\n\t\t\t\t\t<\/div>\n\t\t<\/section>\n\t\t\t\t<section class=\"elementor-section elementor-top-section elementor-element elementor-element-a70df71 elementor-section-boxed elementor-section-height-default elementor-section-height-default\" data-id=\"a70df71\" data-element_type=\"section\">\n\t\t\t\t\t\t<div class=\"elementor-container elementor-column-gap-default\">\n\t\t\t\t\t<div class=\"elementor-column elementor-col-100 elementor-top-column elementor-element elementor-element-b9f8751\" data-id=\"b9f8751\" data-element_type=\"column\">\n\t\t\t<div class=\"elementor-widget-wrap elementor-element-populated\">\n\t\t\t\t\t\t<div class=\"elementor-element elementor-element-ac0587c elementor-widget elementor-widget-text-editor\" data-id=\"ac0587c\" data-element_type=\"widget\" data-widget_type=\"text-editor.default\">\n\t\t\t\t<div class=\"elementor-widget-container\">\n\t\t\t\t\t\t\t<div><p><strong>Servi\u00e7o de P\u00f3s-Gradua\u00e7\u00e3o da EEUSP<\/strong><\/p><\/div><div><strong>Endere\u00e7o:<\/strong> Av. Dr. En\u00e9as de Carvalho Aguiar, 419<\/div><div>CEP. 05403-000 \u2013 S\u00e3o Paulo &#8211; SP \u2013 Brasil<\/div><div><strong>Telefone:<\/strong> (11) 3061-7533<\/div><div><strong>E-mail:<\/strong> <a href=\"mailto:ppg.mpaps.ee@usp.br\" target=\"_blank\" rel=\"noopener\">ppg.mpaps.ee@usp.br<\/a><\/div><div><div><div>\u00a0<\/div><\/div><\/div>\t\t\t\t\t\t<\/div>\n\t\t\t\t<\/div>\n\t\t\t\t\t<\/div>\n\t\t<\/div>\n\t\t\t\t\t<\/div>\n\t\t<\/section>\n\t\t\t\t<section class=\"elementor-section elementor-top-section elementor-element elementor-element-e820a56 elementor-section-boxed elementor-section-height-default elementor-section-height-default\" data-id=\"e820a56\" data-element_type=\"section\">\n\t\t\t\t\t\t<div class=\"elementor-container elementor-column-gap-default\">\n\t\t\t\t\t<div class=\"elementor-column elementor-col-100 elementor-top-column elementor-element elementor-element-c683bfc\" data-id=\"c683bfc\" data-element_type=\"column\">\n\t\t\t<div class=\"elementor-widget-wrap elementor-element-populated\">\n\t\t\t\t\t\t<div class=\"elementor-element elementor-element-a692859 elementor-widget elementor-widget-text-editor\" data-id=\"a692859\" data-element_type=\"widget\" data-widget_type=\"text-editor.default\">\n\t\t\t\t<div class=\"elementor-widget-container\">\n\t\t\t\t\t\t\t<div><strong>Hor\u00e1rio de atendimento:<\/strong><\/div><div><div>&#8211; Presencial (sala 302): Ter\u00e7as-feiras: das 8h \u00e0s 12h; Quintas-feiras: das 13h \u00e0s 17h<\/div><div>&#8211; Telefone: 8h \u00e0s 17h<\/div><\/div>\t\t\t\t\t\t<\/div>\n\t\t\t\t<\/div>\n\t\t\t\t\t<\/div>\n\t\t<\/div>\n\t\t\t\t\t<\/div>\n\t\t<\/section>\n\t\t\t\t<section class=\"elementor-section elementor-top-section elementor-element elementor-element-dbe99bf elementor-section-boxed elementor-section-height-default elementor-section-height-default\" data-id=\"dbe99bf\" data-element_type=\"section\">\n\t\t\t\t\t\t<div class=\"elementor-container elementor-column-gap-default\">\n\t\t\t\t\t<div class=\"elementor-column elementor-col-100 elementor-top-column elementor-element elementor-element-bed9d18\" data-id=\"bed9d18\" data-element_type=\"column\">\n\t\t\t<div class=\"elementor-widget-wrap elementor-element-populated\">\n\t\t\t\t\t\t<div class=\"elementor-element elementor-element-c70f5e0 elementor-widget elementor-widget-spacer\" data-id=\"c70f5e0\" data-element_type=\"widget\" data-widget_type=\"spacer.default\">\n\t\t\t\t<div class=\"elementor-widget-container\">\n\t\t\t\t\t<div class=\"elementor-spacer\">\n\t\t\t<div class=\"elementor-spacer-inner\"><\/div>\n\t\t<\/div>\n\t\t\t\t<\/div>\n\t\t\t\t<\/div>\n\t\t\t\t\t<\/div>\n\t\t<\/div>\n\t\t\t\t\t<\/div>\n\t\t<\/section>\n\t\t\t\t<\/div>\n\t\t","protected":false},"excerpt":{"rendered":"<p>Secretaria Servi\u00e7o de P\u00f3s-Gradua\u00e7\u00e3o da EEUSP Endere\u00e7o: Av. Dr. En\u00e9as de Carvalho Aguiar, 419CEP. 05403-000 \u2013 S\u00e3o Paulo &#8211; SP \u2013 BrasilTelefone: (11) 3061-7533E-mail: ppg.mpaps.ee@usp.br\u00a0Hor\u00e1rio de atendimento:&#8211; Presencial (sala 302): Ter\u00e7as-feiras: das 8h \u00e0s 12h; Quintas-feiras: das 13h \u00e0s 17h- Telefone: 8h \u00e0s 17h<\/p>\n","protected":false},"author":23730,"featured_media":0,"parent":0,"menu_order":0,"comment_status":"closed","ping_status":"closed","template":"","meta":{"footnotes":"","_links_to":"","_links_to_target":""},"class_list":["post-182","page","type-page","status-publish","hentry"],"_links":{"self":[{"href":"https:\/\/sites.usp.br\/mpaps\/wp-json\/wp\/v2\/pages\/182","targetHints":{"allow":["GET"]}}],"collection":[{"href":"https:\/\/sites.usp.br\/mpaps\/wp-json\/wp\/v2\/pages"}],"about":[{"href":"https:\/\/sites.usp.br\/mpaps\/wp-json\/wp\/v2\/types\/page"}],"author":[{"embeddable":true,"href":"https:\/\/sites.usp.br\/mpaps\/wp-json\/wp\/v2\/users\/23730"}],"replies":[{"embeddable":true,"href":"https:\/\/sites.usp.br\/mpaps\/wp-json\/wp\/v2\/comments?post=182"}],"version-history":[{"count":4,"href":"https:\/\/sites.usp.br\/mpaps\/wp-json\/wp\/v2\/pages\/182\/revisions"}],"predecessor-version":[{"id":932,"href":"https:\/\/sites.usp.br\/mpaps\/wp-json\/wp\/v2\/pages\/182\/revisions\/932"}],"wp:attachment":[{"href":"https:\/\/sites.usp.br\/mpaps\/wp-json\/wp\/v2\/media?parent=182"}],"curies":[{"name":"wp","href":"https:\/\/api.w.org\/{rel}","templated":true}]}}