{"id":211,"date":"2023-08-07T15:29:18","date_gmt":"2023-08-07T17:29:18","guid":{"rendered":"https:\/\/sites.usp.br\/mpaps\/?page_id=211"},"modified":"2026-01-15T10:03:40","modified_gmt":"2026-01-15T12:03:40","slug":"orientadores","status":"publish","type":"page","link":"https:\/\/sites.usp.br\/mpaps\/orientadores\/","title":{"rendered":"Orientadores"},"content":{"rendered":"\t\t<div data-elementor-type=\"wp-page\" data-elementor-id=\"211\" class=\"elementor elementor-211\" data-elementor-post-type=\"page\">\n\t\t\t\t\t\t<section class=\"elementor-section elementor-top-section elementor-element elementor-element-a1d229e elementor-section-boxed elementor-section-height-default elementor-section-height-default elementor-invisible\" data-id=\"a1d229e\" data-element_type=\"section\" data-settings=\"{&quot;animation&quot;:&quot;fadeIn&quot;}\">\n\t\t\t\t\t\t<div class=\"elementor-container elementor-column-gap-default\">\n\t\t\t\t\t<div class=\"elementor-column elementor-col-100 elementor-top-column elementor-element elementor-element-ee8f936\" data-id=\"ee8f936\" data-element_type=\"column\">\n\t\t\t<div class=\"elementor-widget-wrap elementor-element-populated\">\n\t\t\t\t\t\t<div class=\"elementor-element elementor-element-cc30cd0 elementor-widget__width-initial elementor-widget elementor-widget-heading\" data-id=\"cc30cd0\" data-element_type=\"widget\" data-widget_type=\"heading.default\">\n\t\t\t\t<div class=\"elementor-widget-container\">\n\t\t\t<h2 class=\"elementor-heading-title elementor-size-default\">Orientadores<\/h2>\t\t<\/div>\n\t\t\t\t<\/div>\n\t\t\t\t\t<\/div>\n\t\t<\/div>\n\t\t\t\t\t<\/div>\n\t\t<\/section>\n\t\t\t\t<section class=\"elementor-section elementor-top-section elementor-element elementor-element-26478f8 elementor-section-boxed elementor-section-height-default elementor-section-height-default\" data-id=\"26478f8\" data-element_type=\"section\">\n\t\t\t\t\t\t<div class=\"elementor-container elementor-column-gap-default\">\n\t\t\t\t\t<div class=\"elementor-column elementor-col-100 elementor-top-column elementor-element elementor-element-6afb30a\" data-id=\"6afb30a\" data-element_type=\"column\">\n\t\t\t<div class=\"elementor-widget-wrap elementor-element-populated\">\n\t\t\t\t\t\t<div class=\"elementor-element elementor-element-5a3e358 elementor-widget elementor-widget-text-editor\" data-id=\"5a3e358\" data-element_type=\"widget\" data-widget_type=\"text-editor.default\">\n\t\t\t\t<div class=\"elementor-widget-container\">\n\t\t\t\t\t\t\t<ul><li><a href=\"https:\/\/www.ee.usp.br\/docentes\/alfredo-almeida-pina-de-oliveira\/\" target=\"_blank\" rel=\"noopener\">Alfredo Almeida Pina de Oliveira<\/a><\/li><li><a href=\"https:\/\/www.ee.usp.br\/docentes\/anna-luiza-de-fatima-pinho-lins-gryschek\/\" target=\"_blank\" rel=\"noopener\" data-wp-editing=\"1\"><img decoding=\"async\" src=\"https:\/\/www.ee.usp.br\/site\/Index.php\/corpo_docente\/display_img\/13\" alt=\"\" \/>Anna Luiza de Fatima Pinho Lins Gryschek<\/a><\/li><li><img decoding=\"async\" src=\"https:\/\/www.ee.usp.br\/site\/index.php\/corpo_docente\/display_img\/116\" alt=\"\" \/><a href=\"https:\/\/www.ee.usp.br\/docentes\/carla-andrea-trape\/\" target=\"_blank\" rel=\"noopener\">Carla Andrea Trap\u00e9<\/a><\/li><li><a href=\"http:\/\/buscatextual.cnpq.br\/buscatextual\/visualizacv.do?id=K4796537P2\" target=\"_blank\" rel=\"noopener\">C\u00e9lia Maria Sivalli Campos<\/a><\/li><li><a href=\"http:\/\/lattes.cnpq.br\/8786431252883698\" target=\"_blank\" rel=\"noopener\">C\u00e9lia Regina Maganha e Melo(EACH)<\/a><\/li><li><a href=\"http:\/\/lattes.cnpq.br\/0943356873866523\" target=\"_blank\" rel=\"noopener\">Dora Mariela Salcedo Barrientos(EACH)<\/a><\/li><li><a href=\"https:\/\/www.ee.usp.br\/docentes\/erica-gomes-pereira\/\" target=\"_blank\" rel=\"noopener\">Erica Gomes Pereira<\/a><\/li><li><a href=\"https:\/\/www.ee.usp.br\/docentes\/gabriela-goncalves-amaral\/\" target=\"_blank\" rel=\"noopener\">Gabriela Gon\u00e7alves Amaral<\/a><\/li><li><a href=\"https:\/\/www.ee.usp.br\/docentes\/lislaine-aparecida-fracolli\/\" target=\"_blank\" rel=\"noopener\"><img decoding=\"async\" src=\"https:\/\/www.ee.usp.br\/site\/Index.php\/corpo_docente\/display_img\/42\" alt=\"\" \/>Lislaine Aparecida Fracolli\u00a0<\/a><\/li><li><a href=\"https:\/\/www.ee.usp.br\/docentes\/lucas-cardoso-dos-santos\/\" target=\"_blank\" rel=\"noopener\">Lucas Cardoso dos Santos<\/a><\/li><li><a href=\"https:\/\/www.ee.usp.br\/docentes\/lucia-yasuko-izumi-nichiata\/\" target=\"_blank\" rel=\"noopener\"><img decoding=\"async\" src=\"https:\/\/www.ee.usp.br\/site\/index.php\/corpo_docente\/display_img\/43\" alt=\"\" \/>Lucia Yasuko Izumi Nichiata<\/a><\/li><li><a href=\"https:\/\/www.ee.usp.br\/docentes\/manoel-vieira-de-miranda-neto\/\" target=\"_blank\" rel=\"noopener\">Manoel Vieira de Miranda Neto<\/a><\/li><li><a href=\"https:\/\/www.ee.usp.br\/docentes\/maria-clara-padoveze-fonseca-barbosa\/\" target=\"_blank\" rel=\"noopener\"><img decoding=\"async\" src=\"https:\/\/www.ee.usp.br\/site\/Index.php\/corpo_docente\/display_img\/50\" alt=\"\" \/>Maria Clara Padoveze Fonseca Barbosa (S\u00eanior)<\/a><\/li><li><a href=\"https:\/\/www.ee.usp.br\/docentes\/maria-fernanda-terra\/\" target=\"_blank\" rel=\"noopener\">Maria Fernanda Terra<\/a><\/li><li><a href=\"http:\/\/lattes.cnpq.br\/1626035806921265\" target=\"_blank\" rel=\"noopener\">Marlise de Oliveira Pimentel Lima(EACH)<\/a><\/li><li><a href=\"https:\/\/www.ee.usp.br\/docentes\/sayuri-tanaka-maeda\/\" target=\"_blank\" rel=\"noopener\"><img decoding=\"async\" src=\"https:\/\/www.ee.usp.br\/site\/Index.php\/corpo_docente\/display_img\/80\" alt=\"\" \/>Sayuri Tanaka Maeda (S\u00eanior)<\/a><\/li><li><a href=\"https:\/\/www.ee.usp.br\/docentes\/sheila-aparecida-ferreira-lachtim\/\" target=\"_blank\" rel=\"noopener\">Sheila Aparecida Ferreira Lachtim<\/a><\/li><li><a href=\"https:\/\/www.ee.usp.br\/docentes\/yeda-aparecida-de-oliveira-duarte\/\" target=\"_blank\" rel=\"noopener\">Yeda Aparecida de Oliveira Duarte<\/a><\/li><\/ul>\t\t\t\t\t\t<\/div>\n\t\t\t\t<\/div>\n\t\t\t\t\t<\/div>\n\t\t<\/div>\n\t\t\t\t\t<\/div>\n\t\t<\/section>\n\t\t\t\t<section class=\"elementor-section elementor-top-section elementor-element elementor-element-9428069 elementor-section-boxed elementor-section-height-default elementor-section-height-default\" data-id=\"9428069\" data-element_type=\"section\" data-settings=\"{&quot;background_background&quot;:&quot;classic&quot;}\">\n\t\t\t\t\t\t<div class=\"elementor-container elementor-column-gap-default\">\n\t\t\t\t\t<div class=\"elementor-column elementor-col-100 elementor-top-column elementor-element elementor-element-4a2ea8b\" data-id=\"4a2ea8b\" data-element_type=\"column\">\n\t\t\t<div class=\"elementor-widget-wrap elementor-element-populated\">\n\t\t\t\t\t\t<div class=\"elementor-element elementor-element-e8cca26 elementor-widget-divider--view-line elementor-widget elementor-widget-divider\" data-id=\"e8cca26\" data-element_type=\"widget\" data-widget_type=\"divider.default\">\n\t\t\t\t<div class=\"elementor-widget-container\">\n\t\t\t\t\t<div class=\"elementor-divider\">\n\t\t\t<span class=\"elementor-divider-separator\">\n\t\t\t\t\t\t<\/span>\n\t\t<\/div>\n\t\t\t\t<\/div>\n\t\t\t\t<\/div>\n\t\t\t\t\t<\/div>\n\t\t<\/div>\n\t\t\t\t\t<\/div>\n\t\t<\/section>\n\t\t\t\t<section class=\"elementor-section elementor-top-section elementor-element elementor-element-673b6e1 elementor-section-boxed elementor-section-height-default elementor-section-height-default\" data-id=\"673b6e1\" data-element_type=\"section\">\n\t\t\t\t\t\t<div class=\"elementor-container elementor-column-gap-default\">\n\t\t\t\t\t<div class=\"elementor-column elementor-col-100 elementor-top-column elementor-element elementor-element-41e5f34\" data-id=\"41e5f34\" data-element_type=\"column\">\n\t\t\t<div class=\"elementor-widget-wrap elementor-element-populated\">\n\t\t\t\t\t\t<div class=\"elementor-element elementor-element-d991edf elementor-widget elementor-widget-text-editor\" data-id=\"d991edf\" data-element_type=\"widget\" data-widget_type=\"text-editor.default\">\n\t\t\t\t<div class=\"elementor-widget-container\">\n\t\t\t\t\t\t\t<p><span style=\"color: #1e70b9\"><strong>Programa de P\u00f3s-Gradua\u00e7\u00e3o Mestrado Profissional em Enfermagem na Aten\u00e7\u00e3o Prim\u00e1ria em Sa\u00fade no Sistema \u00danico de Sa\u00fade \u2013 MPAPS<\/strong><\/span><\/p><p><span style=\"color: #0d4e71\"><strong>Telefone:<\/strong> (11) 3061-7533 | <strong>E-mail:<\/strong>\u00a0<a style=\"color: #0d4e71\" href=\"mailto:ppg.mpaps.ee@usp.br\" target=\"_blank\" rel=\"noopener\">ppg.mpaps.ee@usp.br<\/a><\/span><\/p><div><p><span style=\"color: #0d4e71\"><strong>Hor\u00e1rio de atendimento: <\/strong>Segunda a sexta, das 8h \u00e0s 17h<\/span><\/p><\/div>\t\t\t\t\t\t<\/div>\n\t\t\t\t<\/div>\n\t\t\t\t\t<\/div>\n\t\t<\/div>\n\t\t\t\t\t<\/div>\n\t\t<\/section>\n\t\t\t\t<section class=\"elementor-section elementor-top-section elementor-element elementor-element-fee3a6e elementor-section-boxed elementor-section-height-default elementor-section-height-default\" data-id=\"fee3a6e\" data-element_type=\"section\">\n\t\t\t\t\t\t<div class=\"elementor-container elementor-column-gap-default\">\n\t\t\t\t\t<div class=\"elementor-column elementor-col-100 elementor-top-column elementor-element elementor-element-9f16866\" data-id=\"9f16866\" data-element_type=\"column\">\n\t\t\t<div class=\"elementor-widget-wrap elementor-element-populated\">\n\t\t\t\t\t\t<div class=\"elementor-element elementor-element-258a2c8 elementor-widget-divider--view-line elementor-widget elementor-widget-divider\" data-id=\"258a2c8\" data-element_type=\"widget\" data-widget_type=\"divider.default\">\n\t\t\t\t<div class=\"elementor-widget-container\">\n\t\t\t\t\t<div class=\"elementor-divider\">\n\t\t\t<span class=\"elementor-divider-separator\">\n\t\t\t\t\t\t<\/span>\n\t\t<\/div>\n\t\t\t\t<\/div>\n\t\t\t\t<\/div>\n\t\t\t\t\t<\/div>\n\t\t<\/div>\n\t\t\t\t\t<\/div>\n\t\t<\/section>\n\t\t\t\t<\/div>\n\t\t","protected":false},"excerpt":{"rendered":"<p>Orientadores Alfredo Almeida Pina de Oliveira Anna Luiza de Fatima Pinho Lins Gryschek Carla Andrea Trap\u00e9 C\u00e9lia Maria Sivalli Campos C\u00e9lia Regina Maganha e Melo(EACH) Dora Mariela Salcedo Barrientos(EACH) Erica Gomes Pereira Gabriela Gon\u00e7alves Amaral Lislaine Aparecida Fracolli\u00a0 Lucas Cardoso dos Santos Lucia Yasuko Izumi Nichiata Manoel Vieira de Miranda Neto Maria Clara Padoveze Fonseca [&hellip;]<\/p>\n","protected":false},"author":23730,"featured_media":0,"parent":0,"menu_order":0,"comment_status":"closed","ping_status":"closed","template":"","meta":{"footnotes":"","_links_to":"","_links_to_target":""},"class_list":["post-211","page","type-page","status-publish","hentry"],"_links":{"self":[{"href":"https:\/\/sites.usp.br\/mpaps\/wp-json\/wp\/v2\/pages\/211","targetHints":{"allow":["GET"]}}],"collection":[{"href":"https:\/\/sites.usp.br\/mpaps\/wp-json\/wp\/v2\/pages"}],"about":[{"href":"https:\/\/sites.usp.br\/mpaps\/wp-json\/wp\/v2\/types\/page"}],"author":[{"embeddable":true,"href":"https:\/\/sites.usp.br\/mpaps\/wp-json\/wp\/v2\/users\/23730"}],"replies":[{"embeddable":true,"href":"https:\/\/sites.usp.br\/mpaps\/wp-json\/wp\/v2\/comments?post=211"}],"version-history":[{"count":4,"href":"https:\/\/sites.usp.br\/mpaps\/wp-json\/wp\/v2\/pages\/211\/revisions"}],"predecessor-version":[{"id":983,"href":"https:\/\/sites.usp.br\/mpaps\/wp-json\/wp\/v2\/pages\/211\/revisions\/983"}],"wp:attachment":[{"href":"https:\/\/sites.usp.br\/mpaps\/wp-json\/wp\/v2\/media?parent=211"}],"curies":[{"name":"wp","href":"https:\/\/api.w.org\/{rel}","templated":true}]}}