{"id":341,"date":"2024-09-12T09:11:06","date_gmt":"2024-09-12T11:11:06","guid":{"rendered":"https:\/\/sites.usp.br\/mpaps\/?page_id=341"},"modified":"2025-12-17T14:07:48","modified_gmt":"2025-12-17T16:07:48","slug":"producoes-tecnicas-2024","status":"publish","type":"page","link":"https:\/\/sites.usp.br\/mpaps\/producoes-tecnicas-2024\/","title":{"rendered":"Produ\u00e7\u00f5es T\u00e9cnicas 2024"},"content":{"rendered":"\t\t<div data-elementor-type=\"wp-page\" data-elementor-id=\"341\" class=\"elementor elementor-341\" data-elementor-post-type=\"page\">\n\t\t\t\t\t\t<section class=\"elementor-section elementor-top-section elementor-element elementor-element-d74f8c0 elementor-section-boxed elementor-section-height-default elementor-section-height-default elementor-invisible\" data-id=\"d74f8c0\" data-element_type=\"section\" data-settings=\"{&quot;animation&quot;:&quot;fadeIn&quot;}\">\n\t\t\t\t\t\t<div class=\"elementor-container elementor-column-gap-default\">\n\t\t\t\t\t<div class=\"elementor-column elementor-col-100 elementor-top-column elementor-element elementor-element-dea8c7c\" data-id=\"dea8c7c\" data-element_type=\"column\">\n\t\t\t<div class=\"elementor-widget-wrap elementor-element-populated\">\n\t\t\t\t\t\t<div class=\"elementor-element elementor-element-c7d3f39 elementor-widget__width-initial elementor-widget elementor-widget-heading\" data-id=\"c7d3f39\" data-element_type=\"widget\" data-widget_type=\"heading.default\">\n\t\t\t\t<div class=\"elementor-widget-container\">\n\t\t\t<h2 class=\"elementor-heading-title elementor-size-default\">Produ\u00e7\u00f5es T\u00e9cnicas 2024<\/h2>\t\t<\/div>\n\t\t\t\t<\/div>\n\t\t\t\t\t<\/div>\n\t\t<\/div>\n\t\t\t\t\t<\/div>\n\t\t<\/section>\n\t\t\t\t<section class=\"elementor-section elementor-top-section elementor-element elementor-element-3ea1387c elementor-section-boxed elementor-section-height-default elementor-section-height-default\" data-id=\"3ea1387c\" data-element_type=\"section\">\n\t\t\t\t\t\t<div class=\"elementor-container elementor-column-gap-default\">\n\t\t\t\t\t<div class=\"elementor-column elementor-col-100 elementor-top-column elementor-element elementor-element-6ce0ba55\" data-id=\"6ce0ba55\" data-element_type=\"column\">\n\t\t\t<div class=\"elementor-widget-wrap elementor-element-populated\">\n\t\t\t\t\t\t<div class=\"elementor-element elementor-element-3c4fc6b9 elementor-widget elementor-widget-text-editor\" data-id=\"3c4fc6b9\" data-element_type=\"widget\" data-widget_type=\"text-editor.default\">\n\t\t\t\t<div class=\"elementor-widget-container\">\n\t\t\t\t\t\t\t<p>\u00bb\u00a0<a href=\"https:\/\/www.ee.usp.br\/wp-content\/uploads\/2025\/01\/RELATORIO-TECNICO-CONCLUSIVO-JOSE-RODRIGO-DE-OLIVEIRA-12478211.pdf\" target=\"_blank\" rel=\"noopener\">RELAT\u00d3RIO T\u00c9CNICO CONCLUSIVO \u2013 Impacto da pandemia de Covid 19 na cobertura vacinal: percep\u00e7\u00f5es de enfermeiras respons\u00e1veis pelas salas de vacina\u00e7\u00e3o na estrat\u00e9gia sa\u00fade da fam\u00edlia<\/a><br \/>Autores: Jos\u00e9 Rodrigo de Oliveira e Profa. Dra. Anna Luiza de F\u00e1tima Pinho Lins Gryschek<\/p><p>\u00bb<a href=\"https:\/\/www.ee.usp.br\/wp-content\/uploads\/2024\/03\/7.-Producao-Tecnica-Mirella.pdf\" target=\"_blank\" rel=\"noopener\">\u00a0Capacita\u00e7\u00e3o para utiliza\u00e7\u00e3o dos relat\u00f3rios do E-SUS APS<\/a><br \/>Autora: Mirella de Paula Souza Vizzotto<br \/>Orientadora: Profa. Dra. Lislaine Aparecida Fracolli<\/p><p>\u00bb\u00a0<a href=\"https:\/\/www.ee.usp.br\/wp-content\/uploads\/2024\/03\/PTT_Antonio-Carlos-C-Seba.pdf\" target=\"_blank\" rel=\"noopener\">Roteiro de apoio \u00e0 assist\u00eancia em sa\u00fade bucal na estrat\u00e9gia sa\u00fade da fam\u00edlia<\/a><br \/>Autores: Antonio Carlos Caldeira Seba e Profa. Dra. Anna Luiza de F\u00e1tima Pinho Lins Gryschek<\/p><p>\u00bb\u00a0<a href=\"https:\/\/www.ee.usp.br\/wp-content\/uploads\/2024\/03\/PRODUTO-TECNICO-AA-APS-Jerusa-C.-dos-Santos.pdf\" target=\"_blank\" rel=\"noopener\">ACESSO AVAN\u00c7ADO NA ATEN\u00c7\u00c3O PRIM\u00c1RIA \u00c0 SA\u00daDE: Requisitos essenciais para aprimorar a pr\u00e1tica do enfermeiro<\/a><br \/>Autoras: Jerusa Costa dos Santos e Profa. Dra. Lislaine Aparecida Fracolli<\/p><p>\u00bb\u00a0<a href=\"https:\/\/www.ee.usp.br\/wp-content\/uploads\/2024\/04\/PTT-Priscila-de-Meireles-Rodrigues.pdf\" target=\"_blank\" rel=\"noopener\">Rastreamento de sintomas depressivos em gestantes na Aten\u00e7\u00e3o Prim\u00e1ria em sa\u00fade: Implementa\u00e7\u00e3o de boas pr\u00e1ticas<\/a><br \/>Autora: Priscila de Meireles Rodrigues<br \/>Orienta\u00e7\u00e3o: Prof\u00aa Dr\u00aa Ana Luiza Vilela Borges e Prof\u00aa Dr\u00aa Marlise de Oliveira Pimentel Lima<\/p><p>\u00bb\u00a0<a href=\"https:\/\/www.ee.usp.br\/wp-content\/uploads\/2024\/04\/PTT-Priscila-Mazza-de-Faria-Braga-compactado.pdf\" target=\"_blank\" rel=\"noopener\">Imigrantes, Brasileiros \u2013 Cartilha com informa\u00e7\u00f5es de sa\u00fade \u2013 SP\/BR<\/a><br \/>Autoras: Priscila Mazza de Faria Braga, Profa. Dra. Lislaine Aparecida Fracolli e Profa. Dra. Dora Mariela Salcedo Barrientos<\/p><p>\u00bb Recurso instrucional: Aut\u00f3psia verbal de morte materna \u2013 recursos digitais de apoio para abordagem do tema<br \/>Autoras: Adriana Aparecida de Oliveira Ferre e Profa. Dra. Elizabeth Fujimori<\/p><p>1.\u00a0<a href=\"https:\/\/drive.google.com\/file\/d\/1hClNb5QpC8VXbafjqMDQyUIqUs5UqTQs\/view?usp=sharing\" target=\"_blank\" rel=\"noopener\">Recurso digital de apoio para acad\u00eamicos de enfermagem<\/a><br \/>2.\u00a0<a href=\"https:\/\/drive.google.com\/file\/d\/1jYVcLjr-90GKMislZRZwTC8RJcSq8onE\/view\" target=\"_blank\" rel=\"noopener\">Recurso digital de apoio para profissionais da Aten\u00e7\u00e3o prim\u00e1ria<\/a><\/p><p>3. Recurso Instrucional<\/p><p>\u00bb\u00a0<a href=\"https:\/\/www.ee.usp.br\/wp-content\/uploads\/2025\/03\/Recurso-Instrucional.pdf\" target=\"_blank\" rel=\"noopener\">Recurso instrucional: Aut\u00f3psia verbal de morte materna \u2013 recursos digitais de apoio para abordagem do tema<\/a><br \/>Autoras: Adriana Aparecida de Oliveira Ferre e Profa. Dra. Elizabeth Fujimori<\/p><p>\u00bb\u00a0<a href=\"https:\/\/www.ee.usp.br\/wp-content\/uploads\/2024\/08\/Rebeca-Camille_PTT-MPAPS.pdf\" target=\"_blank\" rel=\"noopener\">Principais perspectivas relacionadas \u00e0 precariza\u00e7\u00e3o do trabalho<\/a><br \/>Autoras: Rebeca Camille Bernardes e Prof\u00aa Dra\u00aa Maria Rita Bertolozzi<\/p><p>\u00bb\u00a0<a href=\"https:\/\/www.ee.usp.br\/wp-content\/uploads\/2024\/08\/VanessaOshiro_PTT-mapa-de-grau-de-risco.pdf\" target=\"_blank\" rel=\"noopener\">Instrumentos de classifica\u00e7\u00e3o de risco da fam\u00edlia na Aten\u00e7\u00e3o Prim\u00e1ria<\/a><br \/>Autoras: Vanessa Naomi Oshiro e Prof\u00aa Dra\u00aa Sayuri Tanaka Maeda<\/p>\t\t\t\t\t\t<\/div>\n\t\t\t\t<\/div>\n\t\t\t\t\t<\/div>\n\t\t<\/div>\n\t\t\t\t\t<\/div>\n\t\t<\/section>\n\t\t\t\t<section class=\"elementor-section elementor-top-section elementor-element elementor-element-b0369b7 elementor-section-boxed elementor-section-height-default elementor-section-height-default\" data-id=\"b0369b7\" data-element_type=\"section\" data-settings=\"{&quot;background_background&quot;:&quot;classic&quot;}\">\n\t\t\t\t\t\t<div class=\"elementor-container elementor-column-gap-default\">\n\t\t\t\t\t<div class=\"elementor-column elementor-col-100 elementor-top-column elementor-element elementor-element-2ce836a\" data-id=\"2ce836a\" data-element_type=\"column\">\n\t\t\t<div class=\"elementor-widget-wrap elementor-element-populated\">\n\t\t\t\t\t\t<div class=\"elementor-element elementor-element-0014f73 elementor-widget-divider--view-line elementor-widget elementor-widget-divider\" data-id=\"0014f73\" data-element_type=\"widget\" data-widget_type=\"divider.default\">\n\t\t\t\t<div class=\"elementor-widget-container\">\n\t\t\t\t\t<div class=\"elementor-divider\">\n\t\t\t<span class=\"elementor-divider-separator\">\n\t\t\t\t\t\t<\/span>\n\t\t<\/div>\n\t\t\t\t<\/div>\n\t\t\t\t<\/div>\n\t\t\t\t\t<\/div>\n\t\t<\/div>\n\t\t\t\t\t<\/div>\n\t\t<\/section>\n\t\t\t\t<section class=\"elementor-section elementor-top-section elementor-element elementor-element-79d65cf elementor-section-boxed elementor-section-height-default elementor-section-height-default\" data-id=\"79d65cf\" data-element_type=\"section\">\n\t\t\t\t\t\t<div class=\"elementor-container elementor-column-gap-default\">\n\t\t\t\t\t<div class=\"elementor-column elementor-col-100 elementor-top-column elementor-element elementor-element-3c7a468\" data-id=\"3c7a468\" data-element_type=\"column\">\n\t\t\t<div class=\"elementor-widget-wrap elementor-element-populated\">\n\t\t\t\t\t\t<div class=\"elementor-element elementor-element-e471154 elementor-widget elementor-widget-text-editor\" data-id=\"e471154\" data-element_type=\"widget\" data-widget_type=\"text-editor.default\">\n\t\t\t\t<div class=\"elementor-widget-container\">\n\t\t\t\t\t\t\t<p><span style=\"color: #1e70b9;\"><strong>Programa de P\u00f3s-Gradua\u00e7\u00e3o Mestrado Profissional em Enfermagem na Aten\u00e7\u00e3o Prim\u00e1ria em Sa\u00fade no Sistema \u00danico de Sa\u00fade \u2013 MPAPS<\/strong><\/span><\/p><p><span style=\"color: #0d4e71;\"><strong>Telefone:<\/strong> (11) 3061-7533 | <strong>E-mail:<\/strong>\u00a0<a style=\"color: #0d4e71;\" href=\"mailto:ppg.mpaps.ee@usp.br\" target=\"_blank\" rel=\"noopener\">ppg.mpaps.ee@usp.br<\/a><\/span><\/p><div><p><span style=\"color: #0d4e71;\"><strong>Hor\u00e1rio de atendimento: <\/strong>Segunda a sexta, das 8h \u00e0s 17h<\/span><\/p><\/div>\t\t\t\t\t\t<\/div>\n\t\t\t\t<\/div>\n\t\t\t\t\t<\/div>\n\t\t<\/div>\n\t\t\t\t\t<\/div>\n\t\t<\/section>\n\t\t\t\t<section class=\"elementor-section elementor-top-section elementor-element elementor-element-fed990f elementor-section-boxed elementor-section-height-default elementor-section-height-default\" data-id=\"fed990f\" data-element_type=\"section\">\n\t\t\t\t\t\t<div class=\"elementor-container elementor-column-gap-default\">\n\t\t\t\t\t<div class=\"elementor-column elementor-col-100 elementor-top-column elementor-element elementor-element-77007bd\" data-id=\"77007bd\" data-element_type=\"column\">\n\t\t\t<div class=\"elementor-widget-wrap elementor-element-populated\">\n\t\t\t\t\t\t<div class=\"elementor-element elementor-element-d17476b elementor-widget-divider--view-line elementor-widget elementor-widget-divider\" data-id=\"d17476b\" data-element_type=\"widget\" data-widget_type=\"divider.default\">\n\t\t\t\t<div class=\"elementor-widget-container\">\n\t\t\t\t\t<div class=\"elementor-divider\">\n\t\t\t<span class=\"elementor-divider-separator\">\n\t\t\t\t\t\t<\/span>\n\t\t<\/div>\n\t\t\t\t<\/div>\n\t\t\t\t<\/div>\n\t\t\t\t\t<\/div>\n\t\t<\/div>\n\t\t\t\t\t<\/div>\n\t\t<\/section>\n\t\t\t\t<section class=\"elementor-section elementor-top-section elementor-element elementor-element-59f74bf elementor-section-boxed elementor-section-height-default elementor-section-height-default\" data-id=\"59f74bf\" data-element_type=\"section\">\n\t\t\t\t\t\t<div class=\"elementor-container elementor-column-gap-default\">\n\t\t\t\t\t<div class=\"elementor-column elementor-col-100 elementor-top-column elementor-element elementor-element-f38b1af\" data-id=\"f38b1af\" data-element_type=\"column\">\n\t\t\t<div class=\"elementor-widget-wrap elementor-element-populated\">\n\t\t\t\t\t\t<div class=\"elementor-element elementor-element-0362b49 elementor-widget elementor-widget-spacer\" data-id=\"0362b49\" data-element_type=\"widget\" data-widget_type=\"spacer.default\">\n\t\t\t\t<div class=\"elementor-widget-container\">\n\t\t\t\t\t<div class=\"elementor-spacer\">\n\t\t\t<div class=\"elementor-spacer-inner\"><\/div>\n\t\t<\/div>\n\t\t\t\t<\/div>\n\t\t\t\t<\/div>\n\t\t\t\t\t<\/div>\n\t\t<\/div>\n\t\t\t\t\t<\/div>\n\t\t<\/section>\n\t\t\t\t<\/div>\n\t\t","protected":false},"excerpt":{"rendered":"<p>Produ\u00e7\u00f5es T\u00e9cnicas 2024 \u00bb\u00a0RELAT\u00d3RIO T\u00c9CNICO CONCLUSIVO \u2013 Impacto da pandemia de Covid 19 na cobertura vacinal: percep\u00e7\u00f5es de enfermeiras respons\u00e1veis pelas salas de vacina\u00e7\u00e3o na estrat\u00e9gia sa\u00fade da fam\u00edliaAutores: Jos\u00e9 Rodrigo de Oliveira e Profa. Dra. Anna Luiza de F\u00e1tima Pinho Lins Gryschek \u00bb\u00a0Capacita\u00e7\u00e3o para utiliza\u00e7\u00e3o dos relat\u00f3rios do E-SUS APSAutora: Mirella de Paula Souza [&hellip;]<\/p>\n","protected":false},"author":23730,"featured_media":0,"parent":0,"menu_order":0,"comment_status":"closed","ping_status":"closed","template":"","meta":{"footnotes":"","_links_to":"","_links_to_target":""},"class_list":["post-341","page","type-page","status-publish","hentry"],"_links":{"self":[{"href":"https:\/\/sites.usp.br\/mpaps\/wp-json\/wp\/v2\/pages\/341","targetHints":{"allow":["GET"]}}],"collection":[{"href":"https:\/\/sites.usp.br\/mpaps\/wp-json\/wp\/v2\/pages"}],"about":[{"href":"https:\/\/sites.usp.br\/mpaps\/wp-json\/wp\/v2\/types\/page"}],"author":[{"embeddable":true,"href":"https:\/\/sites.usp.br\/mpaps\/wp-json\/wp\/v2\/users\/23730"}],"replies":[{"embeddable":true,"href":"https:\/\/sites.usp.br\/mpaps\/wp-json\/wp\/v2\/comments?post=341"}],"version-history":[{"count":4,"href":"https:\/\/sites.usp.br\/mpaps\/wp-json\/wp\/v2\/pages\/341\/revisions"}],"predecessor-version":[{"id":965,"href":"https:\/\/sites.usp.br\/mpaps\/wp-json\/wp\/v2\/pages\/341\/revisions\/965"}],"wp:attachment":[{"href":"https:\/\/sites.usp.br\/mpaps\/wp-json\/wp\/v2\/media?parent=341"}],"curies":[{"name":"wp","href":"https:\/\/api.w.org\/{rel}","templated":true}]}}