{"id":354,"date":"2024-09-12T14:30:57","date_gmt":"2024-09-12T16:30:57","guid":{"rendered":"https:\/\/sites.usp.br\/mpaps\/?page_id=354"},"modified":"2025-12-17T14:14:06","modified_gmt":"2025-12-17T16:14:06","slug":"producoes-tecnicas-2018-a-2020","status":"publish","type":"page","link":"https:\/\/sites.usp.br\/mpaps\/producoes-tecnicas-2018-a-2020\/","title":{"rendered":"Produ\u00e7\u00f5es T\u00e9cnicas 2018 a 2020"},"content":{"rendered":"\t\t<div data-elementor-type=\"wp-page\" data-elementor-id=\"354\" class=\"elementor elementor-354\" data-elementor-post-type=\"page\">\n\t\t\t\t\t\t<section class=\"elementor-section elementor-top-section elementor-element elementor-element-2738f17 elementor-section-boxed elementor-section-height-default elementor-section-height-default elementor-invisible\" data-id=\"2738f17\" data-element_type=\"section\" data-settings=\"{&quot;animation&quot;:&quot;fadeIn&quot;}\">\n\t\t\t\t\t\t<div class=\"elementor-container elementor-column-gap-default\">\n\t\t\t\t\t<div class=\"elementor-column elementor-col-100 elementor-top-column elementor-element elementor-element-5adfdc1\" data-id=\"5adfdc1\" data-element_type=\"column\">\n\t\t\t<div class=\"elementor-widget-wrap elementor-element-populated\">\n\t\t\t\t\t\t<div class=\"elementor-element elementor-element-e8079b2 elementor-widget__width-initial elementor-widget elementor-widget-heading\" data-id=\"e8079b2\" data-element_type=\"widget\" data-widget_type=\"heading.default\">\n\t\t\t\t<div class=\"elementor-widget-container\">\n\t\t\t<h2 class=\"elementor-heading-title elementor-size-default\">\nProdu\u00e7\u00f5es T\u00e9cnicas 2018 a 2020<\/h2>\t\t<\/div>\n\t\t\t\t<\/div>\n\t\t\t\t\t<\/div>\n\t\t<\/div>\n\t\t\t\t\t<\/div>\n\t\t<\/section>\n\t\t\t\t<section class=\"elementor-section elementor-top-section elementor-element elementor-element-60b1be08 elementor-section-boxed elementor-section-height-default elementor-section-height-default\" data-id=\"60b1be08\" data-element_type=\"section\">\n\t\t\t\t\t\t<div class=\"elementor-container elementor-column-gap-default\">\n\t\t\t\t\t<div class=\"elementor-column elementor-col-100 elementor-top-column elementor-element elementor-element-4c313c8f\" data-id=\"4c313c8f\" data-element_type=\"column\">\n\t\t\t<div class=\"elementor-widget-wrap elementor-element-populated\">\n\t\t\t\t\t\t<div class=\"elementor-element elementor-element-25339b01 elementor-widget elementor-widget-text-editor\" data-id=\"25339b01\" data-element_type=\"widget\" data-widget_type=\"text-editor.default\">\n\t\t\t\t<div class=\"elementor-widget-container\">\n\t\t\t\t\t\t\t<h3><span style=\"color: #1e70b9;\"><strong>2018<\/strong><\/span><\/h3><p>\u00bb\u00a0<a href=\"https:\/\/www.ee.usp.br\/posgraduacao\/mestrado\/apostilas\/Acolhimento_Transexuais.pdf\" target=\"_blank\" rel=\"noopener\">Manual de Acolhimento de Transexuais e Travestis (TT) \u00e0 Aten\u00e7\u00e3o Prim\u00e1ria \u00e0 Sa\u00fade (APS)<\/a><br \/>Autoras: Luiza Gomes Magalh\u00e3es e\u00a0Prof.\u00aa Dr.\u00aa Anna Maria Chiesa<\/p><hr \/><div>\u00bb\u00a0<a href=\"https:\/\/www.ee.usp.br\/posgraduacao\/mestrado\/apostilas\/monitoramento_sifilis.doc\" target=\"_blank\" rel=\"noopener\">Instrumento para monitoramento gestante com s\u00edfilis<\/a><\/div><div><p>Autoras: Darlane Marinho de Souza e Prof.\u00aa Dr.\u00aa Anna Luiza de F\u00e1tima Pinho Lins Gryschek<\/p><\/div><div>\u00a0<\/div><div><hr \/><\/div><div>\u00bb\u00a0<a href=\"https:\/\/www.ee.usp.br\/posgraduacao\/mestrado\/apostilas\/formulario_Contrarreferencia_Maternidades_Alto_Risco.docx\" target=\"_blank\" rel=\"noopener\">Formul\u00e1rio de contrarrefer\u00eancia de maternidades de alto risco \u00e0 Aten\u00e7\u00e3o Prim\u00e1ria \u00e0 Sa\u00fade<\/a><\/div><div>\u00bb\u00a0<a href=\"https:\/\/www.ee.usp.br\/posgraduacao\/mestrado\/apostilas\/Fluxograma.docx\" target=\"_blank\" rel=\"noopener\">Fluxograma para preenchimento do formul\u00e1rio<\/a><br \/>Autoras: Ana Carolina Brito de Oliveira e Prof.\u00aa Dr.\u00aa Anna Luiza de F\u00e1tima Pinho Lins Gryschek<\/div><div>\u00a0<\/div><div><hr \/><p>\u00bb\u00a0<a href=\"http:\/\/www2.ee.usp.br\/posgraduacao\/mestrado\/apostilas\/NASFs.pdf\" target=\"_blank\" rel=\"noopener\">Instrumento de avalia\u00e7\u00e3o de grupos de NASFs<\/a><br \/>Autoras: Karina Prestupa de Sousa e Prof.\u00aa Dr.\u00aa\u00a0 Anna Maria Chiesa<br \/>O Instrumento \u00e9 resultado da Disserta\u00e7\u00e3o de Mestrado intitulada \u201cInstrumento de avalia\u00e7\u00e3o de resultados de grupos realizados pelas equipes de n\u00facleo de apoio \u00e0 sa\u00fade da fam\u00edlia na aten\u00e7\u00e3o prim\u00e1ria \u00e0 sa\u00fade\u201d, defendida em 2018.<\/p><\/div><div>\u00a0<\/div><div><hr \/><p>\u00bb\u00a0<a href=\"https:\/\/www.ee.usp.br\/posgraduacao\/mestrado\/apostilas\/guia_cuidados.pdf\" target=\"_blank\" rel=\"noopener\">Guia de cuidados iniciais \u00e0s v\u00edtimas de picada de escorpi\u00e3o na Flona de Tapaj\u00f3s<\/a><br \/>Autora: Enf. Erli Marta Reis da Silva<br \/>Orienta\u00e7\u00e3o: Prof. Francisco Oscar de Siqueira Fran\u00e7a e Prof. Maria Rita Bertolozzi<\/p><\/div><div>\u00a0<\/div><div><hr \/><hr \/><\/div><div>\u00a0<\/div><h3><span style=\"color: #1e70b9;\"><strong>2019<\/strong><\/span><\/h3><div>\u00bb\u00a0<a href=\"https:\/\/www.ee.usp.br\/posgraduacao\/mestrado\/apostilas\/producao_tecnica_tamires.pdf\" target=\"_blank\" rel=\"noopener\">Aten\u00e7\u00e3o em contracep\u00e7\u00e3o no puerp\u00e9rio: o DIU est\u00e1 sendo ofertado \u00e0s mulheres usu\u00e1rias de unidades b\u00e1sicas de sa\u00fade?<\/a><br \/>Autoras: Tam\u00edres Lima Melli, Prof.\u00aa Dr.\u00aa Ana Luiza Vilela Borges e C\u00e9lia Regina Maganha e Melo<\/div><div>\u00a0<\/div><div><hr \/><p>\u00bb\u00a0<a href=\"https:\/\/www.ee.usp.br\/posgraduacao\/mestrado\/apostilas\/genograma.pdf\" target=\"_blank\" rel=\"noopener\">Genograma Funcional<\/a><br \/>Autoras: Adriana Barros Viegas e Profa. Dra. Elma Lourdes Campos Pavone Zoboli<\/p><\/div><div>\u00a0<\/div><div><hr \/><p>\u00bb\u00a0<a href=\"https:\/\/www.ee.usp.br\/posgraduacao\/mestrado\/apostilas\/IAPCFam.pdf\" target=\"_blank\" rel=\"noopener\">Instrumento de apoio para o cuidado \u00e0 fam\u00edlia \u2013 IAPCFam<\/a><br \/>Autoras: Alessandra Cristina Ferreira Martins, Natalia Rodrigues Mosca, Profa. Dra. Lislaine Aparecida Fracolli e Profa. Dra. Sayuri Tanaka Maeda<\/p><div><hr \/><\/div><div>\u00bb\u00a0<a href=\"https:\/\/www.ee.usp.br\/posgraduacao\/mestrado\/apostilas\/Diagnostico_situacional.pdf\" target=\"_blank\" rel=\"noopener\">Diagn\u00f3stico situacional da Sistematiza\u00e7\u00e3o da Assist\u00eancia de Enfermagem em unidades de Estrat\u00e9gia Sa\u00fade da Fam\u00edlia<\/a><\/div><div>Autoras: Milene Aparecida Aguiar Vilas Boas e Profa. Dra. Anna Luiza de F\u00e1tima Pinho Lins Gryschek<\/div><div><div>\u00a0<\/div><div><hr \/><p>\u00bb\u00a0<a href=\"https:\/\/www.ee.usp.br\/posgraduacao\/mestrado\/apostilas\/Boas_Praticas_Tuberculose.pdf\" target=\"_blank\" rel=\"noopener\">Guia de Boas Pr\u00e1ticas na Preven\u00e7\u00e3o e Controle da Tuberculose<\/a><br \/>Autoras: Marylin Neves Nogueira e Profa. Dra. Anna Luiza de F\u00e1tima Pinho Lins Gryschek<\/p><\/div><\/div><div>\u00a0<\/div><div><hr \/><p>\u00bb\u00a0<a href=\"https:\/\/www.ee.usp.br\/posgraduacao\/mestrado\/apostilas\/sinteses_politicas_saude.pdf\" target=\"_blank\" rel=\"noopener\">S\u00edntese de evid\u00eancias para pol\u00edticas de sa\u00fade: enfrentando e reduzindo a s\u00edfilis cong\u00eanita no \u00e2mbito da Aten\u00e7\u00e3o Prim\u00e1ria \u00e0 Sa\u00fade<\/a><br \/>Autoras: Mariana de Sales Dias, Marcia Regina Cunha, Graziela Mantegazza Dias e Profa. Dra. Lucia Yasuko Izumi Nichiata<\/p><\/div><div>\u00a0<\/div><\/div><div><hr \/><\/div><div><hr \/><\/div><div>\u00a0<\/div><h3><span style=\"color: #1e70b9;\"><strong>2020<\/strong><\/span><\/h3><div><div>\u00bb\u00a0<a href=\"https:\/\/www.ee.usp.br\/posgraduacao\/mestrado\/apostilas\/contraindicacoes_imunizacoes.pdf\" target=\"_blank\" rel=\"noopener\">Conhecimento sobre as verdadeiras e falsas contraindica\u00e7\u00f5es \u00e0s imuniza\u00e7\u00f5es em uma Unidade B\u00e1sica de Sa\u00fade<\/a><\/div><div><p>Autores: Renata Holanda dos Anjos Lima e Prof. Dr. Francisco Oscar de Siqueira Fran\u00e7a,\u00a0Dra. Elo\u00e1 Otrenti<\/p><\/div><div><hr \/><\/div><div><div>\u00bb\u00a0<a href=\"https:\/\/www.ee.usp.br\/posgraduacao\/mestrado\/apostilas\/capacitacao_ciap.pdf\" target=\"_blank\" rel=\"noopener\">Capacita\u00e7\u00e3o para conhecimento e aplicabilidade do CIAP<\/a><\/div><div><p>Autora: Isis Arcanjo Colucci da Silva<\/p><\/div><div>\u00a0<\/div><div><hr \/><\/div><div><div>\u00bb\u00a0<a href=\"https:\/\/www.ee.usp.br\/posgraduacao\/mestrado\/doc\/Guia_Enfrentar_Covid_19.pdf\" target=\"_blank\" rel=\"noopener\">Guia para enfrentar a COVID-19 \u2013 A pandemia n\u00e3o acabou! \u2013 Parte 1 \u2013 Novos coronav\u00edrus e a COVID-19<\/a><\/div><div>Autoras: \u00c9rica Gomes Pereira, Profa. Dra. Anna Luiza de F\u00e1tima Pinho Lins Gryschek, Cleide Lavieri Martins e Eliseu Alves Waldman<\/div><\/div><\/div><\/div>\t\t\t\t\t\t<\/div>\n\t\t\t\t<\/div>\n\t\t\t\t\t<\/div>\n\t\t<\/div>\n\t\t\t\t\t<\/div>\n\t\t<\/section>\n\t\t\t\t<section class=\"elementor-section elementor-top-section elementor-element elementor-element-1bc606a elementor-section-boxed elementor-section-height-default elementor-section-height-default\" data-id=\"1bc606a\" data-element_type=\"section\" data-settings=\"{&quot;background_background&quot;:&quot;classic&quot;}\">\n\t\t\t\t\t\t<div class=\"elementor-container elementor-column-gap-default\">\n\t\t\t\t\t<div class=\"elementor-column elementor-col-100 elementor-top-column elementor-element elementor-element-2dd63f1\" data-id=\"2dd63f1\" data-element_type=\"column\">\n\t\t\t<div class=\"elementor-widget-wrap elementor-element-populated\">\n\t\t\t\t\t\t<div class=\"elementor-element elementor-element-aa72493 elementor-widget-divider--view-line elementor-widget elementor-widget-divider\" data-id=\"aa72493\" data-element_type=\"widget\" data-widget_type=\"divider.default\">\n\t\t\t\t<div class=\"elementor-widget-container\">\n\t\t\t\t\t<div class=\"elementor-divider\">\n\t\t\t<span class=\"elementor-divider-separator\">\n\t\t\t\t\t\t<\/span>\n\t\t<\/div>\n\t\t\t\t<\/div>\n\t\t\t\t<\/div>\n\t\t\t\t\t<\/div>\n\t\t<\/div>\n\t\t\t\t\t<\/div>\n\t\t<\/section>\n\t\t\t\t<section class=\"elementor-section elementor-top-section elementor-element elementor-element-a106c71 elementor-section-boxed elementor-section-height-default elementor-section-height-default\" data-id=\"a106c71\" data-element_type=\"section\">\n\t\t\t\t\t\t<div class=\"elementor-container elementor-column-gap-default\">\n\t\t\t\t\t<div class=\"elementor-column elementor-col-100 elementor-top-column elementor-element elementor-element-69e1d89\" data-id=\"69e1d89\" data-element_type=\"column\">\n\t\t\t<div class=\"elementor-widget-wrap elementor-element-populated\">\n\t\t\t\t\t\t<div class=\"elementor-element elementor-element-6334af5 elementor-widget elementor-widget-text-editor\" data-id=\"6334af5\" data-element_type=\"widget\" data-widget_type=\"text-editor.default\">\n\t\t\t\t<div class=\"elementor-widget-container\">\n\t\t\t\t\t\t\t<p><span style=\"color: #1e70b9;\"><strong>Programa de P\u00f3s-Gradua\u00e7\u00e3o Mestrado Profissional em Enfermagem na Aten\u00e7\u00e3o Prim\u00e1ria em Sa\u00fade no Sistema \u00danico de Sa\u00fade \u2013 MPAPS<\/strong><\/span><\/p><p><span style=\"color: #0d4e71;\"><strong>Telefone:<\/strong> (11) 3061-7533 | <strong>E-mail:<\/strong>\u00a0<a style=\"color: #0d4e71;\" href=\"mailto:ppg.mpaps.ee@usp.br\" target=\"_blank\" rel=\"noopener\">ppg.mpaps.ee@usp.br<\/a><\/span><\/p><div><p><span style=\"color: #0d4e71;\"><strong>Hor\u00e1rio de atendimento: <\/strong>Segunda a sexta, das 8h \u00e0s 17h<\/span><\/p><\/div>\t\t\t\t\t\t<\/div>\n\t\t\t\t<\/div>\n\t\t\t\t\t<\/div>\n\t\t<\/div>\n\t\t\t\t\t<\/div>\n\t\t<\/section>\n\t\t\t\t<section class=\"elementor-section elementor-top-section elementor-element elementor-element-a210d25 elementor-section-boxed elementor-section-height-default elementor-section-height-default\" data-id=\"a210d25\" data-element_type=\"section\">\n\t\t\t\t\t\t<div class=\"elementor-container elementor-column-gap-default\">\n\t\t\t\t\t<div class=\"elementor-column elementor-col-100 elementor-top-column elementor-element elementor-element-4332a01\" data-id=\"4332a01\" data-element_type=\"column\">\n\t\t\t<div class=\"elementor-widget-wrap elementor-element-populated\">\n\t\t\t\t\t\t<div class=\"elementor-element elementor-element-5969497 elementor-widget-divider--view-line elementor-widget elementor-widget-divider\" data-id=\"5969497\" data-element_type=\"widget\" data-widget_type=\"divider.default\">\n\t\t\t\t<div class=\"elementor-widget-container\">\n\t\t\t\t\t<div class=\"elementor-divider\">\n\t\t\t<span class=\"elementor-divider-separator\">\n\t\t\t\t\t\t<\/span>\n\t\t<\/div>\n\t\t\t\t<\/div>\n\t\t\t\t<\/div>\n\t\t\t\t\t<\/div>\n\t\t<\/div>\n\t\t\t\t\t<\/div>\n\t\t<\/section>\n\t\t\t\t<section class=\"elementor-section elementor-top-section elementor-element elementor-element-04a00e3 elementor-section-boxed elementor-section-height-default elementor-section-height-default\" data-id=\"04a00e3\" data-element_type=\"section\">\n\t\t\t\t\t\t<div class=\"elementor-container elementor-column-gap-default\">\n\t\t\t\t\t<div class=\"elementor-column elementor-col-100 elementor-top-column elementor-element elementor-element-9c2ee38\" data-id=\"9c2ee38\" data-element_type=\"column\">\n\t\t\t<div class=\"elementor-widget-wrap elementor-element-populated\">\n\t\t\t\t\t\t<div class=\"elementor-element elementor-element-892012d elementor-widget elementor-widget-spacer\" data-id=\"892012d\" data-element_type=\"widget\" data-widget_type=\"spacer.default\">\n\t\t\t\t<div class=\"elementor-widget-container\">\n\t\t\t\t\t<div class=\"elementor-spacer\">\n\t\t\t<div class=\"elementor-spacer-inner\"><\/div>\n\t\t<\/div>\n\t\t\t\t<\/div>\n\t\t\t\t<\/div>\n\t\t\t\t\t<\/div>\n\t\t<\/div>\n\t\t\t\t\t<\/div>\n\t\t<\/section>\n\t\t\t\t<\/div>\n\t\t","protected":false},"excerpt":{"rendered":"<p>Produ\u00e7\u00f5es T\u00e9cnicas 2018 a 2020 2018 \u00bb\u00a0Manual de Acolhimento de Transexuais e Travestis (TT) \u00e0 Aten\u00e7\u00e3o Prim\u00e1ria \u00e0 Sa\u00fade (APS)Autoras: Luiza Gomes Magalh\u00e3es e\u00a0Prof.\u00aa Dr.\u00aa Anna Maria Chiesa \u00bb\u00a0Instrumento para monitoramento gestante com s\u00edfilis Autoras: Darlane Marinho de Souza e Prof.\u00aa Dr.\u00aa Anna Luiza de F\u00e1tima Pinho Lins Gryschek \u00a0 \u00bb\u00a0Formul\u00e1rio de contrarrefer\u00eancia de maternidades [&hellip;]<\/p>\n","protected":false},"author":23730,"featured_media":0,"parent":0,"menu_order":0,"comment_status":"closed","ping_status":"closed","template":"","meta":{"footnotes":"","_links_to":"","_links_to_target":""},"class_list":["post-354","page","type-page","status-publish","hentry"],"_links":{"self":[{"href":"https:\/\/sites.usp.br\/mpaps\/wp-json\/wp\/v2\/pages\/354","targetHints":{"allow":["GET"]}}],"collection":[{"href":"https:\/\/sites.usp.br\/mpaps\/wp-json\/wp\/v2\/pages"}],"about":[{"href":"https:\/\/sites.usp.br\/mpaps\/wp-json\/wp\/v2\/types\/page"}],"author":[{"embeddable":true,"href":"https:\/\/sites.usp.br\/mpaps\/wp-json\/wp\/v2\/users\/23730"}],"replies":[{"embeddable":true,"href":"https:\/\/sites.usp.br\/mpaps\/wp-json\/wp\/v2\/comments?post=354"}],"version-history":[{"count":4,"href":"https:\/\/sites.usp.br\/mpaps\/wp-json\/wp\/v2\/pages\/354\/revisions"}],"predecessor-version":[{"id":971,"href":"https:\/\/sites.usp.br\/mpaps\/wp-json\/wp\/v2\/pages\/354\/revisions\/971"}],"wp:attachment":[{"href":"https:\/\/sites.usp.br\/mpaps\/wp-json\/wp\/v2\/media?parent=354"}],"curies":[{"name":"wp","href":"https:\/\/api.w.org\/{rel}","templated":true}]}}