{"id":182,"date":"2021-11-20T19:30:20","date_gmt":"2021-11-20T21:30:20","guid":{"rendered":"https:\/\/sites.usp.br\/multibmc\/?page_id=182"},"modified":"2025-03-28T11:40:24","modified_gmt":"2025-03-28T13:40:24","slug":"centrifugas","status":"publish","type":"page","link":"https:\/\/sites.usp.br\/multibmc\/equipamentos\/centrifugas\/","title":{"rendered":"Centr\u00edfugas e Ultracentr\u00edfugas"},"content":{"rendered":"<p><span style=\"color: #0000ff;\"><strong>CENTR\u00cdFUGAS:<\/strong><\/span><\/p>\n<p><em>O Laborat\u00f3rio Multiusu\u00e1rios atualmente possui os seguintes modelos de centr\u00edfugas:<\/em><\/p>\n<p><strong>Refrigerada e com suporte para Placas (Sigma 4k15, sala 433):<\/strong><\/p>\n<ul>\n<li><a href=\"https:\/\/drive.google.com\/file\/d\/1Fu2zwvoWauB3XoNG3U8GxyuuFt2SFfKo\/view?usp=drive_link\"><em>POP &#8211; Sigma 4k15<\/em><\/a><\/li>\n<li><a href=\"https:\/\/drive.google.com\/file\/d\/1n-PbpP7Y8u5CcNrhFNzzZeDdhgtjH-Gd\/view?usp=sharing\"><em>Manual Centrifuga Sigma 4k15<\/em><\/a><\/li>\n<\/ul>\n<p>&nbsp;<\/p>\n<p><strong>Refrigerada e com rotor para microtubos (Eppendorf 5425-R, sala 433):<\/strong><\/p>\n<ul>\n<li><em><a href=\"https:\/\/drive.google.com\/file\/d\/1AVqA4Xpdy-BpwSvvuO8FePK327sqewwj\/view?usp=sharing\">POP &#8211; Centr\u00edfuga Eppendorf 5425-R<\/a><\/em><\/li>\n<li><a href=\"https:\/\/drive.google.com\/file\/d\/1PZjSZyrYfflBavWNgFJMinDlJqoe0gYn\/view?usp=sharing\"><em>Manual Centr\u00edfuga Eppendorf 5425 R<\/em><\/a><\/li>\n<\/ul>\n<p>&nbsp;<\/p>\n<p><strong>Refigerada e com rotor para tubos c\u00f4nicos de 15\u00a0 e 50 mL (Eppendorf 5804R, sala 433):<\/strong><\/p>\n<ul>\n<li><em><a href=\"https:\/\/drive.google.com\/file\/d\/1xDY0P1Pey9nQ7dLWc4m28l1jdsCFH9x8\/view?usp=sharing\">POP &#8211; Centr\u00edfuga Eppendorf 5804R<\/a><\/em><\/li>\n<li><a href=\"https:\/\/drive.google.com\/file\/d\/1WDpl7BvXG3af0LovlL5A0Z5m5mylrzi-\/view?usp=sharing\"><em>Manual Centr\u00edfuga Eppendorf 5804R<\/em><\/a><\/li>\n<li><a href=\"https:\/\/drive.google.com\/file\/d\/1N937bBL9_S24XL_b8OzwMdxP7W4XQmBv\/view?usp=sharing\">Rotor Swing A-4-44 (m\u00e1x 5000 rpm)<\/a><\/li>\n<\/ul>\n<p>&nbsp;<\/p>\n<p><span style=\"color: #0000ff;\"><strong>ULTRACENTR\u00cdFUGAS:<\/strong><\/span><\/p>\n<p><span style=\"color: #820322;\"><em>A fim de evitar acidentes, utilize apenas tubos indicados no datasheet de cada rotor.<br \/>\n<\/em><\/span><\/p>\n<p><span style=\"color: #820322;\"><em>O uso das ultracentrifugas est\u00e1 condicionado ao treinamento pr\u00e9vio com o t\u00e9cnico respons\u00e1vel pelo local.<\/em><\/span><\/p>\n<p><strong>Beckman L8-80M (sala 433):<\/strong><\/p>\n<ul>\n<li><em><a href=\"https:\/\/drive.google.com\/file\/d\/1NxQ_tJ-C0CaQnTPXEI0kh7b3AblLc6pl\/view?usp=sharing\">POP &#8211; Ultracentr\u00edfuga Beckman L8-80M<\/a><br \/>\n<\/em><\/li>\n<li><a href=\"https:\/\/drive.google.com\/file\/d\/1LqG3i-osdZQZDfV5mD03nhoA09TOJQoZ\/view?usp=sharing\"><em>Manual Ultracentr\u00edfuga Beckman L8-80M<\/em><\/a><\/li>\n<\/ul>\n<p>&nbsp;<\/p>\n<p><strong>Beckman Optima XL-100K (sala 433): <\/strong><strong><br \/>\n<\/strong><\/p>\n<ul>\n<li><em><a href=\"https:\/\/drive.google.com\/file\/d\/13VorG2tt2NO0XQm16i5fYCQYTz4trwxl\/view?usp=sharing\">POP &#8211; Ultracentr\u00edfuga Beckman Optima XL-100K<\/a><br \/>\n<\/em><\/li>\n<li><em><a href=\"https:\/\/drive.google.com\/file\/d\/1jfIZEFndqqtFcHgIPDpvZzyVk2kc87yT\/view?usp=sharing\">Manual Ultracentr\u00edfuga Beckman Optima XL-100K<\/a><br \/>\n<\/em><\/li>\n<\/ul>\n<p>&nbsp;<\/p>\n<p><span style=\"color: #0000ff;\"><strong>ROTORES BECKMAN PARA USO NAS ULTRACENTR\u00cdFUGAS:<\/strong><\/span><\/p>\n<p>Para uso das ultracentr\u00edfugas, est\u00e3o dispon\u00edveis 9 rotores guardados na geladeira 1:<\/p>\n<ul>\n<li>1 de \u00e2ngulo fixo <a href=\"https:\/\/drive.google.com\/file\/d\/1mH0MziMojkDwdDFvZJD2aBEJgP9lMm7o\/view?usp=sharing\">(Rotor Type VTi90)<\/a><\/li>\n<li>1 de \u00e2ngulo fixo <a href=\"https:\/\/drive.google.com\/file\/d\/1EWAYSw_MGZuBOGCYF4huUG__nSUa7Faz\/view?usp=sharing\">(Rotor Type 50Ti)<\/a><\/li>\n<li>1 de \u00e2ngulo fixo <a href=\"https:\/\/drive.google.com\/file\/d\/1iaxDc4O9qLHb2DcdvyMGCviB3vo4EdrK\/view?usp=sharing\">(Rotor Type 70Ti) <\/a><\/li>\n<li>1 de \u00e2ngulo fixo <a href=\"https:\/\/drive.google.com\/file\/d\/1nV5EiO66wgZ7pMSd4oSkv050C-cJAjyi\/view?usp=sharing\">(Rotor Type 80Ti)<\/a><\/li>\n<li>3 do tipo swing <a href=\"https:\/\/drive.google.com\/file\/d\/1ogmlNqY6JbRs-C3FGfOV-x4MfFQR7NZC\/view?usp=sharing\">(Rotor SW-41Ti)<\/a><\/li>\n<li>1 do tipo swing <a href=\"https:\/\/drive.google.com\/file\/d\/1kGoSFkoHcEW-ZCXK3wou19DpTdbUidq6\/view?usp=sharing\">(Rotor SW-55Ti)<\/a><\/li>\n<\/ul>\n<p>&nbsp;<\/p>\n<p><strong><em>Solicita-se que limpe e guarde os rotores imediatamente ap\u00f3s o uso.<\/em><\/strong><\/p>\n<p><em>N\u00e3o apoie o rotor sobre a bancada sem seu respectivo suporte.<\/em><\/p>\n<p>O valor da rota\u00e7\u00e3o em RPM necess\u00e1rio para alcan\u00e7ar a for\u00e7a centr\u00edfuga <em>g<\/em> em fun\u00e7\u00e3o do fator <em>k<\/em> pode ser obtido atrav\u00e9s da <a href=\"https:\/\/www.beckman.com\/centrifuges\/rotors\/calculator\">calculadora fornecida pela pr\u00f3pria Beckman<\/a>. O c\u00e1lculo tamb\u00e9m pode ser feito atrav\u00e9s da f\u00f3rmula apresentada no manual de cada rotor.<\/p>\n<ul>\n<li><a href=\"https:\/\/drive.google.com\/file\/d\/1ALd13qfdOlh2djD3dF4MGhuLbKHM3ASQ\/view?usp=sharing\">Cat\u00e1logo de rotores, tubos e acess\u00f3rios para ultracentr\u00edfugas Beckmn<\/a><\/li>\n<li><a href=\"https:\/\/drive.google.com\/file\/d\/1PrDa7qy0ElZSJMQlx-SdXf4Z2kwmoTUc\/view?usp=sharing\">Instru\u00e7\u00f5es para uso de tubos e rotores para ultracentr\u00edfugas Beckman<\/a><\/li>\n<\/ul>\n<p>&nbsp;<\/p>\n","protected":false},"excerpt":{"rendered":"<p>CENTR\u00cdFUGAS: O Laborat\u00f3rio Multiusu\u00e1rios atualmente possui os seguintes modelos de centr\u00edfugas: Refrigerada e com suporte [&hellip;]<\/p>\n","protected":false},"author":22667,"featured_media":0,"parent":62,"menu_order":5,"comment_status":"closed","ping_status":"closed","template":"","meta":{"footnotes":"","_links_to":"","_links_to_target":""},"class_list":["post-182","page","type-page","status-publish","hentry"],"_links":{"self":[{"href":"https:\/\/sites.usp.br\/multibmc\/wp-json\/wp\/v2\/pages\/182","targetHints":{"allow":["GET"]}}],"collection":[{"href":"https:\/\/sites.usp.br\/multibmc\/wp-json\/wp\/v2\/pages"}],"about":[{"href":"https:\/\/sites.usp.br\/multibmc\/wp-json\/wp\/v2\/types\/page"}],"author":[{"embeddable":true,"href":"https:\/\/sites.usp.br\/multibmc\/wp-json\/wp\/v2\/users\/22667"}],"replies":[{"embeddable":true,"href":"https:\/\/sites.usp.br\/multibmc\/wp-json\/wp\/v2\/comments?post=182"}],"version-history":[{"count":5,"href":"https:\/\/sites.usp.br\/multibmc\/wp-json\/wp\/v2\/pages\/182\/revisions"}],"predecessor-version":[{"id":750,"href":"https:\/\/sites.usp.br\/multibmc\/wp-json\/wp\/v2\/pages\/182\/revisions\/750"}],"up":[{"embeddable":true,"href":"https:\/\/sites.usp.br\/multibmc\/wp-json\/wp\/v2\/pages\/62"}],"wp:attachment":[{"href":"https:\/\/sites.usp.br\/multibmc\/wp-json\/wp\/v2\/media?parent=182"}],"curies":[{"name":"wp","href":"https:\/\/api.w.org\/{rel}","templated":true}]}}