{"id":184,"date":"2021-11-20T19:31:10","date_gmt":"2021-11-20T21:31:10","guid":{"rendered":"https:\/\/sites.usp.br\/multibmc\/?page_id=184"},"modified":"2025-03-28T11:35:38","modified_gmt":"2025-03-28T13:35:38","slug":"capelas-de-fluxo-laminar","status":"publish","type":"page","link":"https:\/\/sites.usp.br\/multibmc\/equipamentos\/capelas-de-fluxo-laminar\/","title":{"rendered":"Capelas de Fluxo Laminar (sala 433)"},"content":{"rendered":"<p>O uso da capela de fluxo laminar instalada no Laborat\u00f3rio Multiusu\u00e1rios (sala 433) est\u00e1 destinada ao uso de experimentos envolvendo bact\u00e9rias.<\/p>\n<p>O BMC tamb\u00e9m disponibiliza uma Sala de Cultura Multiusu\u00e1rios na sala 418, neste caso, consulte o respons\u00e1vel pelo local.<\/p>\n<p>Ap\u00f3s o uso da Capela de Fluxo Laminar, limpe-a imediatamente conforme os protocolos de Biosseguran\u00e7a.<\/p>\n<p>Links \u00fateis:<\/p>\n<ul>\n<li><a href=\"https:\/\/drive.google.com\/file\/d\/1wyRhtqvbMT7B_xpPWyDXWpANR5CGoAfA\/view?usp=sharing\">POP-Capela de Fluxo Laminar<\/a><\/li>\n<li><a href=\"https:\/\/drive.google.com\/file\/d\/1UakOVwZbeGbnPZVMtxy25VY3tqUfoh3G\/view?usp=sharing\">POP-Situa\u00e7\u00f5es de emerg\u00eancia segundo \u00e0s normas de biosseguran\u00e7a.<\/a><\/li>\n<li><a href=\"http:\/\/biocel.icb.usp.br\/?page_id=2563\">Normas de Biosseguran\u00e7a BMC<\/a><\/li>\n<li><a href=\"https:\/\/ww3.icb.usp.br\/comissao-de-seguranca-quimica\/\">Comiss\u00e3o de Seguran\u00e7a Qu\u00edmica<\/a><\/li>\n<\/ul>\n","protected":false},"excerpt":{"rendered":"<p>O uso da capela de fluxo laminar instalada no Laborat\u00f3rio Multiusu\u00e1rios (sala 433) est\u00e1 destinada [&hellip;]<\/p>\n","protected":false},"author":22667,"featured_media":0,"parent":62,"menu_order":3,"comment_status":"closed","ping_status":"closed","template":"","meta":{"footnotes":"","_links_to":"","_links_to_target":""},"class_list":["post-184","page","type-page","status-publish","hentry"],"_links":{"self":[{"href":"https:\/\/sites.usp.br\/multibmc\/wp-json\/wp\/v2\/pages\/184","targetHints":{"allow":["GET"]}}],"collection":[{"href":"https:\/\/sites.usp.br\/multibmc\/wp-json\/wp\/v2\/pages"}],"about":[{"href":"https:\/\/sites.usp.br\/multibmc\/wp-json\/wp\/v2\/types\/page"}],"author":[{"embeddable":true,"href":"https:\/\/sites.usp.br\/multibmc\/wp-json\/wp\/v2\/users\/22667"}],"replies":[{"embeddable":true,"href":"https:\/\/sites.usp.br\/multibmc\/wp-json\/wp\/v2\/comments?post=184"}],"version-history":[{"count":4,"href":"https:\/\/sites.usp.br\/multibmc\/wp-json\/wp\/v2\/pages\/184\/revisions"}],"predecessor-version":[{"id":746,"href":"https:\/\/sites.usp.br\/multibmc\/wp-json\/wp\/v2\/pages\/184\/revisions\/746"}],"up":[{"embeddable":true,"href":"https:\/\/sites.usp.br\/multibmc\/wp-json\/wp\/v2\/pages\/62"}],"wp:attachment":[{"href":"https:\/\/sites.usp.br\/multibmc\/wp-json\/wp\/v2\/media?parent=184"}],"curies":[{"name":"wp","href":"https:\/\/api.w.org\/{rel}","templated":true}]}}