{"id":266,"date":"2021-11-29T09:57:19","date_gmt":"2021-11-29T11:57:19","guid":{"rendered":"https:\/\/sites.usp.br\/multibmc\/?page_id=266"},"modified":"2025-03-28T11:47:07","modified_gmt":"2025-03-28T13:47:07","slug":"regras-de-uso","status":"publish","type":"page","link":"https:\/\/sites.usp.br\/multibmc\/regras-de-uso\/","title":{"rendered":"Regras de uso"},"content":{"rendered":"<p style=\"text-align: center;\"><strong>Orienta\u00e7\u00f5es gerais de uso dos Laborat\u00f3rios Multiusu\u00e1rios (salas 301 e 433) <\/strong><\/p>\n<p style=\"text-align: center;\"><strong>e do Espa\u00e7o Multiusu\u00e1rios (sala 436)<\/strong><\/p>\n<p>T\u00e9cnico Respons\u00e1vel: Kelliton J M Francisco<\/p>\n<p><strong>Do acesso \u00e0s salas:<\/strong><\/p>\n<ul>\n<li>Cada laborat\u00f3rio do BMC possui um cart\u00e3o pr\u00f3prio de acesso \u00e0 sala 433 que poder\u00e1 ser utilizado por seus\u00a0 colaboradores conforme suas necessidades.<\/li>\n<li>A responsabilidade de uso e cuidados com o cart\u00e3o de acesso \u00e9 de inteira responsabilidade do respectivo laborat\u00f3rio de origem.<\/li>\n<li>Em caso de extravio ou dano f\u00edsico do cart\u00e3o de acesso, cabe ao laborat\u00f3rio de origem providenciar sua reposi\u00e7\u00e3o e comunica\u00e7\u00e3o por e-mail ao setor Multiusu\u00e1rios para desabilita\u00e7\u00e3o do mesmo no sistema de acesso.<\/li>\n<li>As salas 301 e 436 n\u00e3o possuem, por hora, um acesso eletr\u00f4nico tal como a sala 433. Portanto, a chave de acesso\u00a0 estar\u00e1 guardada na primeira gaveta da mesa ao lado da porta de entrada no interior da sala 433.<\/li>\n<li>Ap\u00f3s o uso, as chaves devem ser imediatamente devolvidas ao local para permitir que outros usu\u00e1rios possam utiliz\u00e1-las.<\/li>\n<li>Ao terminar o uso do laborat\u00f3rio e na aus\u00eancia de outro usu\u00e1rio, as luzes devem ser apagadas e a porta deve ser trancada.<\/li>\n<\/ul>\n<p>&nbsp;<\/p>\n<p><strong>Do monitoramento:<\/strong><\/p>\n<ul>\n<li>As salas que comp\u00f5e os Laborat\u00f3rios (salas 301 e 433) e Espa\u00e7o Multiusu\u00e1rios (sala 436) possuem c\u00e2meras de monitoramento, portanto, solicita-se prud\u00eancia no uso destes espa\u00e7os.<\/li>\n<li>O uso dos espa\u00e7os supracitados implica na concord\u00e2ncia autom\u00e1tica da presen\u00e7a dos dispositivos.<\/li>\n<\/ul>\n<p>&nbsp;<\/p>\n<p><strong>Dos agendamentos:<\/strong><\/p>\n<ul>\n<li>\u00a0Alguns equipamentos e espa\u00e7os f\u00edsicos, em virtude do n\u00famero limitado e potencial demanda de uso, devem ser agendados. Os equipamentos que comp\u00f5e o Laborat\u00f3rio Multiusu\u00e1rios (salas 301 e 433) possuem sistema de\u00a0 agendamento pr\u00f3prio online que pode ser acessado \u00e0 partir do site \u201c<a href=\"https:\/\/sites.usp.br\/multibmc\/pagina-inicial\/\">sites.usp.br\/multibmc<\/a>\u201d. O link do site estar\u00e1 dispon\u00edvel nos quadros de avisos no interior das respectivas salas do laborat\u00f3rio.<\/li>\n<li>O agendamento da sala de reuni\u00f5es e do projetor localizado no Espa\u00e7o Multiusu\u00e1rios (sala 436) dever\u00e1 ser feito presencialmente em planilha pr\u00f3pria localizada pr\u00f3ximo aos respectivos recursos t\u00e9cnicos.<\/li>\n<li>Ressalta-se que eventuais mudan\u00e7as e hor\u00e1rios e\/ou cancelamentos s\u00e3o de inteira responsabilidade dos usu\u00e1rios que fizeram os respectivos agendamentos.<\/li>\n<li>Quaisquer necessidades de trocas de hor\u00e1rios entre os usu\u00e1rios devem ser feitas diretamente entre os mesmos, cabendo aos mesmos a responsabilidade de altera\u00e7\u00e3o nas respectivas agendas.<\/li>\n<li>Em caso de conflito de hor\u00e1rios de agendamento com usu\u00e1rios n\u00e3o agendados, observa-se a prioridade para o hor\u00e1rio previamente agendado conforme a presente orienta\u00e7\u00e3o.<\/li>\n<\/ul>\n<p>&nbsp;<\/p>\n<p><em><strong>Do Cadastro de novos usu\u00e1rios na agenda:<\/strong><\/em><\/p>\n<ul>\n<li><em>O usu\u00e1rio deve <span class=\"il\">cadastrar<\/span> seus dados pessoais (<b>Nome completo, e-mail e senha de acesso<\/b>) nos campos referentes ao laborat\u00f3rio, deve se <span class=\"il\">cadastrar<\/span> os dados laborat\u00f3rio de origem.<\/em><\/li>\n<li><em>Exemplo:<\/em>\n<ul>\n<li><em>Nome completo<\/em><\/li>\n<li>E-mail: <em>Preferencialmente o institucional<\/em><\/li>\n<li><i>Laborat\u00f3rio: n\u00famero da sala<\/i><\/li>\n<li><i>Ramal: n\u00famero do ramal do laborat\u00f3rio<br \/>\n<\/i><\/li>\n<li><i>Departamento: BMC<\/i><\/li>\n<\/ul>\n<\/li>\n<\/ul>\n<p>&nbsp;<\/p>\n<p><span style=\"color: #000080;\"><em><strong>Observa\u00e7\u00e3o:<\/strong> N\u00e3o ser\u00e3o efetivados cadastros de usu\u00e1rios sem o preenchimento dos dados supracitados.<\/em><\/span><\/p>\n<p>&nbsp;<\/p>\n<p><strong>Das responsabilidades de uso:<\/strong><\/p>\n<ul>\n<li>Todos os usu\u00e1rios dos Laborat\u00f3rios Multiusu\u00e1rios e Espa\u00e7o Multiusu\u00e1rios s\u00e3o respons\u00e1veis por contribuir com\u00a0 conserva\u00e7\u00e3o, manuten\u00e7\u00e3o e limpeza dos equipamentos e espa\u00e7os de trabalho.<\/li>\n<li>Os usu\u00e1rios dos Laborat\u00f3rios Multiusu\u00e1rios devem preencher e assinar o formul\u00e1rio contido no site\u00a0 \u201c<a href=\"https:\/\/sites.usp.br\/multibmc\/agendas\/\">sites.usp.br\/multibmc\/agendas<\/a>\u201d e\/ou \u201c<a href=\"https:\/\/sites.usp.br\/multibmc\/regras-de-uso\/\">sites.usp.br\/multibmc\/regras-de-uso<\/a>\u201d.<\/li>\n<li>\u00a0Ao observar mal funcionamento de quaisquer equipamentos ou problemas de infraestrutura, tal como ilumina\u00e7\u00e3o, tomadas, entre outros, todo usu\u00e1rio dos Multiusu\u00e1rios \u00e9 respons\u00e1vel pelo aviso imediato ao\u00a0 respons\u00e1vel pelo local para que seja providenciado o reparo ou o encaminhamento de solicita\u00e7\u00e3o do mesmo para os setores competentes.<\/li>\n<li>O uso do equipamento deve ser previamente registrado em seu respectivo caderno. Esta anota\u00e7\u00e3o ser\u00e1 importante caso outro usu\u00e1rio ou o respons\u00e1vel pelo local precise identificar e avisar o usu\u00e1rio sobre eventuais problemas durante a utiliza\u00e7\u00e3o.<\/li>\n<\/ul>\n<p>&nbsp;<\/p>\n<p><strong>Das regras de Biosseguran\u00e7a e Seguran\u00e7a Qu\u00edmica:<\/strong><\/p>\n<ul>\n<li>O usu\u00e1rio do Laborat\u00f3rio e do Espa\u00e7o Multiusu\u00e1rios, ao utilizar os mesmos, estar\u00e1 automaticamente de acordo com as Normas de Biosseguran\u00e7a e Seguran\u00e7a Qu\u00edmica estabelecidas pelas respectivas Comiss\u00f5es do ICB (<a href=\"http:\/\/www.icb.usp.br\/cibio\">Comiss\u00e3o de Biosseguran\u00e7a<\/a> e <a href=\"http:\/\/ww3.icb.usp.br\/comissao-de-seguranca-quimica\">Comiss\u00e3o de Seguran\u00e7a Qu\u00edmica<\/a>).<\/li>\n<li><a href=\"https:\/\/drive.google.com\/file\/d\/1UakOVwZbeGbnPZVMtxy25VY3tqUfoh3G\/view?usp=sharing\">Protocolo de situa\u00e7\u00f5es de emerg\u00eancia segundo \u00e0s normas de biosseguran\u00e7a.<\/a><\/li>\n<\/ul>\n<p>&nbsp;<\/p>\n<p><strong>Dos treinamentos de uso de equipamentos e afins:<\/strong><\/p>\n<ul>\n<li>\u00a0Alguns equipamentos requerem treinamento pr\u00e9vio que pode ser feito com algum usu\u00e1rio experiente cadastrado no Laborat\u00f3rio Multiusu\u00e1rios ou com o t\u00e9cnico do setor. No entanto, o treinamento de opera\u00e7\u00e3o das\u00a0 ultracentr\u00edfugas deve ser feito exclusivamente com o t\u00e9cnico do setor.<\/li>\n<\/ul>\n<p>&nbsp;<\/p>\n<p><strong>Dos empr\u00e9stimos de equipamentos e acess\u00f3rios:<\/strong><\/p>\n<ul>\n<li>\u00c9 vedado o empr\u00e9stimo de equipamentos e\/ou seus acess\u00f3rios para uso fora das depend\u00eancias do Laborat\u00f3rio Multiusu\u00e1rios.<\/li>\n<\/ul>\n<p>&nbsp;<\/p>\n<p><strong>Situa\u00e7\u00f5es n\u00e3o previstas nestas orienta\u00e7\u00f5es:<\/strong><\/p>\n<ul>\n<li>O usu\u00e1rio dever\u00e1 procurar o respons\u00e1vel para que juntos possam buscar a melhor solu\u00e7\u00e3o.<\/li>\n<\/ul>\n<p>&nbsp;<\/p>\n<p><strong>Links \u00fateis:<\/strong><\/p>\n<p><a href=\"https:\/\/drive.google.com\/file\/d\/1riIgForqaHPClydvHDCHPwIY2glhTQ3k\/view?usp=sharing\">Orienta\u00e7\u00f5es Gerais de uso do Laborat\u00f3rio Multiusu\u00e1rios e Espa\u00e7o Multiusu\u00e1rios<\/a><\/p>\n<p><a href=\"https:\/\/drive.google.com\/file\/d\/1UakOVwZbeGbnPZVMtxy25VY3tqUfoh3G\/view?usp=sharing\">Protocolo de situa\u00e7\u00f5es de emerg\u00eancia segundo \u00e0s normas de biosseguran\u00e7a<\/a><\/p>\n<p><a href=\"https:\/\/drive.google.com\/file\/d\/17538Qt1OG_QqPkWkgj729u7zcTUVSvxT\/view?usp=sharing\">Declara\u00e7\u00e3o de uso dos equipamentos<\/a><\/p>\n<p><a href=\"http:\/\/www.icb.usp.br\/cibio\/\">Comiss\u00e3o de Biosseguran\u00e7a do ICB<\/a><\/p>\n<p><a href=\"https:\/\/ww3.icb.usp.br\/comissao-de-seguranca-quimica\/\">Comiss\u00e3o de Seguran\u00e7a Qu\u00edmica do ICB<\/a><\/p>\n","protected":false},"excerpt":{"rendered":"<p>Orienta\u00e7\u00f5es gerais de uso dos Laborat\u00f3rios Multiusu\u00e1rios (salas 301 e 433) e do Espa\u00e7o Multiusu\u00e1rios [&hellip;]<\/p>\n","protected":false},"author":22667,"featured_media":0,"parent":0,"menu_order":2,"comment_status":"closed","ping_status":"closed","template":"","meta":{"footnotes":"","_links_to":"","_links_to_target":""},"class_list":["post-266","page","type-page","status-publish","hentry"],"_links":{"self":[{"href":"https:\/\/sites.usp.br\/multibmc\/wp-json\/wp\/v2\/pages\/266","targetHints":{"allow":["GET"]}}],"collection":[{"href":"https:\/\/sites.usp.br\/multibmc\/wp-json\/wp\/v2\/pages"}],"about":[{"href":"https:\/\/sites.usp.br\/multibmc\/wp-json\/wp\/v2\/types\/page"}],"author":[{"embeddable":true,"href":"https:\/\/sites.usp.br\/multibmc\/wp-json\/wp\/v2\/users\/22667"}],"replies":[{"embeddable":true,"href":"https:\/\/sites.usp.br\/multibmc\/wp-json\/wp\/v2\/comments?post=266"}],"version-history":[{"count":5,"href":"https:\/\/sites.usp.br\/multibmc\/wp-json\/wp\/v2\/pages\/266\/revisions"}],"predecessor-version":[{"id":753,"href":"https:\/\/sites.usp.br\/multibmc\/wp-json\/wp\/v2\/pages\/266\/revisions\/753"}],"wp:attachment":[{"href":"https:\/\/sites.usp.br\/multibmc\/wp-json\/wp\/v2\/media?parent=266"}],"curies":[{"name":"wp","href":"https:\/\/api.w.org\/{rel}","templated":true}]}}