{"id":492,"date":"2023-01-30T12:56:16","date_gmt":"2023-01-30T14:56:16","guid":{"rendered":"https:\/\/sites.usp.br\/multibmc\/?page_id=492"},"modified":"2023-06-29T10:27:47","modified_gmt":"2023-06-29T12:27:47","slug":"estirador-de-micropipetas","status":"publish","type":"page","link":"https:\/\/sites.usp.br\/multibmc\/equipamentos\/estirador-de-micropipetas\/","title":{"rendered":"Estirador de micropipetas"},"content":{"rendered":"<p><a href=\"https:\/\/sites.usp.br\/multibmc\/wp-content\/uploads\/sites\/1041\/2023\/01\/Sutter-P-97.jpg\"><img loading=\"lazy\" decoding=\"async\" class=\"alignleft size-thumbnail wp-image-496\" src=\"https:\/\/sites.usp.br\/multibmc\/wp-content\/uploads\/sites\/1041\/2023\/01\/Sutter-P-97-150x150.jpg\" alt=\"\" width=\"150\" height=\"150\" srcset=\"https:\/\/sites.usp.br\/multibmc\/wp-content\/uploads\/sites\/1041\/2023\/01\/Sutter-P-97-150x150.jpg 150w, https:\/\/sites.usp.br\/multibmc\/wp-content\/uploads\/sites\/1041\/2023\/01\/Sutter-P-97-300x300.jpg 300w, https:\/\/sites.usp.br\/multibmc\/wp-content\/uploads\/sites\/1041\/2023\/01\/Sutter-P-97-1024x1024.jpg 1024w, https:\/\/sites.usp.br\/multibmc\/wp-content\/uploads\/sites\/1041\/2023\/01\/Sutter-P-97-768x768.jpg 768w, https:\/\/sites.usp.br\/multibmc\/wp-content\/uploads\/sites\/1041\/2023\/01\/Sutter-P-97-45x45.jpg 45w, https:\/\/sites.usp.br\/multibmc\/wp-content\/uploads\/sites\/1041\/2023\/01\/Sutter-P-97-200x200.jpg 200w, https:\/\/sites.usp.br\/multibmc\/wp-content\/uploads\/sites\/1041\/2023\/01\/Sutter-P-97-400x400.jpg 400w, https:\/\/sites.usp.br\/multibmc\/wp-content\/uploads\/sites\/1041\/2023\/01\/Sutter-P-97.jpg 1500w\" sizes=\"auto, (max-width: 150px) 100vw, 150px\" \/><\/a>O estirador de micropipetas pode ser utilizado para a fabrica\u00e7\u00e3o de micropipetas, pipetas de adesivo e agulhas de microinje\u00e7\u00e3o.<\/p>\n<p>Devido sua baixa demanda de uso, o mesmo n\u00e3o requer agendamento pr\u00e9vio.<\/p>\n<p><span style=\"color: #800000;\"><em>O uso deste equipamento est\u00e1 condicionado a treinamento pr\u00e9vio. Consulte o <\/em><\/span><span style=\"color: #800000;\"><em>t\u00e9cnico respons\u00e1vel pelo local.<\/em><\/span><\/p>\n<p>&nbsp;<\/p>\n<p>&nbsp;<\/p>\n<ul>\n<li>POP<\/li>\n<li><a href=\"https:\/\/drive.google.com\/file\/d\/1cQO5rKObSlOtyX86v0cPC7PSTEWvIy70\/view?usp=sharing\">Manual Estirador de Micropipetas Sutter P-97<\/a><\/li>\n<\/ul>\n","protected":false},"excerpt":{"rendered":"<p>O estirador de micropipetas pode ser utilizado para a fabrica\u00e7\u00e3o de micropipetas, pipetas de adesivo [&hellip;]<\/p>\n","protected":false},"author":22667,"featured_media":0,"parent":62,"menu_order":7,"comment_status":"closed","ping_status":"closed","template":"","meta":{"footnotes":"","_links_to":"","_links_to_target":""},"class_list":["post-492","page","type-page","status-publish","hentry"],"_links":{"self":[{"href":"https:\/\/sites.usp.br\/multibmc\/wp-json\/wp\/v2\/pages\/492","targetHints":{"allow":["GET"]}}],"collection":[{"href":"https:\/\/sites.usp.br\/multibmc\/wp-json\/wp\/v2\/pages"}],"about":[{"href":"https:\/\/sites.usp.br\/multibmc\/wp-json\/wp\/v2\/types\/page"}],"author":[{"embeddable":true,"href":"https:\/\/sites.usp.br\/multibmc\/wp-json\/wp\/v2\/users\/22667"}],"replies":[{"embeddable":true,"href":"https:\/\/sites.usp.br\/multibmc\/wp-json\/wp\/v2\/comments?post=492"}],"version-history":[{"count":4,"href":"https:\/\/sites.usp.br\/multibmc\/wp-json\/wp\/v2\/pages\/492\/revisions"}],"predecessor-version":[{"id":573,"href":"https:\/\/sites.usp.br\/multibmc\/wp-json\/wp\/v2\/pages\/492\/revisions\/573"}],"up":[{"embeddable":true,"href":"https:\/\/sites.usp.br\/multibmc\/wp-json\/wp\/v2\/pages\/62"}],"wp:attachment":[{"href":"https:\/\/sites.usp.br\/multibmc\/wp-json\/wp\/v2\/media?parent=492"}],"curies":[{"name":"wp","href":"https:\/\/api.w.org\/{rel}","templated":true}]}}