{"id":525,"date":"2023-02-01T13:02:30","date_gmt":"2023-02-01T15:02:30","guid":{"rendered":"https:\/\/sites.usp.br\/multibmc\/?page_id=525"},"modified":"2024-05-27T11:24:28","modified_gmt":"2024-05-27T13:24:28","slug":"espaco-multiusuarios","status":"publish","type":"page","link":"https:\/\/sites.usp.br\/multibmc\/espaco-multiusuarios\/","title":{"rendered":"Espa\u00e7o Multiusu\u00e1rios"},"content":{"rendered":"<p><a href=\"https:\/\/sites.usp.br\/multibmc\/wp-content\/uploads\/sites\/1041\/2023\/02\/sala436-scaled.jpg\"><img loading=\"lazy\" decoding=\"async\" class=\"aligncenter wp-image-539\" src=\"https:\/\/sites.usp.br\/multibmc\/wp-content\/uploads\/sites\/1041\/2023\/02\/sala436-scaled.jpg\" alt=\"\" width=\"935\" height=\"439\" srcset=\"https:\/\/sites.usp.br\/multibmc\/wp-content\/uploads\/sites\/1041\/2023\/02\/sala436-scaled.jpg 2560w, https:\/\/sites.usp.br\/multibmc\/wp-content\/uploads\/sites\/1041\/2023\/02\/sala436-300x141.jpg 300w, https:\/\/sites.usp.br\/multibmc\/wp-content\/uploads\/sites\/1041\/2023\/02\/sala436-1024x481.jpg 1024w, https:\/\/sites.usp.br\/multibmc\/wp-content\/uploads\/sites\/1041\/2023\/02\/sala436-768x361.jpg 768w, https:\/\/sites.usp.br\/multibmc\/wp-content\/uploads\/sites\/1041\/2023\/02\/sala436-1536x721.jpg 1536w, https:\/\/sites.usp.br\/multibmc\/wp-content\/uploads\/sites\/1041\/2023\/02\/sala436-2048x962.jpg 2048w, https:\/\/sites.usp.br\/multibmc\/wp-content\/uploads\/sites\/1041\/2023\/02\/sala436-220x102.jpg 220w, https:\/\/sites.usp.br\/multibmc\/wp-content\/uploads\/sites\/1041\/2023\/02\/sala436-400x188.jpg 400w\" sizes=\"auto, (max-width: 935px) 100vw, 935px\" \/><\/a><\/p>\n<p>O <strong><span style=\"color: #800000;\">Espa\u00e7o Multiusu\u00e1rios<\/span> <\/strong>foi idealizado como um <span style=\"color: #800000;\"><strong><em>ambiente coworking<\/em><\/strong>,<\/span> ou seja, trata-se de ambiente de trabalho cujo modelo se baseia no compartilhamento do espa\u00e7o e de seus recursos de escrit\u00f3rio independente do laborat\u00f3rio e do grupo de origem.<\/p>\n<p>O ambiente \u00e9 dividido em 1 espa\u00e7o compartilhado com computadores, mesa, escrivaninhas, cadeiras\u00a0 e projetor e 1 sala de reuni\u00f5es com computador.<\/p>\n<p>Assim como as salas do Laborat\u00f3rio Multiusu\u00e1rios, o Espa\u00e7o Multiusu\u00e1rios tamb\u00e9m conta com rede Wi-Fi dispon\u00edvel para os usu\u00e1rios.<\/p>\n<h3><\/h3>\n<h3><strong>Recursos dispon\u00edveis:<\/strong><\/h3>\n<h4><span style=\"color: #0000ff;\">\u00a0\u00a0\u00a0\u00a0\u00a0 Espa\u00e7o compartilhado:<\/span><\/h4>\n<ul>\n<li>3 desktops com Windows (7 e 10), Microsoft Office, internet e webcam.<\/li>\n<li>1 projetor fixo com cabo VGA e adaptador HDMI* (<span style=\"color: #800000;\"><em>o uso do projetor requer agendamento pr\u00e9vio no local<\/em><\/span>).<\/li>\n<li>1 copa de apoio com pia, m\u00e1quina de caf\u00e9 para c\u00e1psulas compat\u00edveis com Nespresso e chaleira.<\/li>\n<\/ul>\n<p><em>\u00a0 *Cabo dispon\u00edvel para conex\u00e3o a computadores dos pr\u00f3prios usu\u00e1rios ou a um desktop da sala.<\/em><\/p>\n<h4><span style=\"color: #0000ff;\">\u00a0\u00a0\u00a0\u00a0\u00a0 Sala de Reuni\u00f5es:<\/span><\/h4>\n<ul>\n<li>1 sala de reuni\u00f5es com mesa para 6 lugares, computador com Windows 10 e tela de 55&#8243; (<span style=\"color: #800000;\"><em>o uso da sala de reuni\u00f5es requer agendamento pr\u00e9vio no local<\/em><\/span>).<\/li>\n<\/ul>\n<p>&nbsp;<\/p>\n<h3><strong>Agendamentos:<\/strong><\/h3>\n<ul>\n<li>Os agendamentos da sala de reun\u00f5es e do projetor da sala compartilhada s\u00e3o feitos no local atrav\u00e9s de planilha pr\u00f3pria.<\/li>\n<li>Eventuais mudan\u00e7as e hor\u00e1rios ou cancelamentos s\u00e3o de inteira responsabilidade dos usu\u00e1rios que fizeram os respectivos agendamentos.<\/li>\n<li>As trocas de hor\u00e1rios entre os usu\u00e1rios devem ser feitas diretamente entre os mesmos.<\/li>\n<li>Em caso de uso de conflito de hor\u00e1rios de agendamento com usu\u00e1rios n\u00e3o agendados, observa-se a prioridade para o hor\u00e1rio previamente agendado.<\/li>\n<\/ul>\n","protected":false},"excerpt":{"rendered":"<p>O Espa\u00e7o Multiusu\u00e1rios foi idealizado como um ambiente coworking, ou seja, trata-se de ambiente de [&hellip;]<\/p>\n","protected":false},"author":22667,"featured_media":0,"parent":0,"menu_order":0,"comment_status":"closed","ping_status":"closed","template":"","meta":{"footnotes":"","_links_to":"","_links_to_target":""},"class_list":["post-525","page","type-page","status-publish","hentry"],"_links":{"self":[{"href":"https:\/\/sites.usp.br\/multibmc\/wp-json\/wp\/v2\/pages\/525","targetHints":{"allow":["GET"]}}],"collection":[{"href":"https:\/\/sites.usp.br\/multibmc\/wp-json\/wp\/v2\/pages"}],"about":[{"href":"https:\/\/sites.usp.br\/multibmc\/wp-json\/wp\/v2\/types\/page"}],"author":[{"embeddable":true,"href":"https:\/\/sites.usp.br\/multibmc\/wp-json\/wp\/v2\/users\/22667"}],"replies":[{"embeddable":true,"href":"https:\/\/sites.usp.br\/multibmc\/wp-json\/wp\/v2\/comments?post=525"}],"version-history":[{"count":5,"href":"https:\/\/sites.usp.br\/multibmc\/wp-json\/wp\/v2\/pages\/525\/revisions"}],"predecessor-version":[{"id":712,"href":"https:\/\/sites.usp.br\/multibmc\/wp-json\/wp\/v2\/pages\/525\/revisions\/712"}],"wp:attachment":[{"href":"https:\/\/sites.usp.br\/multibmc\/wp-json\/wp\/v2\/media?parent=525"}],"curies":[{"name":"wp","href":"https:\/\/api.w.org\/{rel}","templated":true}]}}