{"id":180,"date":"2019-05-16T10:07:12","date_gmt":"2019-05-16T12:07:12","guid":{"rendered":"http:\/\/sites.usp.br\/maxfeffer\/?page_id=180"},"modified":"2023-10-26T11:05:06","modified_gmt":"2023-10-26T13:05:06","slug":"equipamentos-disponiveis","status":"publish","type":"page","link":"https:\/\/sites.usp.br\/multiomicas\/equipamentos-disponiveis\/","title":{"rendered":"Equipamentos Dispon\u00edveis"},"content":{"rendered":"<p>&nbsp;<\/p>\n\r\n\t<div class=\"slideshow_container slideshow_container_slideshow-jquery-image-gallery-custom-styles_2\" style=\"height: 292px; \" data-slideshow-id=\"181\" data-style-name=\"slideshow-jquery-image-gallery-custom-styles_2\" data-style-version=\"1561580346\" >\r\n\r\n\t\t\t\t\t<div class=\"slideshow_loading_icon\"><\/div>\r\n\t\t\r\n\t\t<div class=\"slideshow_content\" style=\"display: none;\">\r\n\r\n\t\t\t<div class=\"slideshow_view\">\r\n\t\t\t\t<div class=\"slideshow_slide slideshow_slide_image\">\r\n\t\t\t\t\t\t\t\t\t\t\t<img src=\"https:\/\/sites.usp.br\/multiomicas\/wp-content\/uploads\/sites\/509\/2023\/10\/GLA431.jpg\" alt=\"GLA431 Isotopic CH4 gas analyzer\" width=\"602\" height=\"602\" \/>\r\n\t\t\t\t\t\t\t\t\t\t<div class=\"slideshow_description_box slideshow_transparent\">\r\n\t\t\t\t\t\t<div class=\"slideshow_title\">GLA431 Isotopic CH4 gas analyzer<\/div>\t\t\t\t\t\t<div class=\"slideshow_description\">GLA431 Isotopic CH4 gas analyzer.<\/div>\t\t\t\t\t<\/div>\r\n\t\t\t\t<\/div>\r\n\r\n\t\t\t\t\t\t<div style=\"clear: both;\"><\/div><\/div><div class=\"slideshow_view\">\r\n\t\t\t\t<div class=\"slideshow_slide slideshow_slide_image\">\r\n\t\t\t\t\t\t\t\t\t\t\t<img src=\"https:\/\/sites.usp.br\/multiomicas\/wp-content\/uploads\/sites\/509\/2023\/09\/IMG_2335.jpg\" alt=\"Pegasus BT Leco (GC-TOF\/MS)\" width=\"640\" height=\"480\" \/>\r\n\t\t\t\t\t\t\t\t\t\t<div class=\"slideshow_description_box slideshow_transparent\">\r\n\t\t\t\t\t\t<div class=\"slideshow_title\">Pegasus BT Leco (GC-TOF\/MS)<\/div>\t\t\t\t\t\t<div class=\"slideshow_description\">Pegasus BT Leco (GC-TOF\/MS)<\/div>\t\t\t\t\t<\/div>\r\n\t\t\t\t<\/div>\r\n\r\n\t\t\t\t\t\t<div style=\"clear: both;\"><\/div><\/div><div class=\"slideshow_view\">\r\n\t\t\t\t<div class=\"slideshow_slide slideshow_slide_image\">\r\n\t\t\t\t\t\t\t\t\t\t\t<img src=\"https:\/\/sites.usp.br\/multiomicas\/wp-content\/uploads\/sites\/509\/2023\/09\/IMG_0657-rotated.jpg\" alt=\"timsTOF Pro Bruker\" width=\"480\" height=\"640\" \/>\r\n\t\t\t\t\t\t\t\t\t\t<div class=\"slideshow_description_box slideshow_transparent\">\r\n\t\t\t\t\t\t<div class=\"slideshow_title\">timsTOF Pro Bruker<\/div>\t\t\t\t\t\t<div class=\"slideshow_description\">timsTOF Pro Bruker<\/div>\t\t\t\t\t<\/div>\r\n\t\t\t\t<\/div>\r\n\r\n\t\t\t\t\t\t<div style=\"clear: both;\"><\/div><\/div><div class=\"slideshow_view\">\r\n\t\t\t\t<div class=\"slideshow_slide slideshow_slide_image\">\r\n\t\t\t\t\t\t\t\t\t\t\t<img src=\"https:\/\/sites.usp.br\/multiomicas\/wp-content\/uploads\/sites\/509\/2023\/09\/plant-growth-chamber-pgr15-1.jpg\" alt=\"C\u00e2mara de Crescimento Controlado PGR15 - Conviron\" width=\"1000\" height=\"1000\" \/>\r\n\t\t\t\t\t\t\t\t\t\t<div class=\"slideshow_description_box slideshow_transparent\">\r\n\t\t\t\t\t\t<div class=\"slideshow_title\">C\u00e2mara de Crescimento Controlado PGR15 - Conviron<\/div>\t\t\t\t\t\t\t\t\t\t\t<\/div>\r\n\t\t\t\t<\/div>\r\n\r\n\t\t\t\t\t\t<div style=\"clear: both;\"><\/div><\/div><div class=\"slideshow_view\">\r\n\t\t\t\t<div class=\"slideshow_slide slideshow_slide_image\">\r\n\t\t\t\t\t\t\t\t\t\t\t<img src=\"https:\/\/sites.usp.br\/multiomicas\/wp-content\/uploads\/sites\/509\/2019\/05\/IMG_3810_MALDI-TOF-TOF-5800-SCIEX-e1558444255595.jpg\" alt=\"IMG_3810_MALDI TOF TOF 5800 SCIEX\" width=\"480\" height=\"640\" \/>\r\n\t\t\t\t\t\t\t\t\t\t<div class=\"slideshow_description_box slideshow_transparent\">\r\n\t\t\t\t\t\t<div class=\"slideshow_title\">IMG_3810_MALDI TOF TOF 5800 SCIEX<\/div>\t\t\t\t\t\t\t\t\t\t\t<\/div>\r\n\t\t\t\t<\/div>\r\n\r\n\t\t\t\t\t\t<div style=\"clear: both;\"><\/div><\/div><div class=\"slideshow_view\">\r\n\t\t\t\t<div class=\"slideshow_slide slideshow_slide_image\">\r\n\t\t\t\t\t\t\t\t\t\t\t<img src=\"https:\/\/sites.usp.br\/multiomicas\/wp-content\/uploads\/sites\/509\/2019\/05\/IMG_3794_GC-TOF-MS-_PEGASUS-LECO.jpg\" alt=\"GC TOF MS PEGASUS LECO\" width=\"640\" height=\"480\" \/>\r\n\t\t\t\t\t\t\t\t\t\t<div class=\"slideshow_description_box slideshow_transparent\">\r\n\t\t\t\t\t\t<div class=\"slideshow_title\">GC TOF MS PEGASUS LECO<\/div>\t\t\t\t\t\t\t\t\t\t\t<\/div>\r\n\t\t\t\t<\/div>\r\n\r\n\t\t\t\t\t\t<div style=\"clear: both;\"><\/div><\/div><div class=\"slideshow_view\">\r\n\t\t\t\t<div class=\"slideshow_slide slideshow_slide_image\">\r\n\t\t\t\t\t\t\t\t\t\t\t<img src=\"https:\/\/sites.usp.br\/multiomicas\/wp-content\/uploads\/sites\/509\/2019\/05\/IMG_3804_SYNAPT-G2-HDMI_WATERS.jpg\" alt=\"SYNAPT G2 HDMI_WATERS\" width=\"640\" height=\"480\" \/>\r\n\t\t\t\t\t\t\t\t\t\t<div class=\"slideshow_description_box slideshow_transparent\">\r\n\t\t\t\t\t\t<div class=\"slideshow_title\">SYNAPT G2 HDMI_WATERS<\/div>\t\t\t\t\t\t\t\t\t\t\t<\/div>\r\n\t\t\t\t<\/div>\r\n\r\n\t\t\t\t\t\t<div style=\"clear: both;\"><\/div><\/div>\r\n\t\t<\/div>\r\n\r\n\t\t<div class=\"slideshow_controlPanel slideshow_transparent\" style=\"display: none;\"><ul><li class=\"slideshow_togglePlay\" data-play-text=\"Acionar\" data-pause-text=\"Pausar\"><\/li><\/ul><\/div>\r\n\r\n\t\t<div class=\"slideshow_button slideshow_previous slideshow_transparent\" role=\"button\" data-previous-text=\"Anterior\" style=\"display: none;\"><\/div>\r\n\t\t<div class=\"slideshow_button slideshow_next slideshow_transparent\" role=\"button\" data-next-text=\"Pr\u00f3ximo\" style=\"display: none;\"><\/div>\r\n\r\n\t\t<div class=\"slideshow_pagination\" style=\"display: none;\" data-go-to-text=\"Ir para o slide\"><div class=\"slideshow_pagination_center\"><\/div><\/div>\r\n\r\n\t\t<!-- WordPress Slideshow Version 2.3.1 -->\r\n\r\n\t\t\t<\/div>\r\n\r\n\n<p>&nbsp;<\/p>\n<p><strong><span style=\"font-size: 14pt;\">APLICA\u00c7\u00d5ES DOS EQUIPAMENTOS:<\/span><br \/>\n<\/strong><\/p>\n<ul>\n<li><strong>Espectr\u00f4metro de massas &#8211; timsTOF Pro Bruker<\/strong>: prote\u00f4mica quantitativa.<\/li>\n<li><strong>Espectr\u00f4metro de massas \u2013 Pegasus BT e Pegasus IV \u2013 Leco (GC-TOF\/MS)<\/strong>: Metabol\u00f4mica \u2013 metab\u00f3litos prim\u00e1rios (A\u00e7\u00facares, amino\u00e1cidos, horm\u00f4nios, etc).<\/li>\n<li><strong>Espectr\u00f4metro de massas \u2013 Synapt G2 HDMS Waters (LC-MS\/MS)<\/strong>: Metabol\u00f4mica (metab\u00f3litos secund\u00e1rios) e L:pid\u00f4mica.<\/li>\n<li><strong>Espectr\u00f4metro de massas \u2013 Maldi Tof-Tof 5800 Sciex<\/strong>: Identifica\u00e7\u00e3o de prote\u00ednas, metab\u00f3litos, maldi-imagem e lipid\u00f4mica.<\/li>\n<li><strong>C\u00e2mara de crescimento controlado de plantas PGR-15 Conviron<\/strong>: cultivo de plantas em condi\u00e7\u00f5es controladas de luminosidade, temperatura e humidade relativa.<\/li>\n<li><strong>Analisador Isot\u00f3pico de g\u00e1s metano (CH<sub>4<\/sub>) GLA431 ABB<\/strong>: Quantifica\u00e7\u00e3o por meio isot\u00f3pico do g\u00e1s metano. Realiza as an\u00e1lises em fluxo de ar cont\u00ednuo.<\/li>\n<\/ul>\n<p>&nbsp;<\/p>\n<p><strong><span style=\"font-size: 14pt;\">Equipamentos Aprovados pela FAPESP para 2011:<\/span><\/strong><br \/>\nAssista aos v\u00eddeos:<\/p>\n<blockquote><p><a href=\"http:\/\/www.youtube.com\/watch?v=zVgyz8felqo\" target=\"_blank\" rel=\"noopener\">Synapt HDMS System<\/a><br \/>\n<a href=\"http:\/\/www.youtube.com\/watch?v=tGO2nZq-q5E\" target=\"_blank\" rel=\"noopener\">SYNAPT G2 MS<\/a><\/p><\/blockquote>\n","protected":false},"excerpt":{"rendered":"<p>&nbsp; &nbsp; APLICA\u00c7\u00d5ES DOS EQUIPAMENTOS: Espectr\u00f4metro de massas &#8211; timsTOF Pro Bruker: prote\u00f4mica quantitativa. Espectr\u00f4metro de massas \u2013 Pegasus BT e Pegasus IV \u2013 Leco (GC-TOF\/MS): Metabol\u00f4mica \u2013 metab\u00f3litos prim\u00e1rios (A\u00e7\u00facares, amino\u00e1cidos, horm\u00f4nios, etc). Espectr\u00f4metro de massas \u2013 Synapt G2 HDMS Waters (LC-MS\/MS): Metabol\u00f4mica (metab\u00f3litos secund\u00e1rios) e L:pid\u00f4mica. Espectr\u00f4metro de massas \u2013 Maldi Tof-Tof 5800 [&hellip;]<\/p>\n","protected":false},"author":937,"featured_media":0,"parent":0,"menu_order":0,"comment_status":"closed","ping_status":"closed","template":"","meta":{"footnotes":"","_links_to":"","_links_to_target":""},"class_list":["post-180","page","type-page","status-publish","hentry"],"_links":{"self":[{"href":"https:\/\/sites.usp.br\/multiomicas\/wp-json\/wp\/v2\/pages\/180","targetHints":{"allow":["GET"]}}],"collection":[{"href":"https:\/\/sites.usp.br\/multiomicas\/wp-json\/wp\/v2\/pages"}],"about":[{"href":"https:\/\/sites.usp.br\/multiomicas\/wp-json\/wp\/v2\/types\/page"}],"author":[{"embeddable":true,"href":"https:\/\/sites.usp.br\/multiomicas\/wp-json\/wp\/v2\/users\/937"}],"replies":[{"embeddable":true,"href":"https:\/\/sites.usp.br\/multiomicas\/wp-json\/wp\/v2\/comments?post=180"}],"version-history":[{"count":5,"href":"https:\/\/sites.usp.br\/multiomicas\/wp-json\/wp\/v2\/pages\/180\/revisions"}],"predecessor-version":[{"id":398,"href":"https:\/\/sites.usp.br\/multiomicas\/wp-json\/wp\/v2\/pages\/180\/revisions\/398"}],"wp:attachment":[{"href":"https:\/\/sites.usp.br\/multiomicas\/wp-json\/wp\/v2\/media?parent=180"}],"curies":[{"name":"wp","href":"https:\/\/api.w.org\/{rel}","templated":true}]}}