{"id":193,"date":"2019-05-27T17:16:40","date_gmt":"2019-05-27T19:16:40","guid":{"rendered":"http:\/\/sites.usp.br\/maxfeffer\/?page_id=193"},"modified":"2019-07-24T10:21:50","modified_gmt":"2019-07-24T12:21:50","slug":"servicos","status":"publish","type":"page","link":"https:\/\/sites.usp.br\/multiomicas\/servicos\/","title":{"rendered":"Servi\u00e7os"},"content":{"rendered":"<h4><a href=\"http:\/\/sites.usp.br\/multiomicas\/equipamentos-disponiveis\/\">Equipamentos Dispon\u00edveis<\/a><\/h4>\n<h4><a href=\"http:\/\/sites.usp.br\/multiomicas\/normas-de-funcionamento\/\">Normas de Funcionamento<\/a><\/h4>\n<h4><a href=\"http:\/\/sites.usp.br\/multiomicas\/protocolos\/\">Protocolos<\/a><\/h4>\n<h4><a href=\"https:\/\/pipoca.esalq.usp.br\/webOS\/form\/proteomica-metabolomica-lipidomica\">Formul\u00e1rio de Servi\u00e7os e Contato<\/a><\/h4>\n","protected":false},"excerpt":{"rendered":"<p>Equipamentos Dispon\u00edveis Normas de Funcionamento Protocolos Formul\u00e1rio de Servi\u00e7os e Contato<\/p>\n","protected":false},"author":937,"featured_media":0,"parent":0,"menu_order":0,"comment_status":"closed","ping_status":"closed","template":"","meta":{"footnotes":"","_links_to":"","_links_to_target":""},"class_list":["post-193","page","type-page","status-publish","hentry"],"_links":{"self":[{"href":"https:\/\/sites.usp.br\/multiomicas\/wp-json\/wp\/v2\/pages\/193","targetHints":{"allow":["GET"]}}],"collection":[{"href":"https:\/\/sites.usp.br\/multiomicas\/wp-json\/wp\/v2\/pages"}],"about":[{"href":"https:\/\/sites.usp.br\/multiomicas\/wp-json\/wp\/v2\/types\/page"}],"author":[{"embeddable":true,"href":"https:\/\/sites.usp.br\/multiomicas\/wp-json\/wp\/v2\/users\/937"}],"replies":[{"embeddable":true,"href":"https:\/\/sites.usp.br\/multiomicas\/wp-json\/wp\/v2\/comments?post=193"}],"version-history":[{"count":4,"href":"https:\/\/sites.usp.br\/multiomicas\/wp-json\/wp\/v2\/pages\/193\/revisions"}],"predecessor-version":[{"id":356,"href":"https:\/\/sites.usp.br\/multiomicas\/wp-json\/wp\/v2\/pages\/193\/revisions\/356"}],"wp:attachment":[{"href":"https:\/\/sites.usp.br\/multiomicas\/wp-json\/wp\/v2\/media?parent=193"}],"curies":[{"name":"wp","href":"https:\/\/api.w.org\/{rel}","templated":true}]}}