{"id":212,"date":"2019-05-27T16:27:16","date_gmt":"2019-05-27T18:27:16","guid":{"rendered":"http:\/\/sites.usp.br\/maxfeffer\/?page_id=212"},"modified":"2023-04-26T18:25:40","modified_gmt":"2023-04-26T20:25:40","slug":"protocolos","status":"publish","type":"page","link":"https:\/\/sites.usp.br\/multiomicas\/protocolos\/","title":{"rendered":"Protocolos"},"content":{"rendered":"<p><img loading=\"lazy\" decoding=\"async\" class=\"alignnone wp-image-345 size-full\" src=\"https:\/\/sites.usp.br\/multiomicas\/wp-content\/uploads\/sites\/509\/2019\/06\/pdf2.gif\" alt=\"\" width=\"43\" height=\"38\" \/>\u00a0<a href=\"https:\/\/sites.usp.br\/multiomicas\/wp-content\/uploads\/sites\/509\/2023\/04\/Amicon_Ultra-0.5_Millipore.pdf\" target=\"_blank\" rel=\"noopener\">Amicon Ultra-0.5 Centrifugal Filter Devices &#8211; User Guide<\/a><\/p>\n<p><img loading=\"lazy\" decoding=\"async\" class=\"alignnone wp-image-345 size-full\" src=\"https:\/\/sites.usp.br\/multiomicas\/wp-content\/uploads\/sites\/509\/2019\/06\/pdf2.gif\" alt=\"\" width=\"43\" height=\"38\" \/> <a href=\"https:\/\/sites.usp.br\/multiomicas\/wp-content\/uploads\/sites\/509\/2023\/04\/Digestao_em_Gel_Protocolo_Final.pdf\" target=\"_blank\" rel=\"noopener\">Protocolo de Digest\u00e3o em Gel<\/a><\/p>\n<p><img loading=\"lazy\" decoding=\"async\" class=\"alignnone wp-image-345 size-full\" src=\"https:\/\/sites.usp.br\/multiomicas\/wp-content\/uploads\/sites\/509\/2019\/06\/pdf2.gif\" alt=\"\" width=\"43\" height=\"38\" \/><a href=\"https:\/\/sites.usp.br\/multiomicas\/wp-content\/uploads\/sites\/509\/2023\/04\/Protocol_for_Extraction_of_Total_Protein_from_Plants_Small_Scale.pdf\">Protocol Extraction of Total Proteins from Plant Tissue (Small Scale)<\/a><\/p>\n<p><img loading=\"lazy\" decoding=\"async\" class=\"alignnone wp-image-345 size-full\" src=\"https:\/\/sites.usp.br\/multiomicas\/wp-content\/uploads\/sites\/509\/2019\/06\/pdf2.gif\" alt=\"\" width=\"43\" height=\"38\" \/><a href=\"https:\/\/sites.usp.br\/multiomicas\/wp-content\/uploads\/sites\/509\/2023\/04\/Protocolo_Digestao_Triptica_Amostra_Complexa_10ug_LC-MS_Bruker-10uL.pdf\" target=\"_blank\" rel=\"noopener\">Protocolo de Digest\u00e3o Tr\u00edptica de Amostra Complexa para LC-MS para an\u00e1lise no TimSTof (Bruker)<\/a><\/p>\n<p><img loading=\"lazy\" decoding=\"async\" class=\"alignnone wp-image-345 size-full\" src=\"https:\/\/sites.usp.br\/multiomicas\/wp-content\/uploads\/sites\/509\/2019\/06\/pdf2.gif\" alt=\"\" width=\"43\" height=\"38\" \/><a href=\"https:\/\/sites.usp.br\/multiomicas\/wp-content\/uploads\/sites\/509\/2023\/04\/Utilizacao_de_ZipTip_para_purificacao_de_peptidios_Final.pdf\" target=\"_blank\" rel=\"noopener\">Utiliza\u00e7\u00e3o de ZipTip para purifica\u00e7\u00e3o<\/a><\/p>\n<p>&nbsp;<\/p>\n","protected":false},"excerpt":{"rendered":"<p>\u00a0Amicon Ultra-0.5 Centrifugal Filter Devices &#8211; User Guide Protocolo de Digest\u00e3o em Gel Protocol Extraction of Total Proteins from Plant Tissue (Small Scale) Protocolo de Digest\u00e3o Tr\u00edptica de Amostra Complexa para LC-MS para an\u00e1lise no TimSTof (Bruker) Utiliza\u00e7\u00e3o de ZipTip para purifica\u00e7\u00e3o &nbsp;<\/p>\n","protected":false},"author":937,"featured_media":0,"parent":0,"menu_order":0,"comment_status":"closed","ping_status":"closed","template":"","meta":{"footnotes":"","_links_to":"","_links_to_target":""},"class_list":["post-212","page","type-page","status-publish","hentry"],"_links":{"self":[{"href":"https:\/\/sites.usp.br\/multiomicas\/wp-json\/wp\/v2\/pages\/212","targetHints":{"allow":["GET"]}}],"collection":[{"href":"https:\/\/sites.usp.br\/multiomicas\/wp-json\/wp\/v2\/pages"}],"about":[{"href":"https:\/\/sites.usp.br\/multiomicas\/wp-json\/wp\/v2\/types\/page"}],"author":[{"embeddable":true,"href":"https:\/\/sites.usp.br\/multiomicas\/wp-json\/wp\/v2\/users\/937"}],"replies":[{"embeddable":true,"href":"https:\/\/sites.usp.br\/multiomicas\/wp-json\/wp\/v2\/comments?post=212"}],"version-history":[{"count":4,"href":"https:\/\/sites.usp.br\/multiomicas\/wp-json\/wp\/v2\/pages\/212\/revisions"}],"predecessor-version":[{"id":378,"href":"https:\/\/sites.usp.br\/multiomicas\/wp-json\/wp\/v2\/pages\/212\/revisions\/378"}],"wp:attachment":[{"href":"https:\/\/sites.usp.br\/multiomicas\/wp-json\/wp\/v2\/media?parent=212"}],"curies":[{"name":"wp","href":"https:\/\/api.w.org\/{rel}","templated":true}]}}