{"id":432,"date":"2025-09-04T09:28:10","date_gmt":"2025-09-04T11:28:10","guid":{"rendered":"https:\/\/sites.usp.br\/musicarp\/?page_id=432"},"modified":"2025-09-04T14:09:31","modified_gmt":"2025-09-04T16:09:31","slug":"pesquisa","status":"publish","type":"page","link":"https:\/\/sites.usp.br\/musicarp\/pesquisa\/","title":{"rendered":"Pesquisa"},"content":{"rendered":"<p style=\"text-align: justify;\">O Programa de P\u00f3s-Gradua\u00e7\u00e3o Profissional em M\u00fasica da FFCLRP\/USP oferece aos seus estudantes uma ampla infraestrutura de apoio acad\u00eamico e art\u00edstico, com acesso a diversos laborat\u00f3rios e espa\u00e7os especializados.<\/p>\n<p style=\"text-align: justify;\">\u2012 <a href=\"http:\/\/sites.ffclrp.usp.br\/napcipem\/\">Laborat\u00f3rio de Ci\u00eancias da <i>Performance<\/i> (LCP)<\/a>, que deu origem ao N\u00facleo de Pesquisa em Ci\u00eancias da Performance em M\u00fasica (NAP-CIPEM), sob coordena\u00e7\u00e3o do Prof. Dr. Rubens Russomanno Ricciardi;<\/p>\n<p style=\"text-align: justify;\">\u2012 <a href=\"http:\/\/musica.ffclrp.usp.br\/lacorde.html\">Laborat\u00f3rio de Cordas Dedilhadas (LaCorDe)<\/a>, sob coordena\u00e7\u00e3o do Prof. Dr. Gustavo Silveira Costa;<\/p>\n<p style=\"text-align: justify;\">\u2012 <a href=\"http:\/\/musica.ffclrp.usp.br\/estramuse.html\">Laborat\u00f3rio de Estudos Transdisciplinares em M\u00fasica, Sociedade, Educa\u00e7\u00e3o (EsTraMuSE)<\/a>, sob coordena\u00e7\u00e3o do Prof. Dr. Marcos C\u00e2mara de Castro;<\/p>\n<p style=\"text-align: justify;\">\u2012 <a href=\"http:\/\/musica.ffclrp.usp.br\/laper.html\">Laborat\u00f3rio de Percuss\u00e3o e R\u00edtmica (LAPER)<\/a>, sob coordena\u00e7\u00e3o da Prof.\u00aa Dr.\u00aa Eliana Cec\u00edlia Maggioni Guglielmetti Sulp\u00edcio;<\/p>\n<p style=\"text-align: justify;\">\u2012 <a href=\"http:\/\/musica.ffclrp.usp.br\/lapecc.html\">Laborat\u00f3rio de <i>Performance<\/i> e Ci\u00eancias do Canto (LAPECC)<\/a>, sob coordena\u00e7\u00e3o da Prof.\u00aa Dr.\u00aa Maria Yuka de Almeida Prado;<\/p>\n<p style=\"text-align: justify;\">\u2012 <a href=\"http:\/\/musica.ffclrp.usp.br\/lapecipem.html\">Laborat\u00f3rio de Pesquisa em Composi\u00e7\u00e3o, Interpreta\u00e7\u00e3o, <i>Performance<\/i> e Educa\u00e7\u00e3o Musical (LAPECIPEM)<\/a>, sob coordena\u00e7\u00e3o da Prof.\u00aa Dr.\u00aa S\u00edlvia Maria Pires Cabrera Berg;<\/p>\n<p style=\"text-align: justify;\">\u2012 <a href=\"http:\/\/musica.ffclrp.usp.br\/pianolab.html\">Laborat\u00f3rio de Piano e Pedagogia do Piano (PianoLab)<\/a>, sob coordena\u00e7\u00e3o do Prof. Dr. Fernando Crespo Corvisier e da Prof.\u00aa Dr.\u00aa F\u00e1tima Gra\u00e7a Monteiro Corvisier;<\/p>\n<p style=\"text-align: justify;\">\u2012 <a href=\"http:\/\/musica.ffclrp.usp.br\/labpg.html\">Laborat\u00f3rio de Piano em Grupo (LabPG)<\/a>, sob coordena\u00e7\u00e3o da Prof.\u00aa Dr.\u00aa Simone Gorete Machado;<\/p>\n<p style=\"text-align: justify;\">\u2012 <a href=\"http:\/\/musica.ffclrp.usp.br\/cellolab.html\">Laborat\u00f3rio de Violoncelo Fr\u00f4nese (CelloLab)<\/a>, sob coordena\u00e7\u00e3o do Prof. Dr. Andr\u00e9 Lu\u00eds Giovanini Micheletti.<\/p>\n","protected":false},"excerpt":{"rendered":"<p>O Programa de P\u00f3s-Gradua\u00e7\u00e3o Profissional em M\u00fasica da FFCLRP\/USP oferece aos seus estudantes uma ampla infraestrutura de apoio acad\u00eamico e art\u00edstico, com acesso a diversos laborat\u00f3rios e espa\u00e7os especializados. \u2012 Laborat\u00f3rio de Ci\u00eancias da Performance (LCP), que deu origem ao N\u00facleo de Pesquisa em Ci\u00eancias da Performance em M\u00fasica (NAP-CIPEM), sob coordena\u00e7\u00e3o do Prof. Dr. [&hellip;]<\/p>\n","protected":false},"author":24877,"featured_media":0,"parent":0,"menu_order":0,"comment_status":"closed","ping_status":"closed","template":"","meta":{"footnotes":"","_links_to":"","_links_to_target":""},"class_list":["post-432","page","type-page","status-publish","hentry"],"_links":{"self":[{"href":"https:\/\/sites.usp.br\/musicarp\/wp-json\/wp\/v2\/pages\/432","targetHints":{"allow":["GET"]}}],"collection":[{"href":"https:\/\/sites.usp.br\/musicarp\/wp-json\/wp\/v2\/pages"}],"about":[{"href":"https:\/\/sites.usp.br\/musicarp\/wp-json\/wp\/v2\/types\/page"}],"author":[{"embeddable":true,"href":"https:\/\/sites.usp.br\/musicarp\/wp-json\/wp\/v2\/users\/24877"}],"replies":[{"embeddable":true,"href":"https:\/\/sites.usp.br\/musicarp\/wp-json\/wp\/v2\/comments?post=432"}],"version-history":[{"count":4,"href":"https:\/\/sites.usp.br\/musicarp\/wp-json\/wp\/v2\/pages\/432\/revisions"}],"predecessor-version":[{"id":679,"href":"https:\/\/sites.usp.br\/musicarp\/wp-json\/wp\/v2\/pages\/432\/revisions\/679"}],"wp:attachment":[{"href":"https:\/\/sites.usp.br\/musicarp\/wp-json\/wp\/v2\/media?parent=432"}],"curies":[{"name":"wp","href":"https:\/\/api.w.org\/{rel}","templated":true}]}}