{"id":62,"date":"2014-02-12T11:28:30","date_gmt":"2014-02-12T13:28:30","guid":{"rendered":"http:\/\/sites.usp.br\/neat\/?page_id=62"},"modified":"2025-06-02T18:10:59","modified_gmt":"2025-06-02T21:10:59","slug":"membros","status":"publish","type":"page","link":"https:\/\/sites.usp.br\/neat\/membros\/","title":{"rendered":"Membros"},"content":{"rendered":"<h3>Pesquisadores l\u00edderes<\/h3>\n<div style=\"display: flex; height: 225px;\">\n<div style=\"float: left; padding: 10px;\"><a href=\"https:\/\/sites.usp.br\/neat\/wp-content\/uploads\/sites\/1101\/2022\/05\/glauber.jpg\"><img loading=\"lazy\" decoding=\"async\" class=\"alignnone size-full wp-image-253\" src=\"https:\/\/sites.usp.br\/neat\/wp-content\/uploads\/sites\/1101\/2022\/05\/glauber.jpg\" alt=\"\" width=\"150\" height=\"150\" srcset=\"https:\/\/sites.usp.br\/neat\/wp-content\/uploads\/sites\/1101\/2022\/05\/glauber.jpg 150w, https:\/\/sites.usp.br\/neat\/wp-content\/uploads\/sites\/1101\/2022\/05\/glauber-45x45.jpg 45w\" sizes=\"auto, (max-width: 150px) 100vw, 150px\" \/><\/a><\/div>\n<div style=\"float: left; padding: 10px;\"><b>Glauber Santos<\/b><br \/>\n<a href=\"http:\/\/lattes.cnpq.br\/1514075651545397\" target=\"blank\" rel=\"noopener\">Lattes<\/a> | <a href=\"https:\/\/scholar.google.com.br\/citations?user=eh6bZpoAAAAJ\" target=\"blank\" rel=\"noopener\">Google Acad\u00eamico<\/a><br \/>\n<small><small><style=\"line-height: 0.5\">Linhas de pesquisa:<br \/>+ Administra\u00e7\u00e3o de neg\u00f3cios e destinos tur\u00edsticos<br \/>+ Economia do Turismo<br \/>+ Comportamento do consumidor de turismo<br \/>+ Ci\u00eancia de dados em turismo<\/style>\n<p><\/small><\/small><\/small><\/small>&nbsp;<\/p>\n<\/div>\n<\/div>\n<div style=\"display: flex; height: 225px;\">\n<div style=\"float: left; padding: 10px;\"><a href=\"https:\/\/sites.usp.br\/neat\/wp-content\/uploads\/sites\/1101\/2022\/05\/otavio.jpg\"><img loading=\"lazy\" decoding=\"async\" class=\"alignnone size-full wp-image-249\" src=\"https:\/\/sites.usp.br\/neat\/wp-content\/uploads\/sites\/1101\/2022\/05\/otavio.jpg\" alt=\"\" width=\"150\" height=\"150\" srcset=\"https:\/\/sites.usp.br\/neat\/wp-content\/uploads\/sites\/1101\/2022\/05\/otavio.jpg 150w, https:\/\/sites.usp.br\/neat\/wp-content\/uploads\/sites\/1101\/2022\/05\/otavio-45x45.jpg 45w\" sizes=\"auto, (max-width: 150px) 100vw, 150px\" \/><\/a><\/div>\n<div style=\"float: left; padding: 10px;\"><b>Ot\u00e1vio Freire<\/b><br \/>\n<a href=\"http:\/\/lattes.cnpq.br\/1745770940204631\" target=\"blank\" rel=\"noopener\">Lattes<\/a> | <a href=\"https:\/\/scholar.google.com.br\/citations?user=hNZ8Y-AAAAAJ\" target=\"blank\" rel=\"noopener\">Google Acad\u00eamico<\/a><br \/>\n<small><small><style=\"line-height: 0.5\">Linhas de pesquisa:<br \/>+ Administra\u00e7\u00e3o de neg\u00f3cios e destinos tur\u00edsticos<br \/>+ Comportamento do consumidor de turismo<br \/>+ Ci\u00eancia de dados em turismo<\/style>\n<p><\/small><\/small><\/small><\/small>&nbsp;<\/p>\n<\/div>\n<\/div>\n<h3>Pesquisadores docentes<\/h3>\n<div style=\"display: flex; height: 225px;\">\n<div style=\"float: left; padding: 10px;\"><a href=\"https:\/\/sites.usp.br\/neat\/wp-content\/uploads\/sites\/1101\/2022\/05\/george.jpg\"><img loading=\"lazy\" decoding=\"async\" class=\"alignnone size-full wp-image-254\" src=\"https:\/\/sites.usp.br\/neat\/wp-content\/uploads\/sites\/1101\/2022\/05\/george.jpg\" alt=\"\" width=\"150\" height=\"150\" srcset=\"https:\/\/sites.usp.br\/neat\/wp-content\/uploads\/sites\/1101\/2022\/05\/george.jpg 150w, https:\/\/sites.usp.br\/neat\/wp-content\/uploads\/sites\/1101\/2022\/05\/george-45x45.jpg 45w\" sizes=\"auto, (max-width: 150px) 100vw, 150px\" \/><\/a><\/div>\n<div style=\"float: left; padding: 10px;\"><b>George Rossi<\/b><br \/>\n<a href=\"http:\/\/lattes.cnpq.br\/6837228828495794\" target=\"blank\" rel=\"noopener\">Lattes<\/a> | <a href=\"https:\/\/scholar.google.com.br\/citations?user=urJj59kAAAAJ\" target=\"blank\" rel=\"noopener\">Google Acad\u00eamico<\/a><br \/>\n<small><small><style=\"line-height: 0.5\">Linhas de pesquisa:<br \/>+ Administra\u00e7\u00e3o de neg\u00f3cios e destinos tur\u00edsticos<br \/>+ Comportamento do consumidor de turismo<br \/>+ Ci\u00eancia de dados em turismo<\/style>\n<p><\/small><\/small><\/small><\/small>&nbsp;<\/p>\n<\/div>\n<\/div>\n<div style=\"display: flex; height: 225px;\">\n<div style=\"float: left; padding: 10px;\"><a href=\"https:\/\/sites.usp.br\/neat\/wp-content\/uploads\/sites\/1101\/2024\/04\/giovana.jpg\"><img loading=\"lazy\" decoding=\"async\" class=\"alignnone size-full wp-image-333\" src=\"https:\/\/sites.usp.br\/neat\/wp-content\/uploads\/sites\/1101\/2024\/04\/giovana.jpg\" alt=\"\" width=\"150\" height=\"150\" \/><\/a><\/div>\n<div style=\"float: left; padding: 10px;\"><b>Giovana Bueno<\/b><br \/>\n<a href=\"http:\/\/lattes.cnpq.br\/2973097862832130\" target=\"blank\" rel=\"noopener\">Lattes<\/a> | <a href=\"https:\/\/scholar.google.com.br\/citations?user=jNCgld4AAAAJ\" target=\"blank\" rel=\"noopener\">Google Acad\u00eamico<\/a><br \/>\n<small><small><style=\"line-height: 0.5\">Linhas de pesquisa:<br \/>+ Administra\u00e7\u00e3o de neg\u00f3cios e destinos tur\u00edsticos<\/style>\n<p><\/small><\/small><\/small><\/small>&nbsp;<\/p>\n<\/div>\n<\/div>\n<div style=\"display: flex; height: 225px;\">\n<div style=\"float: left; padding: 10px;\"><a href=\"https:\/\/sites.usp.br\/neat\/wp-content\/uploads\/sites\/1101\/2022\/05\/gui-1.jpg\"><img loading=\"lazy\" decoding=\"async\" class=\"alignnone size-full wp-image-333\" src=\"https:\/\/sites.usp.br\/neat\/wp-content\/uploads\/sites\/1101\/2022\/05\/gui-1.jpg\" alt=\"\" width=\"150\" height=\"150\" srcset=\"https:\/\/sites.usp.br\/neat\/wp-content\/uploads\/sites\/1101\/2022\/05\/gui-1.jpg 150w, https:\/\/sites.usp.br\/neat\/wp-content\/uploads\/sites\/1101\/2022\/05\/gui-1-45x45.jpg 45w\" sizes=\"auto, (max-width: 150px) 100vw, 150px\" \/><\/a><\/div>\n<div style=\"float: left; padding: 10px;\"><b>Gui Lohmann<\/b><br \/>\n<a href=\"http:\/\/lattes.cnpq.br\/8220611862511115\" target=\"blank\" rel=\"noopener\">Lattes<\/a> | <a href=\"https:\/\/scholar.google.com.br\/citations?user=C9p6BpwAAAAJ\" target=\"blank\" rel=\"noopener\">Google Acad\u00eamico<\/a><br \/>\n<small><small><style=\"line-height: 0.5\">Linhas de pesquisa:<br \/>+ Administra\u00e7\u00e3o de neg\u00f3cios e destinos tur\u00edsticos<br \/>+ Economia do Turismo<br \/>+ Comportamento do consumidor de turismo<\/style>\n<p><\/small><\/small><\/small><\/small>&nbsp;<\/p>\n<\/div>\n<\/div>\n<div style=\"display: flex; height: 225px;\">\n<div><\/div>\n<div><\/div>\n<div style=\"float: left; padding: 10px;\"><a href=\"https:\/\/sites.usp.br\/neat\/wp-content\/uploads\/sites\/1101\/2022\/05\/heros.jpg\"><img loading=\"lazy\" decoding=\"async\" class=\"alignnone size-full wp-image-251\" src=\"https:\/\/sites.usp.br\/neat\/wp-content\/uploads\/sites\/1101\/2022\/05\/heros.jpg\" alt=\"\" width=\"150\" height=\"150\" srcset=\"https:\/\/sites.usp.br\/neat\/wp-content\/uploads\/sites\/1101\/2022\/05\/heros.jpg 150w, https:\/\/sites.usp.br\/neat\/wp-content\/uploads\/sites\/1101\/2022\/05\/heros-45x45.jpg 45w\" sizes=\"auto, (max-width: 150px) 100vw, 150px\" \/><\/a><\/div>\n<div style=\"float: left; padding: 10px;\"><b>Heros Lobo<\/b><br \/>\n<a href=\"http:\/\/lattes.cnpq.br\/9405961078398915\" target=\"blank\" rel=\"noopener\">Lattes<\/a> | <a href=\"https:\/\/scholar.google.com.br\/citations?user=Y8XsMk0AAAAJ\" target=\"blank\" rel=\"noopener\">Google Acad\u00eamico<\/a><br \/>\n<small><small><style=\"line-height: 0.5\">Linhas de pesquisa:<br \/>+ Administra\u00e7\u00e3o de neg\u00f3cios e destinos tur\u00edsticos<br \/>+ Comportamento do consumidor de turismo<\/style>\n<p><\/small><\/small><\/small><\/small><\/div>\n<p>&nbsp;<\/p>\n<div style=\"float: left; padding: 10px;\"><\/div>\n<div><\/div>\n<\/div>\n<div style=\"display: flex; height: 225px;\">\n<div style=\"float: left; padding: 10px;\"><a href=\"https:\/\/sites.usp.br\/neat\/wp-content\/uploads\/sites\/1101\/2022\/05\/mariana.jpg\"><img loading=\"lazy\" decoding=\"async\" class=\"alignnone size-full wp-image-250\" src=\"https:\/\/sites.usp.br\/neat\/wp-content\/uploads\/sites\/1101\/2022\/05\/mariana.jpg\" alt=\"\" width=\"150\" height=\"150\" srcset=\"https:\/\/sites.usp.br\/neat\/wp-content\/uploads\/sites\/1101\/2022\/05\/mariana.jpg 150w, https:\/\/sites.usp.br\/neat\/wp-content\/uploads\/sites\/1101\/2022\/05\/mariana-45x45.jpg 45w\" sizes=\"auto, (max-width: 150px) 100vw, 150px\" \/><\/a><\/div>\n<div style=\"float: left; padding: 10px;\"><b>Mariana Bueno<\/b><br \/>\n<a href=\"http:\/\/lattes.cnpq.br\/6147198111437180\" target=\"blank\" rel=\"noopener\">Lattes<\/a> | <a href=\"https:\/\/scholar.google.com.br\/citations?user=7Mcg0ZwAAAAJ\" target=\"blank\" rel=\"noopener\">Google Acad\u00eamico<\/a><br \/>\n<small><small><style=\"line-height: 0.5\">Linhas de pesquisa:<br \/>+ Administra\u00e7\u00e3o de neg\u00f3cios e destinos tur\u00edsticos<br \/>+ Comportamento do consumidor de turismo<\/style>\n<p><\/small><\/small><\/small><\/small>&nbsp;<\/p>\n<\/div>\n<\/div>\n<div style=\"display: flex; height: 225px;\">\n<div style=\"float: left; padding: 10px;\"><a href=\"https:\/\/sites.usp.br\/neat\/wp-content\/uploads\/sites\/1101\/2022\/08\/Osiris-Marques.jpeg\"><img loading=\"lazy\" decoding=\"async\" class=\"alignnone size-full wp-image-248\" src=\"https:\/\/sites.usp.br\/neat\/wp-content\/uploads\/sites\/1101\/2022\/08\/Osiris-Marques.jpeg\" alt=\"\" width=\"150\" height=\"150\" \/><\/a><\/div>\n<div style=\"float: left; padding: 10px;\"><b>Osiris Marques<\/b><br \/>\n<a href=\"http:\/\/lattes.cnpq.br\/1401073089905179\" target=\"blank\" rel=\"noopener\">Lattes<\/a> | <a href=\"https:\/\/scholar.google.com.br\/citations?user=SsrmrW0AAAAJ\" target=\"blank\" rel=\"noopener\">Google Acad\u00eamico<\/a><br \/>\n<small><small><style=\"line-height: 0.5\">Linhas de pesquisa:<br \/>+ Administra\u00e7\u00e3o de neg\u00f3cios e destinos tur\u00edsticos<br \/>+ Economia do Turismo<br \/>+ Comportamento do consumidor de turismo<br \/><\/style>\n<p><\/small><\/small><\/small><\/small>&nbsp;<\/p>\n<\/div>\n<\/div>\n<div style=\"display: flex; height: 225px;\">\n<div style=\"float: left; padding: 10px;\"><a href=\"https:\/\/sites.usp.br\/neat\/wp-content\/uploads\/sites\/1101\/2022\/05\/paulo.jpg\"><img loading=\"lazy\" decoding=\"async\" class=\"alignnone size-full wp-image-248\" src=\"https:\/\/sites.usp.br\/neat\/wp-content\/uploads\/sites\/1101\/2022\/05\/paulo.jpg\" alt=\"\" width=\"150\" height=\"150\" srcset=\"https:\/\/sites.usp.br\/neat\/wp-content\/uploads\/sites\/1101\/2022\/05\/paulo.jpg 150w, https:\/\/sites.usp.br\/neat\/wp-content\/uploads\/sites\/1101\/2022\/05\/paulo-45x45.jpg 45w\" sizes=\"auto, (max-width: 150px) 100vw, 150px\" \/><\/a><\/div>\n<div style=\"float: left; padding: 10px;\"><b>Paulo Feitosa<\/b><br \/>\n<a href=\"http:\/\/lattes.cnpq.br\/1043944885197511\" target=\"blank\" rel=\"noopener\">Lattes<\/a> | <a href=\"https:\/\/scholar.google.com.br\/citations?user=uNtMHW0AAAAJ\" target=\"blank\" rel=\"noopener\">Google Acad\u00eamico<\/a><br \/>\n<small><small><style=\"line-height: 0.5\">Linhas de pesquisa:<br \/>+ Administra\u00e7\u00e3o de neg\u00f3cios e destinos tur\u00edsticos<br \/>+ Economia do Turismo<br \/>+ Comportamento do consumidor de turismo<br \/>+ Ci\u00eancia de dados em turismo<\/style>\n<p><\/small><\/small><\/small><\/small>&nbsp;<\/p>\n<\/div>\n<\/div>\n<div style=\"display: flex; height: 225px;\">\n<div style=\"float: left; padding: 10px;\"><a href=\"https:\/\/sites.usp.br\/neat\/wp-content\/uploads\/sites\/1101\/2022\/05\/veronica.jpg\"><img loading=\"lazy\" decoding=\"async\" class=\"alignnone size-full wp-image-247\" src=\"https:\/\/sites.usp.br\/neat\/wp-content\/uploads\/sites\/1101\/2022\/05\/veronica.jpg\" alt=\"\" width=\"150\" height=\"150\" srcset=\"https:\/\/sites.usp.br\/neat\/wp-content\/uploads\/sites\/1101\/2022\/05\/veronica.jpg 150w, https:\/\/sites.usp.br\/neat\/wp-content\/uploads\/sites\/1101\/2022\/05\/veronica-45x45.jpg 45w\" sizes=\"auto, (max-width: 150px) 100vw, 150px\" \/><\/a><\/div>\n<div style=\"float: left; padding: 10px;\"><b>Ver\u00f4nica Mayer<\/b><br \/>\n<a href=\"http:\/\/lattes.cnpq.br\/4380725705167605\" target=\"blank\" rel=\"noopener\">Lattes<\/a> | <a href=\"https:\/\/scholar.google.com.br\/citations?user=OO5wwCwAAAAJ\" target=\"blank\" rel=\"noopener\">Google Acad\u00eamico<\/a><br \/>\n<small><small><style=\"line-height: 0.5\">Linhas de pesquisa:<br \/>+ Administra\u00e7\u00e3o de neg\u00f3cios e destinos tur\u00edsticos<br \/>+ Economia do Turismo<br \/>+ Comportamento do consumidor de turismo<\/style>\n<p><\/small><\/small><\/small><\/small>&nbsp;<\/p>\n<\/div>\n<\/div>\n<h3>Pesquisadores associados<\/h3>\n<ul>\n<li><a href=\"http:\/\/lattes.cnpq.br\/5209745342018323\" target=\"_blank\" rel=\"noopener\">Andr\u00e9 Martellotta<\/a><\/li>\n<li><a href=\"http:\/\/lattes.cnpq.br\/5984252046899881\" target=\"_blank\" rel=\"noopener\">Elisama Souza<\/a><\/li>\n<li><a href=\"http:\/\/lattes.cnpq.br\/8433471947743426\" target=\"_blank\" rel=\"noopener\">Fernanda Batista<\/a><\/li>\n<li><a href=\"http:\/\/lattes.cnpq.br\/3317107711664861\" target=\"_blank\" rel=\"noopener\">Gilsimara Caresia<\/a><\/li>\n<li><a href=\"http:\/\/lattes.cnpq.br\/1473848485735432\" target=\"_blank\" rel=\"noopener\">Grislayne Guedes Silva<\/a><\/li>\n<li><a href=\"http:\/\/lattes.cnpq.br\/6240409956620610\" target=\"_blank\" rel=\"noopener\">Jo\u00e3o Praia J\u00fanior<\/a><\/li>\n<li><a href=\"http:\/\/lattes.cnpq.br\/4372502323699272\" target=\"_blank\" rel=\"noopener\">Marina Monteiro da Silva<\/a><\/li>\n<li><a href=\"http:\/\/lattes.cnpq.br\/9917356932095909\" target=\"_blank\" rel=\"noopener\">R\u00f4mulo Duarte<\/a><\/li>\n<\/ul>\n<h3>Pesquisadores Discentes<\/h3>\n<ul>\n<li><a href=\"http:\/\/lattes.cnpq.br\/3863202491093437\" target=\"_blank\" rel=\"noopener\">Amanda Borges<\/a><\/li>\n<li><a href=\"http:\/\/lattes.cnpq.br\/6076572833928448\" target=\"_blank\" rel=\"noopener\">Ana Oliveira<\/a><\/li>\n<li><a href=\"http:\/\/lattes.cnpq.br\/5218062184276567\" target=\"_blank\" rel=\"noopener\">Ananda Bastos <\/a><\/li>\n<li><a href=\"http:\/\/lattes.cnpq.br\/3380340197363385\" target=\"_blank\" rel=\"noopener\">Daiane Tavares<\/a><\/li>\n<li><a href=\"http:\/\/lattes.cnpq.br\/6289925381435173\" target=\"_blank\" rel=\"noopener\">Eduardo Sant&#8217;Anna<\/a><\/li>\n<li><a href=\"http:\/\/lattes.cnpq.br\/7931428323386517\" target=\"_blank\" rel=\"noopener\">Emerson Paur\u00e1<\/a><\/li>\n<li><a href=\"http:\/\/lattes.cnpq.br\/1212622037615707\" target=\"_blank\" rel=\"noopener\">Erika Jesus<\/a><\/li>\n<li><a href=\"http:\/\/lattes.cnpq.br\/3408683495038995\" target=\"_blank\" rel=\"noopener\">Erika Koga<\/a><\/li>\n<li><a href=\"http:\/\/lattes.cnpq.br\/4956374533297212\" target=\"_blank\" rel=\"noopener\">Ewerton Monti<\/a><\/li>\n<li><a href=\"\" target=\"_blank\" rel=\"noopener\">Felipe Batista<\/a><\/li>\n<li><a href=\"http:\/\/lattes.cnpq.br\/1058703372069517\" target=\"_blank\" rel=\"noopener\">Josefa Laize Soares Oliveira<\/a><\/li>\n<li><a href=\"http:\/\/lattes.cnpq.br\/8522689490853315\" target=\"_blank\" rel=\"noopener\">Karen Cristina Oliveira<\/a><\/li>\n<li><a href=\"http:\/\/lattes.cnpq.br\/5026411273691742\" target=\"_blank\" rel=\"noopener\">Let\u00edcia Claizoni<\/a><\/li>\n<li><a href=\"http:\/\/lattes.cnpq.br\/0990759174774104\" target=\"_blank\" rel=\"noopener\">Liliana Hemzo<\/a><\/li>\n<li><a href=\"http:\/\/lattes.cnpq.br\/9136611008848890\" target=\"_blank\" rel=\"noopener\">Lis Franco<\/a><\/li>\n<li><a href=\"http:\/\/lattes.cnpq.br\/6322044739744102\" target=\"_blank\" rel=\"noopener\">Lucas Carvalho<\/a><\/li>\n<li><a href=\"http:\/\/lattes.cnpq.br\/8487914294112381\" target=\"_blank\" rel=\"noopener\">Mariana Cavalcante<\/a><\/li>\n<li><a href=\"http:\/\/lattes.cnpq.br\/5985487889151424\" target=\"_blank\" rel=\"noopener\">Natalya Silva<\/a><\/li>\n<li><a href=\"http:\/\/lattes.cnpq.br\/9983513832871061\" target=\"_blank\" rel=\"noopener\">Nath\u00e1lia Cristina Borba Silva <\/a><\/li>\n<li><a href=\"http:\/\/lattes.cnpq.br\/5137482330165754\" target=\"_blank\" rel=\"noopener\">Paula Feliciano<\/a><\/li>\n<li><a href=\"http:\/\/lattes.cnpq.br\/3819805828818353\" target=\"_blank\" rel=\"noopener\">Paulo Lacerda<\/a><\/li>\n<li><a href=\"http:\/\/lattes.cnpq.br\/0312637369839044\" target=\"_blank\" rel=\"noopener\">Pedro Scrivano<\/a><\/li>\n<li><a href=\"http:\/\/lattes.cnpq.br\/8149101942154319\" target=\"_blank\" rel=\"noopener\">Priscila Santos<\/a><\/li>\n<li><a href=\"http:\/\/lattes.cnpq.br\/1201091630296653\" target=\"_blank\" rel=\"noopener\">Ravel Paix\u00e3o<\/a><\/li>\n<li><a href=\"https:\/\/lattes.cnpq.br\/0674291009387066\" target=\"_blank\" rel=\"noopener\">Renato dos Anjos<\/a><\/li>\n<li><a href=\"http:\/\/lattes.cnpq.br\/7049726922853972\" target=\"_blank\" rel=\"noopener\">Thais Bandinelli Oliveira<\/a><\/li>\n<li><a href=\"http:\/\/lattes.cnpq.br\/2083810939495542\" target=\"_blank\" rel=\"noopener\">Vin\u00edcius B\u00edscaro<\/a><\/li>\n<li><a href=\"http:\/\/lattes.cnpq.br\/5542215849846801\" target=\"_blank\" rel=\"noopener\">Vit\u00f3ria Avelino<\/a><\/li>\n<\/ul>\n","protected":false},"excerpt":{"rendered":"<p>Pesquisadores l\u00edderes Glauber Santos Lattes | Google Acad\u00eamico &nbsp; Ot\u00e1vio Freire Lattes | Google Acad\u00eamico &nbsp; Pesquisadores docentes George Rossi Lattes | Google Acad\u00eamico &nbsp; Giovana Bueno Lattes | Google Acad\u00eamico &nbsp; Gui Lohmann Lattes | Google Acad\u00eamico &nbsp; Heros Lobo Lattes | Google Acad\u00eamico &nbsp; Mariana Bueno Lattes | Google Acad\u00eamico &nbsp; Osiris Marques [&hellip;]<\/p>\n","protected":false},"author":1,"featured_media":0,"parent":0,"menu_order":0,"comment_status":"closed","ping_status":"closed","template":"","meta":{"footnotes":"","_links_to":"","_links_to_target":""},"class_list":["post-62","page","type-page","status-publish","hentry"],"_links":{"self":[{"href":"https:\/\/sites.usp.br\/neat\/wp-json\/wp\/v2\/pages\/62","targetHints":{"allow":["GET"]}}],"collection":[{"href":"https:\/\/sites.usp.br\/neat\/wp-json\/wp\/v2\/pages"}],"about":[{"href":"https:\/\/sites.usp.br\/neat\/wp-json\/wp\/v2\/types\/page"}],"author":[{"embeddable":true,"href":"https:\/\/sites.usp.br\/neat\/wp-json\/wp\/v2\/users\/1"}],"replies":[{"embeddable":true,"href":"https:\/\/sites.usp.br\/neat\/wp-json\/wp\/v2\/comments?post=62"}],"version-history":[{"count":5,"href":"https:\/\/sites.usp.br\/neat\/wp-json\/wp\/v2\/pages\/62\/revisions"}],"predecessor-version":[{"id":432,"href":"https:\/\/sites.usp.br\/neat\/wp-json\/wp\/v2\/pages\/62\/revisions\/432"}],"wp:attachment":[{"href":"https:\/\/sites.usp.br\/neat\/wp-json\/wp\/v2\/media?parent=62"}],"curies":[{"name":"wp","href":"https:\/\/api.w.org\/{rel}","templated":true}]}}