{"id":446,"date":"2021-10-07T23:36:45","date_gmt":"2021-10-08T01:36:45","guid":{"rendered":"https:\/\/sites.usp.br\/neepp\/?page_id=446"},"modified":"2022-03-26T20:43:24","modified_gmt":"2022-03-26T22:43:24","slug":"publicacoes-2","status":"publish","type":"page","link":"https:\/\/sites.usp.br\/neepp\/publicacoes-2\/","title":{"rendered":"Publica\u00e7\u00f5es"},"content":{"rendered":"<p><span style=\"color: #000000;\"><strong>Artigos completos publicados em peri\u00f3dicos<\/strong><\/span><\/p>\n<p><span style=\"color: #000000;\">MOUNTIAN, A. G<strong>.<\/strong>; VALENTIN, A. ; MACHADO, J. G. R. ; COLLADO, L. F. ; SAITO, M. N. . <a style=\"color: #000000;\" href=\"https:\/\/www.saopaulo.sp.leg.br\/escoladoparlamento\/wp-content\/uploads\/sites\/5\/2021\/10\/revista_parlamento_e_sociedade_v8_n15_COMPLETA_20211001.pdf\"><strong>Crise da COVID-19 no Munic\u00edpio de S\u00e3o Paulo: Mercado de Trabalho, Desigualdade e Pol\u00edticas P\u00fablicas<\/strong><\/a>. REVISTA PARLAMENTO &amp; SOCIEDADE, v. 8, p. 61, 2020.<\/span><\/p>\n<p><span style=\"color: #000000;\">VALENTIN, A. ; MACHADO, J. G. R. ;\u00a0MOUNTIAN, ANDR\u00c9 GAL\u00a0. <strong><a style=\"color: #000000;\" href=\"https:\/\/www.rbgdr.net\/revista\/index.php\/rbgdr\/article\/view\/5976\">Pol\u00edticas P\u00fablicas em contextos de crise: uma an\u00e1lise comparada da formula\u00e7\u00e3o das pol\u00edticas econ\u00f4micas no Brasil em 2008 e 2020<\/a><\/strong>. REVISTA BRASILEIRA DE GEST\u00c3O E DESENVOLVIMENTO REGIONAL, v. 16, p. 19-34, 2020.<\/span><\/p>\n<p>&nbsp;<\/p>\n<p><span style=\"color: #000000;\"><strong>Trabalhos completos publicados em anais de congressos<\/strong><\/span><\/p>\n<p><span style=\"color: #000000;\">MOUNTIAN, A. G.; MACHADO, J. G. R. ; VALENTIN, A. . <a style=\"color: #000000;\" href=\"https:\/\/www.anepcp.org.br\/acp\/anaisenepcp\"><strong>Inser\u00e7\u00e3o de Economistas no Campo de P\u00fablicas no Brasil: Trajet\u00f3ria Formativa, Publica\u00e7\u00f5es e Redes de Coautoria<\/strong><\/a>. In: Associa\u00e7\u00e3o Nacional de Ensino e Pesquisa do Campo de P\u00fablicas, 2021. IV ENEPCP, 2021.<\/span><\/p>\n<p><span style=\"color: #000000;\">VALENTIN, A. ; MOUNTIAN, A. G.\u00a0; MACHADO, J. G. R. . <strong><a style=\"color: #000000;\" href=\"http:\/\/anpad.com.br\/pt_br\/index_event\">Inser\u00e7\u00e3o de Economistas no Campo de P\u00fablicas no Brasil: Trajet\u00f3ria Acad\u00eamica, Ensino e Pesquisa<\/a><\/strong>. In: Associa\u00e7\u00e3o Nacional de P\u00f3s-gradua\u00e7\u00e3o e Pesquisa em Administra\u00e7\u00e3o, 2021. EnANPAD, 2021.<\/span><\/p>\n<p>&nbsp;<\/p>\n<p><strong>Outras publica\u00e7\u00f5es<\/strong><\/p>\n<p>VALENTIN, A. ; MOUNTIAN, A. G.\u00a0; MACHADO, J. G. R. ; OLIVEIRA, C. S. ; GARCIA, F. J. M. ; BENETTI, G. S. ; CAETANO, J. L. T. ; MENDES, S. R. S. . Am\u00e9rica Latina em tempos de Covid-19: uma an\u00e1lise comparada das pol\u00edticas de transfer\u00eancia de renda e garantia de emprego 2020 (Boletim de Pol\u00edticas P\u00fablicas).<\/p>\n<p>MOUNTIAN, A. G.; GARCIA, B. A. O. ; RODRIGUES, J. M. P. ; COLLADO, L. F. ; SAITO, M. N. . Situa\u00e7\u00e3o do mercado de trabalho e dos indicadores de sa\u00fade com os dados da PNAD COVID19 2020 (Boletim de Pol\u00edticas P\u00fablicas).<\/p>\n<p>COLLADO, L. F. ; SAITO, M. N. ; VALENTIN, A. ; MOUNTIAN, A. G.\u00a0. Efeitos da crise sanit\u00e1ria sobre o mercado de trabalho: estamos todos no mesmo barco? 2020 (Boletim de Pol\u00edticas P\u00fablicas).<\/p>\n<p>MOUNTIAN, A. G.; VALENTIN, A. . Evolu\u00e7\u00e3o do emprego formal durante a crise sanit\u00e1ria 2020 (Boletim de Pol\u00edticas P\u00fablicas).<\/p>\n<p>COLLADO, L. F. ; MACHADO, J. G. R. ; VALENTIN, A. ; MOUNTIAN, A. G.\u00a0. Evolu\u00e7\u00e3o do mercado de trabalho e do Aux\u00edlio Emergencial durante a crise sanit\u00e1ria 2020 (Boletim de Pol\u00edticas P\u00fablicas).<\/p>\n<p>GARCIA, B. A. O. ; SAITO, M. N. ; VALENTIN, A. ; MOUNTIAN, A. G.\u00a0. Evolu\u00e7\u00e3o dos indicadores de sa\u00fade, de atividades escolares e de empr\u00e9stimos com os dados da PNAD COVID 2020 (Boletim de Pol\u00edticas P\u00fablicas).<\/p>\n<p>COLLADO, L. F. ; SAITO, M. N. ; SANTOS, C. G. ; VALENTIN, A. ; MOUNTIAN, A. G.\u00a0. Efeitos da pandemia sobre as empresas no Brasil 2020 (Boletim de Pol\u00edticas P\u00fablicas).<\/p>\n<p>VALENTIN, A. ; MOUNTIAN, A. G.\u00a0; MACHADO, J. G. R. . Mercado de trabalho formal na cidade de S\u00e3o Paulo e os efeitos da crise sanit\u00e1ria 2020 (Boletim de Pol\u00edticas P\u00fablicas).<\/p>\n<p>GARCIA, B. A. O. ; RODRIGUES, J. M. P. ; VALENTIN, A. ; MOUNTIAN, A. G.\u00a0. Desigualdade, indicadores de sa\u00fade e crise sanit\u00e1ria 2020 (Boletim de Pol\u00edticas P\u00fablicas).<\/p>\n<p>&nbsp;<\/p>\n","protected":false},"excerpt":{"rendered":"<p>Artigos completos publicados em peri\u00f3dicos MOUNTIAN, A. G.; VALENTIN, A. ; MACHADO, J. G. R. ; COLLADO, L. F. ; SAITO, M. N. . Crise da COVID-19 no Munic\u00edpio de S\u00e3o Paulo: Mercado de Trabalho, Desigualdade e Pol\u00edticas P\u00fablicas. REVISTA PARLAMENTO &amp; SOCIEDADE, v. 8, p. 61, 2020. VALENTIN, A. ; MACHADO, J. G. R.<a href=\"https:\/\/sites.usp.br\/neepp\/publicacoes-2\/\">[&#8230;]<\/a><\/p>\n","protected":false},"author":22000,"featured_media":0,"parent":0,"menu_order":0,"comment_status":"closed","ping_status":"closed","template":"","meta":{"footnotes":"","_links_to":"","_links_to_target":""},"class_list":["post-446","page","type-page","status-publish","hentry"],"_links":{"self":[{"href":"https:\/\/sites.usp.br\/neepp\/wp-json\/wp\/v2\/pages\/446","targetHints":{"allow":["GET"]}}],"collection":[{"href":"https:\/\/sites.usp.br\/neepp\/wp-json\/wp\/v2\/pages"}],"about":[{"href":"https:\/\/sites.usp.br\/neepp\/wp-json\/wp\/v2\/types\/page"}],"author":[{"embeddable":true,"href":"https:\/\/sites.usp.br\/neepp\/wp-json\/wp\/v2\/users\/22000"}],"replies":[{"embeddable":true,"href":"https:\/\/sites.usp.br\/neepp\/wp-json\/wp\/v2\/comments?post=446"}],"version-history":[{"count":4,"href":"https:\/\/sites.usp.br\/neepp\/wp-json\/wp\/v2\/pages\/446\/revisions"}],"predecessor-version":[{"id":456,"href":"https:\/\/sites.usp.br\/neepp\/wp-json\/wp\/v2\/pages\/446\/revisions\/456"}],"wp:attachment":[{"href":"https:\/\/sites.usp.br\/neepp\/wp-json\/wp\/v2\/media?parent=446"}],"curies":[{"name":"wp","href":"https:\/\/api.w.org\/{rel}","templated":true}]}}