{"id":263,"date":"2020-06-07T14:16:43","date_gmt":"2020-06-07T16:16:43","guid":{"rendered":"https:\/\/sites.usp.br\/nehilp\/?page_id=263"},"modified":"2020-07-13T00:29:12","modified_gmt":"2020-07-13T02:29:12","slug":"cursos-online","status":"publish","type":"page","link":"https:\/\/sites.usp.br\/nehilp\/cursos-online\/","title":{"rendered":"CURSOS ONLINE"},"content":{"rendered":"<p><strong>CURSO DE ETIMOLOGIA (PowerPoint)<\/strong><\/p>\n<p>Prof. Dr. M\u00e1rio Eduardo Viaro (DLCV-FFLCH-USP)<\/p>\n<p>15\/03\/2016 &#8211; 20\/06\/2016<\/p>\n<p>&nbsp;<\/p>\n<p>1.\u00a0<a href=\"http:\/\/www.usp.br\/nehilp\/cursos\/curso1.ppsx\" target=\"_blank\" rel=\"noopener noreferrer\">Verossimilhan\u00e7a de uma proposta etimol\u00f3gica<\/a><\/p>\n<p>2.\u00a0<a href=\"http:\/\/www.usp.br\/nehilp\/cursos\/curso2.ppsx\" target=\"_blank\" rel=\"noopener noreferrer\">Sincronias pret\u00e9ritas da l\u00edngua portuguesa<\/a><\/p>\n<p>3.\u00a0<a href=\"http:\/\/www.usp.br\/nehilp\/cursos\/curso3.ppsx\">Graus de certeza, conserva\u00e7\u00e3o e mudan\u00e7a<\/a><\/p>\n<p>4.\u00a0<a href=\"http:\/\/www.usp.br\/nehilp\/cursos\/curso4.ppsx\">Leis fon\u00e9ticas da lingua portuguesa<\/a><\/p>\n<p>5.<a href=\"http:\/\/www.usp.br\/nehilp\/cursos\/curso5.ppsx\">\u00a0Analogia<\/a><\/p>\n<p>6.\u00a0<a href=\"http:\/\/www.usp.br\/nehilp\/cursos\/curso6.ppsx\">Novos s\u00edmbolos para as proposi\u00e7\u00f5es etimol\u00f3gicas<\/a><\/p>\n<p>7.\u00a0<a href=\"http:\/\/www.usp.br\/nehilp\/cursos\/curso7.ppsx\">Pesquisa etimol\u00f3gica: dados antigos (compara\u00e7\u00e3o de l\u00ednguas)<\/a><\/p>\n<p>8.\u00a0<a href=\"http:\/\/www.usp.br\/nehilp\/cursos\/curso8.ppsx\">Pesquisa etimol\u00f3gica: dados antigos (cultismo)<\/a><\/p>\n<p>9.\u00a0<a href=\"http:\/\/www.usp.br\/nehilp\/cursos\/curso9.ppsx\">Pesquisa etimol\u00f3gica: dados recentes<\/a><\/p>\n<p>10.\u00a0<a href=\"http:\/\/www.usp.br\/nehilp\/cursos\/curso10.ppsx\">Cria\u00e7\u00e3o expressiva: rela\u00e7\u00f5es significante\/significado.<\/a><\/p>\n<p>&nbsp;<\/p>\n<p><strong>AN\u00c1LISE DE TEXTOS IMPORTANTES (PowerPoint)<\/strong><\/p>\n<p>1.\u00a0<a href=\"http:\/\/www.usp.br\/nehilp\/cursos\/Cratilo.ppsx\">Cr\u00e1tilo<\/a>, de Plat\u00e3o (386-385 a.C.)<\/p>\n<p>2. Etymologiae, de Isidoro de Sevilha (s\u00e9c. VII)<\/p>\n<p>3. Gramatica castellana, de Elio Antonio de Nebrija (1492)<\/p>\n<p>4. Origem da lingoa portuguesa, de Duarte Nunes de Le\u00e3o (1606)<\/p>\n<p>5. Brevis designatio meditationum de originibus gentium, de Gottfried Wilhelm von Leibniz (1710)<\/p>\n<p>6. Histoire naturelle de la parole, de Antoine Court de G\u00e9belin (1776)<\/p>\n<p>7. Affinitas linguae hungaricae cum linguis fennicae originis grammatice demonstrata, de S\u00e1muel Gyarmathi (1799)<\/p>\n<p>8. Unders\u00f6gelse om det gamle Nordiske eller Islandske Sprogs oprindelse, de Rasmus Kristian Rask (1811)<\/p>\n<p>9. \u00dcber das Conjugationssystem der Sanskritsprache in Vergleichung mit jenem der griechischen, lateinischen, perscischen und germanischen Sprache, de Franz Bopp (1816)<\/p>\n<p>10. Deutsche Grammatik, de Jacob Grimm (1819-1837)<\/p>\n<p>&nbsp;<\/p>\n<p><strong>TUTORIAL DO NEHiLP (YouTube)<\/strong><\/p>\n<p>&nbsp;<\/p>\n<p>1.\u00a0<a href=\"https:\/\/www.youtube.com\/watch?v=i9f_Fyc0dK0\">COMO CADASTRAR-SE<\/a><\/p>\n<p>2.\u00a0<a href=\"https:\/\/www.youtube.com\/watch?v=attrqAR2xqQ\">COMO CONTRIBUIR PARA O DELPo<\/a><\/p>\n<p>3. O PROGRAMA MOEDOR<\/p>\n<p>4. O SISTEMA PAPAVERO<\/p>\n<p>5. O PROGRAMA METAPLASMADOR<\/p>\n<p>6. A BUSCA NO DELPo<\/p>\n","protected":false},"excerpt":{"rendered":"<p>CURSO DE ETIMOLOGIA (PowerPoint) Prof. Dr. M\u00e1rio Eduardo Viaro (DLCV-FFLCH-USP) 15\/03\/2016 &#8211; 20\/06\/2016 &nbsp; 1.\u00a0Verossimilhan\u00e7a [&hellip;]<\/p>\n","protected":false},"author":21854,"featured_media":0,"parent":0,"menu_order":0,"comment_status":"closed","ping_status":"closed","template":"","meta":{"footnotes":"","_links_to":"","_links_to_target":""},"class_list":["post-263","page","type-page","status-publish","hentry"],"_links":{"self":[{"href":"https:\/\/sites.usp.br\/nehilp\/wp-json\/wp\/v2\/pages\/263","targetHints":{"allow":["GET"]}}],"collection":[{"href":"https:\/\/sites.usp.br\/nehilp\/wp-json\/wp\/v2\/pages"}],"about":[{"href":"https:\/\/sites.usp.br\/nehilp\/wp-json\/wp\/v2\/types\/page"}],"author":[{"embeddable":true,"href":"https:\/\/sites.usp.br\/nehilp\/wp-json\/wp\/v2\/users\/21854"}],"replies":[{"embeddable":true,"href":"https:\/\/sites.usp.br\/nehilp\/wp-json\/wp\/v2\/comments?post=263"}],"version-history":[{"count":2,"href":"https:\/\/sites.usp.br\/nehilp\/wp-json\/wp\/v2\/pages\/263\/revisions"}],"predecessor-version":[{"id":312,"href":"https:\/\/sites.usp.br\/nehilp\/wp-json\/wp\/v2\/pages\/263\/revisions\/312"}],"wp:attachment":[{"href":"https:\/\/sites.usp.br\/nehilp\/wp-json\/wp\/v2\/media?parent=263"}],"curies":[{"name":"wp","href":"https:\/\/api.w.org\/{rel}","templated":true}]}}