{"id":290,"date":"2020-06-07T14:45:30","date_gmt":"2020-06-07T16:45:30","guid":{"rendered":"https:\/\/sites.usp.br\/nehilp\/?page_id=290"},"modified":"2020-07-13T00:27:39","modified_gmt":"2020-07-13T02:27:39","slug":"corpo-editorial","status":"publish","type":"page","link":"https:\/\/sites.usp.br\/nehilp\/corpo-editorial\/","title":{"rendered":"CORPO EDITORIAL"},"content":{"rendered":"<h2>Arquivos do NEHiLP<br \/>\nISSN 2318-2032<\/h2>\n<p>&nbsp;<\/p>\n<h4>UNIVERSIDADE DE S\u00c3O PAULO<\/h4>\n<p><strong>REITOR:\u00a0<\/strong>Prof. Dr. Marco Antonio Zago<br \/>\n<strong>VICE-REITOR:\u00a0<\/strong>Prof. Dr. Vahan Agopyan<\/p>\n<h4>FACULDADE DE FILOSOFIA, LETRAS E CIENCIAS HUMANAS<\/h4>\n<p><strong>DIRETOR:\u00a0<\/strong>Profa. Dra. Maria Arminda do Nascimento Arruda<br \/>\n<strong>VICE-DIRETOR:\u00a0<\/strong>Prof. Dr. Paulo Martins<\/p>\n<h4>CORPO EDITORIAL<\/h4>\n<p><strong>PRESIDENTE:\u00a0<\/strong>M\u00e1rio Eduardo Viaro<br \/>\n<strong>EDI\u00c7\u00c3O, PREPARA\u00c7\u00c3O\/ REVIS\u00c3O E DIAGRAMA\u00c7\u00c3O:\u00a0<\/strong>\u00c9rica Santos Soares de Freitas<\/p>\n<h4>Conselho editorial:<\/h4>\n<p>Aldo Luiz Bizzocchi<br \/>\nArtur Costrino<br \/>\nBruno Oliveira Maroneze<br \/>\nCarlos Eduardo Mendes de Moraes<br \/>\nClotilde de Almeida Azevedo Murakawa<br \/>\nDaniel K\u00f6lligan<br \/>\nElis de Almeida Cardoso Caretta<br \/>\n\u00c9rica Santos Soares de Freitas<br \/>\nFederico Corriente<br \/>\nFrancisco da Silva Xavier<br \/>\nGra\u00e7a Maria Rio-Torto<br \/>\nJos\u00e9 Marcos Mariani de Macedo<br \/>\nJoseni Alc\u00e2ntara de Oliveira<br \/>\nMamede Mustafa Jarouche<br \/>\nMaria Clara Paix\u00e3o de Sousa<br \/>\nManoel Mourivaldo Santiago Almeida<br \/>\nMarcelo M\u00f3dolo<br \/>\nMarco Dimas Gubitoso<br \/>\nMargarida Maria Taddoni Petter<br \/>\nMariana Giacomini Botta<br \/>\nMaria Filomena Gon\u00e7alves<br \/>\nM\u00e1rio Eduardo Viaro<br \/>\nMartin Becker<br \/>\nMichael J. Ferreira<br \/>\nNelson Papavero<br \/>\nNilsa Are\u00e1n-Garc\u00eda<br \/>\nPaulo Chagas de Souza<br \/>\nPhablo Roberto Marchis Fachin<br \/>\nSafa Alferd Abou Chahla Jubran<br \/>\nSandra Aparecida Ferreira<br \/>\nS\u00edlvio de Almeida Toledo Neto<br \/>\nSolange Peixe Pinheiro de Carvalho<br \/>\nVal\u00e9ria Gil Cond\u00e9<br \/>\nVolker Noll<\/p>\n","protected":false},"excerpt":{"rendered":"<p>Arquivos do NEHiLP ISSN 2318-2032 &nbsp; UNIVERSIDADE DE S\u00c3O PAULO REITOR:\u00a0Prof. Dr. Marco Antonio Zago [&hellip;]<\/p>\n","protected":false},"author":21854,"featured_media":0,"parent":0,"menu_order":0,"comment_status":"closed","ping_status":"closed","template":"","meta":{"footnotes":"","_links_to":"","_links_to_target":""},"class_list":["post-290","page","type-page","status-publish","hentry"],"_links":{"self":[{"href":"https:\/\/sites.usp.br\/nehilp\/wp-json\/wp\/v2\/pages\/290","targetHints":{"allow":["GET"]}}],"collection":[{"href":"https:\/\/sites.usp.br\/nehilp\/wp-json\/wp\/v2\/pages"}],"about":[{"href":"https:\/\/sites.usp.br\/nehilp\/wp-json\/wp\/v2\/types\/page"}],"author":[{"embeddable":true,"href":"https:\/\/sites.usp.br\/nehilp\/wp-json\/wp\/v2\/users\/21854"}],"replies":[{"embeddable":true,"href":"https:\/\/sites.usp.br\/nehilp\/wp-json\/wp\/v2\/comments?post=290"}],"version-history":[{"count":2,"href":"https:\/\/sites.usp.br\/nehilp\/wp-json\/wp\/v2\/pages\/290\/revisions"}],"predecessor-version":[{"id":310,"href":"https:\/\/sites.usp.br\/nehilp\/wp-json\/wp\/v2\/pages\/290\/revisions\/310"}],"wp:attachment":[{"href":"https:\/\/sites.usp.br\/nehilp\/wp-json\/wp\/v2\/media?parent=290"}],"curies":[{"name":"wp","href":"https:\/\/api.w.org\/{rel}","templated":true}]}}