{"id":403,"date":"2017-08-30T15:43:24","date_gmt":"2017-08-30T18:43:24","guid":{"rendered":"http:\/\/sites.usp.br\/nepeciss\/?page_id=403"},"modified":"2024-05-24T16:55:26","modified_gmt":"2024-05-24T19:55:26","slug":"parcerias","status":"publish","type":"page","link":"https:\/\/sites.usp.br\/nepeciss\/parcerias\/","title":{"rendered":"Parcerias Nacionais e Internacionais"},"content":{"rendered":"<p><\/p>\n<ul>\n<li><a href=\"http:\/\/fcfrp.usp.br\/\">Faculdade de Ci\u00eancias Farmac\u00eauticas de Ribeir\u00e3o Preto \u2013 USP<\/a><\/li>\n<li><a href=\"https:\/\/www.forp.usp.br\/\">Faculdade de Odontologia de Ribeir\u00e3o Preto &#8211; USP<\/a><\/li>\n<li><a href=\"http:\/\/www.hcrp.usp.br\/sitehc\/\">Hospital das Cl\u00ednicas da Faculdade de Medicina de Ribeir\u00e3o Preto &#8211; HCFMRP<\/a><\/li>\n<li><a href=\"http:\/\/lamav.weebly.com\/\">Laborat\u00f3rio de Materiais V\u00edtreos &#8211; UFSCar<\/a><\/li>\n<li><a href=\"https:\/\/web.ub.edu\/inici\">Universidade de Barcelona (Espanha)<\/a><\/li>\n<li><a href=\"https:\/\/www.unb.br\/\">Universidade de Bras\u00edlia<\/a><\/li>\n<li><a href=\"https:\/\/www.uibk.ac.at\/en\/\">Universidade de Insbruck (\u00c1ustria)<\/a><\/li>\n<li><a href=\"http:\/\/www.mq.edu.au\/\">Universidade de Macquarie (Austr\u00e1lia)<\/a><\/li>\n<li><a href=\"https:\/\/www.uminho.pt\/PT\">Universidade do Minho (Portugal)<\/a><\/li>\n<li><a href=\"https:\/\/www.up.pt\/portal\/pt\/\">Universidade do Porto (Portugal)<\/a><\/li>\n<li><a href=\"https:\/\/www.ufg.br\/\">Universidade Federal de Goi\u00e1s<\/a><\/li>\n<li><a href=\"https:\/\/www.ufms.br\/\">Universidade Federal de Mato Grosso do Sul<\/a><\/li>\n<li><a href=\"https:\/\/ufmg.br\/\">Universidade Federal de Minas Gerais<\/a><\/li>\n<li><a href=\"http:\/\/www.ufpi.br\/\">Universidade Federal do Piau\u00ed<\/a><\/li>\n<\/ul>\n<p><\/p>","protected":false},"excerpt":{"rendered":"<p>Faculdade de Ci\u00eancias Farmac\u00eauticas de Ribeir\u00e3o Preto \u2013 USP Faculdade de Odontologia de Ribeir\u00e3o Preto [&hellip;]<\/p>\n","protected":false},"author":575,"featured_media":0,"parent":0,"menu_order":0,"comment_status":"closed","ping_status":"closed","template":"","meta":{"footnotes":"","_links_to":"","_links_to_target":""},"class_list":["post-403","page","type-page","status-publish","hentry"],"_links":{"self":[{"href":"https:\/\/sites.usp.br\/nepeciss\/wp-json\/wp\/v2\/pages\/403","targetHints":{"allow":["GET"]}}],"collection":[{"href":"https:\/\/sites.usp.br\/nepeciss\/wp-json\/wp\/v2\/pages"}],"about":[{"href":"https:\/\/sites.usp.br\/nepeciss\/wp-json\/wp\/v2\/types\/page"}],"author":[{"embeddable":true,"href":"https:\/\/sites.usp.br\/nepeciss\/wp-json\/wp\/v2\/users\/575"}],"replies":[{"embeddable":true,"href":"https:\/\/sites.usp.br\/nepeciss\/wp-json\/wp\/v2\/comments?post=403"}],"version-history":[{"count":5,"href":"https:\/\/sites.usp.br\/nepeciss\/wp-json\/wp\/v2\/pages\/403\/revisions"}],"predecessor-version":[{"id":697,"href":"https:\/\/sites.usp.br\/nepeciss\/wp-json\/wp\/v2\/pages\/403\/revisions\/697"}],"wp:attachment":[{"href":"https:\/\/sites.usp.br\/nepeciss\/wp-json\/wp\/v2\/media?parent=403"}],"curies":[{"name":"wp","href":"https:\/\/api.w.org\/{rel}","templated":true}]}}