{"id":1236,"date":"2022-09-17T07:41:27","date_gmt":"2022-09-17T10:41:27","guid":{"rendered":"https:\/\/sites.usp.br\/neper\/?page_id=1236"},"modified":"2024-09-18T12:44:58","modified_gmt":"2024-09-18T15:44:58","slug":"encontros","status":"publish","type":"page","link":"https:\/\/sites.usp.br\/neper\/encontros\/","title":{"rendered":"Encontros"},"content":{"rendered":"\t\t<div data-elementor-type=\"wp-page\" data-elementor-id=\"1236\" class=\"elementor elementor-1236\" data-elementor-post-type=\"page\">\n\t\t\t\t\t\t<section class=\"elementor-section elementor-top-section elementor-element elementor-element-6d4b250 elementor-section-boxed elementor-section-height-default elementor-section-height-default\" data-id=\"6d4b250\" data-element_type=\"section\">\n\t\t\t\t\t\t<div class=\"elementor-container elementor-column-gap-default\">\n\t\t\t\t\t<div class=\"elementor-column elementor-col-100 elementor-top-column elementor-element elementor-element-9c8f7a1\" data-id=\"9c8f7a1\" data-element_type=\"column\">\n\t\t\t<div class=\"elementor-widget-wrap elementor-element-populated\">\n\t\t\t\t\t\t<div class=\"elementor-element elementor-element-8569597 elementor-widget elementor-widget-heading\" data-id=\"8569597\" data-element_type=\"widget\" data-widget_type=\"heading.default\">\n\t\t\t\t<div class=\"elementor-widget-container\">\n\t\t\t<h2 class=\"elementor-heading-title elementor-size-default\">Encontros<\/h2>\t\t<\/div>\n\t\t\t\t<\/div>\n\t\t\t\t\t<\/div>\n\t\t<\/div>\n\t\t\t\t\t<\/div>\n\t\t<\/section>\n\t\t\t\t<section class=\"elementor-section elementor-top-section elementor-element elementor-element-894bf95 elementor-section-boxed elementor-section-height-default elementor-section-height-default\" data-id=\"894bf95\" data-element_type=\"section\">\n\t\t\t\t\t\t<div class=\"elementor-container elementor-column-gap-default\">\n\t\t\t\t\t<div class=\"elementor-column elementor-col-100 elementor-top-column elementor-element elementor-element-230f649\" data-id=\"230f649\" data-element_type=\"column\">\n\t\t\t<div class=\"elementor-widget-wrap elementor-element-populated\">\n\t\t\t\t\t\t<div class=\"elementor-element elementor-element-21d6ea4 elementor-widget elementor-widget-heading\" data-id=\"21d6ea4\" data-element_type=\"widget\" data-widget_type=\"heading.default\">\n\t\t\t\t<div class=\"elementor-widget-container\">\n\t\t\t<h2 class=\"elementor-heading-title elementor-size-default\">Encontros presenciais<\/h2>\t\t<\/div>\n\t\t\t\t<\/div>\n\t\t\t\t\t<\/div>\n\t\t<\/div>\n\t\t\t\t\t<\/div>\n\t\t<\/section>\n\t\t\t\t<section class=\"elementor-section elementor-top-section elementor-element elementor-element-b8f2117 elementor-section-boxed elementor-section-height-default elementor-section-height-default\" data-id=\"b8f2117\" data-element_type=\"section\">\n\t\t\t\t\t\t<div class=\"elementor-container elementor-column-gap-default\">\n\t\t\t\t\t<div class=\"elementor-column elementor-col-100 elementor-top-column elementor-element elementor-element-788ea3c\" data-id=\"788ea3c\" data-element_type=\"column\">\n\t\t\t<div class=\"elementor-widget-wrap elementor-element-populated\">\n\t\t\t\t\t\t<div class=\"elementor-element elementor-element-5a9e1ff elementor-widget elementor-widget-heading\" data-id=\"5a9e1ff\" data-element_type=\"widget\" data-widget_type=\"heading.default\">\n\t\t\t\t<div class=\"elementor-widget-container\">\n\t\t\t<h1 class=\"elementor-heading-title elementor-size-default\">O NEPER realiza encontros presenciais peri\u00f3dicos com a comunidade do ICB. Os encontros ocorrem \u00e0s segundas-feiras, a partir das 13:00 horas, na terceira semana de cada m\u00eas. Em cada encontro, haver\u00e1 uma palestra sobre ci\u00eancia e pesquisa, proferida por um membro do NEPER ou por um convidado. A pr\u00f3xima palestra contar\u00e1 com a participa\u00e7\u00e3o do com Jos\u00e9 Alexandre Marzag\u00e3o Barbuto, professor do Instituto de Ci\u00eancias Biom\u00e9dicas da USP e membro honor\u00e1rio do NEPER.\n <\/h1>\t\t<\/div>\n\t\t\t\t<\/div>\n\t\t\t\t\t<\/div>\n\t\t<\/div>\n\t\t\t\t\t<\/div>\n\t\t<\/section>\n\t\t\t\t<section class=\"elementor-section elementor-top-section elementor-element elementor-element-414b38e elementor-section-boxed elementor-section-height-default elementor-section-height-default\" data-id=\"414b38e\" data-element_type=\"section\">\n\t\t\t\t\t\t<div class=\"elementor-container elementor-column-gap-default\">\n\t\t\t\t\t<div class=\"elementor-column elementor-col-100 elementor-top-column elementor-element elementor-element-5304646\" data-id=\"5304646\" data-element_type=\"column\">\n\t\t\t<div class=\"elementor-widget-wrap\">\n\t\t\t\t\t\t\t<\/div>\n\t\t<\/div>\n\t\t\t\t\t<\/div>\n\t\t<\/section>\n\t\t\t\t<section class=\"elementor-section elementor-top-section elementor-element elementor-element-ea9d9f4 elementor-section-boxed elementor-section-height-default elementor-section-height-default\" data-id=\"ea9d9f4\" data-element_type=\"section\">\n\t\t\t\t\t\t<div class=\"elementor-container elementor-column-gap-default\">\n\t\t\t\t\t<div class=\"elementor-column elementor-col-100 elementor-top-column elementor-element elementor-element-5943736\" data-id=\"5943736\" data-element_type=\"column\">\n\t\t\t<div class=\"elementor-widget-wrap\">\n\t\t\t\t\t\t\t<\/div>\n\t\t<\/div>\n\t\t\t\t\t<\/div>\n\t\t<\/section>\n\t\t\t\t<section class=\"elementor-section elementor-top-section elementor-element elementor-element-7d7b8b0 elementor-section-boxed elementor-section-height-default elementor-section-height-default\" data-id=\"7d7b8b0\" data-element_type=\"section\">\n\t\t\t\t\t\t<div class=\"elementor-container elementor-column-gap-default\">\n\t\t\t\t\t<div class=\"elementor-column elementor-col-100 elementor-top-column elementor-element elementor-element-ff18800\" data-id=\"ff18800\" data-element_type=\"column\">\n\t\t\t<div class=\"elementor-widget-wrap elementor-element-populated\">\n\t\t\t\t\t\t<div class=\"elementor-element elementor-element-858d10b elementor-widget elementor-widget-image\" data-id=\"858d10b\" data-element_type=\"widget\" data-widget_type=\"image.default\">\n\t\t\t\t<div class=\"elementor-widget-container\">\n\t\t\t\t\t\t\t\t\t\t\t\t\t<img fetchpriority=\"high\" decoding=\"async\" width=\"872\" height=\"880\" src=\"https:\/\/sites.usp.br\/neper\/wp-content\/uploads\/sites\/898\/2024\/09\/Encontro-do-NEPER-de-Outubro-2024.png\" class=\"attachment-large size-large wp-image-1566\" alt=\"\" srcset=\"https:\/\/sites.usp.br\/neper\/wp-content\/uploads\/sites\/898\/2024\/09\/Encontro-do-NEPER-de-Outubro-2024.png 872w, https:\/\/sites.usp.br\/neper\/wp-content\/uploads\/sites\/898\/2024\/09\/Encontro-do-NEPER-de-Outubro-2024-297x300.png 297w, https:\/\/sites.usp.br\/neper\/wp-content\/uploads\/sites\/898\/2024\/09\/Encontro-do-NEPER-de-Outubro-2024-150x150.png 150w, https:\/\/sites.usp.br\/neper\/wp-content\/uploads\/sites\/898\/2024\/09\/Encontro-do-NEPER-de-Outubro-2024-768x775.png 768w, https:\/\/sites.usp.br\/neper\/wp-content\/uploads\/sites\/898\/2024\/09\/Encontro-do-NEPER-de-Outubro-2024-45x45.png 45w, https:\/\/sites.usp.br\/neper\/wp-content\/uploads\/sites\/898\/2024\/09\/Encontro-do-NEPER-de-Outubro-2024-400x404.png 400w\" sizes=\"(max-width: 872px) 100vw, 872px\" \/>\t\t\t\t\t\t\t\t\t\t\t\t\t<\/div>\n\t\t\t\t<\/div>\n\t\t\t\t\t<\/div>\n\t\t<\/div>\n\t\t\t\t\t<\/div>\n\t\t<\/section>\n\t\t\t\t<\/div>\n\t\t","protected":false},"excerpt":{"rendered":"<p>Encontros Encontros presenciais O NEPER realiza encontros presenciais peri\u00f3dicos com a comunidade do ICB. Os encontros ocorrem \u00e0s segundas-feiras, a partir das 13:00 horas, na terceira semana de cada m\u00eas. Em cada encontro, haver\u00e1 uma palestra sobre ci\u00eancia e pesquisa, proferida por um membro do NEPER ou por um convidado. A pr\u00f3xima palestra contar\u00e1 com&hellip;<\/p>\n","protected":false},"author":22663,"featured_media":0,"parent":0,"menu_order":0,"comment_status":"closed","ping_status":"closed","template":"elementor_header_footer","meta":{"_monsterinsights_skip_tracking":false,"_monsterinsights_sitenote_active":false,"_monsterinsights_sitenote_note":"","_monsterinsights_sitenote_category":0,"footnotes":"","_links_to":"","_links_to_target":""},"class_list":["post-1236","page","type-page","status-publish","hentry","post"],"_links":{"self":[{"href":"https:\/\/sites.usp.br\/neper\/wp-json\/wp\/v2\/pages\/1236","targetHints":{"allow":["GET"]}}],"collection":[{"href":"https:\/\/sites.usp.br\/neper\/wp-json\/wp\/v2\/pages"}],"about":[{"href":"https:\/\/sites.usp.br\/neper\/wp-json\/wp\/v2\/types\/page"}],"author":[{"embeddable":true,"href":"https:\/\/sites.usp.br\/neper\/wp-json\/wp\/v2\/users\/22663"}],"replies":[{"embeddable":true,"href":"https:\/\/sites.usp.br\/neper\/wp-json\/wp\/v2\/comments?post=1236"}],"version-history":[{"count":4,"href":"https:\/\/sites.usp.br\/neper\/wp-json\/wp\/v2\/pages\/1236\/revisions"}],"predecessor-version":[{"id":1569,"href":"https:\/\/sites.usp.br\/neper\/wp-json\/wp\/v2\/pages\/1236\/revisions\/1569"}],"wp:attachment":[{"href":"https:\/\/sites.usp.br\/neper\/wp-json\/wp\/v2\/media?parent=1236"}],"curies":[{"name":"wp","href":"https:\/\/api.w.org\/{rel}","templated":true}]}}