{"id":1363,"date":"2022-10-12T07:50:58","date_gmt":"2022-10-12T10:50:58","guid":{"rendered":"https:\/\/sites.usp.br\/neper\/?page_id=1363"},"modified":"2022-12-02T19:49:10","modified_gmt":"2022-12-02T22:49:10","slug":"agendamento-2","status":"publish","type":"page","link":"https:\/\/sites.usp.br\/neper\/agendamento-2\/","title":{"rendered":"Agendamento"},"content":{"rendered":"\t\t<div data-elementor-type=\"wp-page\" data-elementor-id=\"1363\" class=\"elementor elementor-1363\" data-elementor-post-type=\"page\">\n\t\t\t\t\t\t<section class=\"elementor-section elementor-top-section elementor-element elementor-element-a0419e3 elementor-section-boxed elementor-section-height-default elementor-section-height-default\" data-id=\"a0419e3\" data-element_type=\"section\">\n\t\t\t\t\t\t<div class=\"elementor-container elementor-column-gap-default\">\n\t\t\t\t\t<div class=\"elementor-column elementor-col-100 elementor-top-column elementor-element elementor-element-900c4b4\" data-id=\"900c4b4\" data-element_type=\"column\">\n\t\t\t<div class=\"elementor-widget-wrap elementor-element-populated\">\n\t\t\t\t\t\t<div class=\"elementor-element elementor-element-3fcf371 elementor-widget elementor-widget-heading\" data-id=\"3fcf371\" data-element_type=\"widget\" data-widget_type=\"heading.default\">\n\t\t\t\t<div class=\"elementor-widget-container\">\n\t\t\t<h2 class=\"elementor-heading-title elementor-size-default\">Agende uma consultoria com a equipe do NEPER<\/h2>\t\t<\/div>\n\t\t\t\t<\/div>\n\t\t\t\t<div class=\"elementor-element elementor-element-05ef4e8 elementor-widget elementor-widget-text-editor\" data-id=\"05ef4e8\" data-element_type=\"widget\" data-widget_type=\"text-editor.default\">\n\t\t\t\t<div class=\"elementor-widget-container\">\n\t\t\t\t\t\t\t<p>Caso tenha algum problema com o formul\u00e1rio de agendamento, abaixo, envie uma mensagem para o email\u00a0<a>neper@icb.usp.br<\/a> e, por favor, solicite uma consultoria.<\/p>\t\t\t\t\t\t<\/div>\n\t\t\t\t<\/div>\n\t\t\t\t\t<\/div>\n\t\t<\/div>\n\t\t\t\t\t<\/div>\n\t\t<\/section>\n\t\t\t\t<section class=\"elementor-section elementor-top-section elementor-element elementor-element-8ec5a78 elementor-section-boxed elementor-section-height-default elementor-section-height-default\" data-id=\"8ec5a78\" data-element_type=\"section\">\n\t\t\t\t\t\t<div class=\"elementor-container elementor-column-gap-default\">\n\t\t\t\t\t<div class=\"elementor-column elementor-col-100 elementor-top-column elementor-element elementor-element-83bd904\" data-id=\"83bd904\" data-element_type=\"column\">\n\t\t\t<div class=\"elementor-widget-wrap elementor-element-populated\">\n\t\t\t\t\t\t<div class=\"elementor-element elementor-element-25eb9a9 elementor-widget elementor-widget-heading\" data-id=\"25eb9a9\" data-element_type=\"widget\" data-widget_type=\"heading.default\">\n\t\t\t\t<div class=\"elementor-widget-container\">\n\t\t\t<h2 class=\"elementor-heading-title elementor-size-default\">Formul\u00e1rio para solicita\u00e7\u00e3o de agendamento de consultoria<\/h2>\t\t<\/div>\n\t\t\t\t<\/div>\n\t\t\t\t<div class=\"elementor-element elementor-element-003489a elementor-widget elementor-widget-wp-widget-wpforms-widget\" data-id=\"003489a\" data-element_type=\"widget\" data-widget_type=\"wp-widget-wpforms-widget.default\">\n\t\t\t\t<div class=\"elementor-widget-container\">\n\t\t\t<div class=\"wpforms-container wpforms-container-full\" id=\"wpforms-841\"><form id=\"wpforms-form-841\" class=\"wpforms-validate wpforms-form\" data-formid=\"841\" method=\"post\" enctype=\"multipart\/form-data\" action=\"\/neper\/wp-json\/wp\/v2\/pages\/1363\" data-token=\"0b425e75e2a62a26cabd3f0a3349e332\"><noscript class=\"wpforms-error-noscript\">Ative o JavaScript no seu navegador para preencher este formul\u00e1rio.<\/noscript><div class=\"wpforms-field-container\"><div id=\"wpforms-841-field_1-container\" class=\"wpforms-field wpforms-field-text\" data-field-id=\"1\"><label class=\"wpforms-field-label\" for=\"wpforms-841-field_1\">Nome completo: <span class=\"wpforms-required-label\">*<\/span><\/label><input type=\"text\" id=\"wpforms-841-field_1\" class=\"wpforms-field-medium wpforms-field-required\" name=\"wpforms[fields][1]\" required><\/div><div id=\"wpforms-841-field_2-container\" class=\"wpforms-field wpforms-field-email\" data-field-id=\"2\"><label class=\"wpforms-field-label\" for=\"wpforms-841-field_2\">Endere\u00e7o de e-mail principal: <span class=\"wpforms-required-label\">*<\/span><\/label><input type=\"email\" id=\"wpforms-841-field_2\" class=\"wpforms-field-medium wpforms-field-required\" name=\"wpforms[fields][2]\" required><\/div><div id=\"wpforms-841-field_6-container\" class=\"wpforms-field wpforms-field-email\" data-field-id=\"6\"><label class=\"wpforms-field-label\" for=\"wpforms-841-field_6\">Endere\u00e7o de e-mail alternativo (opcional):<\/label><input type=\"email\" id=\"wpforms-841-field_6\" class=\"wpforms-field-medium\" name=\"wpforms[fields][6]\" ><\/div><div id=\"wpforms-841-field_4-container\" class=\"wpforms-field wpforms-field-text\" data-field-id=\"4\"><label class=\"wpforms-field-label\" for=\"wpforms-841-field_4\">N\u00famero USP (deixe em branco se n\u00e3o tiver):<\/label><input type=\"text\" id=\"wpforms-841-field_4\" class=\"wpforms-field-medium\" name=\"wpforms[fields][4]\" ><\/div><div id=\"wpforms-841-field_5-container\" class=\"wpforms-field wpforms-field-text\" data-field-id=\"5\"><label class=\"wpforms-field-label\" for=\"wpforms-841-field_5\">Data de nascimento (dd\/mm\/aaaa): <span class=\"wpforms-required-label\">*<\/span><\/label><input type=\"text\" id=\"wpforms-841-field_5\" class=\"wpforms-field-medium wpforms-field-required\" name=\"wpforms[fields][5]\" required><\/div><div id=\"wpforms-841-field_7-container\" class=\"wpforms-field wpforms-field-radio\" data-field-id=\"7\"><label class=\"wpforms-field-label\" for=\"wpforms-841-field_7\">N\u00edvel da atividade acad\u00eamica atual:<\/label><ul id=\"wpforms-841-field_7\"><li class=\"choice-1 depth-1\"><input type=\"radio\" id=\"wpforms-841-field_7_1\" name=\"wpforms[fields][7]\" value=\"Inicia\u00e7\u00e3o cient\u00edfica\"  ><label class=\"wpforms-field-label-inline\" for=\"wpforms-841-field_7_1\">Inicia\u00e7\u00e3o cient\u00edfica<\/label><\/li><li class=\"choice-2 depth-1\"><input type=\"radio\" id=\"wpforms-841-field_7_2\" name=\"wpforms[fields][7]\" value=\"Mestrado\"  ><label class=\"wpforms-field-label-inline\" for=\"wpforms-841-field_7_2\">Mestrado<\/label><\/li><li class=\"choice-3 depth-1\"><input type=\"radio\" id=\"wpforms-841-field_7_3\" name=\"wpforms[fields][7]\" value=\"Doutorado\"  ><label class=\"wpforms-field-label-inline\" for=\"wpforms-841-field_7_3\">Doutorado<\/label><\/li><li class=\"choice-4 depth-1\"><input type=\"radio\" id=\"wpforms-841-field_7_4\" name=\"wpforms[fields][7]\" value=\"P\u00f3s-doutorado\"  ><label class=\"wpforms-field-label-inline\" for=\"wpforms-841-field_7_4\">P\u00f3s-doutorado<\/label><\/li><li class=\"choice-5 depth-1\"><input type=\"radio\" id=\"wpforms-841-field_7_5\" name=\"wpforms[fields][7]\" value=\"Docente\/Pesquisador(a)\"  ><label class=\"wpforms-field-label-inline\" for=\"wpforms-841-field_7_5\">Docente\/Pesquisador(a)<\/label><\/li><\/ul><\/div><div id=\"wpforms-841-field_8-container\" class=\"wpforms-field wpforms-field-text\" data-field-id=\"8\"><label class=\"wpforms-field-label\" for=\"wpforms-841-field_8\">M\u00eas e ano de in\u00edcio da atividade acad\u00eamica atual (mm\/aaaa): <span class=\"wpforms-required-label\">*<\/span><\/label><input type=\"text\" id=\"wpforms-841-field_8\" class=\"wpforms-field-medium wpforms-field-required\" name=\"wpforms[fields][8]\" required><\/div><div id=\"wpforms-841-field_9-container\" class=\"wpforms-field wpforms-field-text\" data-field-id=\"9\"><label class=\"wpforms-field-label\" for=\"wpforms-841-field_9\">Nome do(a) orientador(a) ou supervisor(a): <span class=\"wpforms-required-label\">*<\/span><\/label><input type=\"text\" id=\"wpforms-841-field_9\" class=\"wpforms-field-medium wpforms-field-required\" name=\"wpforms[fields][9]\" required><\/div><div id=\"wpforms-841-field_20-container\" class=\"wpforms-field wpforms-field-radio\" data-field-id=\"20\"><label class=\"wpforms-field-label\" for=\"wpforms-841-field_20\">Indique, abaixo, o Programa de p\u00f3s-gradua\u00e7\u00e3o (PPG) no qual est\u00e1 vinculada(o) ou, caso n\u00e3o seja p\u00f3s-graduanda(o), o Departamento em que desenvolve seu projeto de pesquisa: <span class=\"wpforms-required-label\">*<\/span><\/label><ul id=\"wpforms-841-field_20\" class=\"wpforms-field-required\"><li class=\"choice-1 depth-1\"><input type=\"radio\" id=\"wpforms-841-field_20_1\" name=\"wpforms[fields][20]\" value=\"PPG em Biologia da Rela\u00e7\u00e3o Pat\u00f3geno-Hospedeiro\" required ><label class=\"wpforms-field-label-inline\" for=\"wpforms-841-field_20_1\">PPG em Biologia da Rela\u00e7\u00e3o Pat\u00f3geno-Hospedeiro<\/label><\/li><li class=\"choice-2 depth-1\"><input type=\"radio\" id=\"wpforms-841-field_20_2\" name=\"wpforms[fields][20]\" value=\"PPG em Biologia de Sistemas\" required ><label class=\"wpforms-field-label-inline\" for=\"wpforms-841-field_20_2\">PPG em Biologia de Sistemas<\/label><\/li><li class=\"choice-8 depth-1\"><input type=\"radio\" id=\"wpforms-841-field_20_8\" name=\"wpforms[fields][20]\" value=\"PPG em Biologia Funcional e Molecular \" required ><label class=\"wpforms-field-label-inline\" for=\"wpforms-841-field_20_8\">PPG em Biologia Funcional e Molecular <\/label><\/li><li class=\"choice-3 depth-1\"><input type=\"radio\" id=\"wpforms-841-field_20_3\" name=\"wpforms[fields][20]\" value=\"PPG em Farmacologia\" required ><label class=\"wpforms-field-label-inline\" for=\"wpforms-841-field_20_3\">PPG em Farmacologia<\/label><\/li><li class=\"choice-4 depth-1\"><input type=\"radio\" id=\"wpforms-841-field_20_4\" name=\"wpforms[fields][20]\" value=\"PPG em Fisiologia Humana\" required ><label class=\"wpforms-field-label-inline\" for=\"wpforms-841-field_20_4\">PPG em Fisiologia Humana<\/label><\/li><li class=\"choice-5 depth-1\"><input type=\"radio\" id=\"wpforms-841-field_20_5\" name=\"wpforms[fields][20]\" value=\"PPG em Imunologia\" required ><label class=\"wpforms-field-label-inline\" for=\"wpforms-841-field_20_5\">PPG em Imunologia<\/label><\/li><li class=\"choice-6 depth-1\"><input type=\"radio\" id=\"wpforms-841-field_20_6\" name=\"wpforms[fields][20]\" value=\"PPG em Microbiologia\" required ><label class=\"wpforms-field-label-inline\" for=\"wpforms-841-field_20_6\">PPG em Microbiologia<\/label><\/li><li class=\"choice-10 depth-1\"><input type=\"radio\" id=\"wpforms-841-field_20_10\" name=\"wpforms[fields][20]\" value=\"PPG em Biotecnologia\" required ><label class=\"wpforms-field-label-inline\" for=\"wpforms-841-field_20_10\">PPG em Biotecnologia<\/label><\/li><li class=\"choice-11 depth-1\"><input type=\"radio\" id=\"wpforms-841-field_20_11\" name=\"wpforms[fields][20]\" value=\"PPG em Bioinform\u00e1tica\" required ><label class=\"wpforms-field-label-inline\" for=\"wpforms-841-field_20_11\">PPG em Bioinform\u00e1tica<\/label><\/li><li class=\"choice-12 depth-1\"><input type=\"radio\" id=\"wpforms-841-field_20_12\" name=\"wpforms[fields][20]\" value=\"Depto. de Anatomia\" required ><label class=\"wpforms-field-label-inline\" for=\"wpforms-841-field_20_12\">Depto. de Anatomia<\/label><\/li><li class=\"choice-13 depth-1\"><input type=\"radio\" id=\"wpforms-841-field_20_13\" name=\"wpforms[fields][20]\" value=\"Depto. de Biologia Celular\" required ><label class=\"wpforms-field-label-inline\" for=\"wpforms-841-field_20_13\">Depto. de Biologia Celular<\/label><\/li><li class=\"choice-14 depth-1\"><input type=\"radio\" id=\"wpforms-841-field_20_14\" name=\"wpforms[fields][20]\" value=\"Depto. de Farmacologia\" required ><label class=\"wpforms-field-label-inline\" for=\"wpforms-841-field_20_14\">Depto. de Farmacologia<\/label><\/li><li class=\"choice-15 depth-1\"><input type=\"radio\" id=\"wpforms-841-field_20_15\" name=\"wpforms[fields][20]\" value=\"Depto. de Fisiologia e Biof\u00edsica\" required ><label class=\"wpforms-field-label-inline\" for=\"wpforms-841-field_20_15\">Depto. de Fisiologia e Biof\u00edsica<\/label><\/li><li class=\"choice-16 depth-1\"><input type=\"radio\" id=\"wpforms-841-field_20_16\" name=\"wpforms[fields][20]\" value=\"Depto. de Imunologia\" required ><label class=\"wpforms-field-label-inline\" for=\"wpforms-841-field_20_16\">Depto. de Imunologia<\/label><\/li><li class=\"choice-17 depth-1\"><input type=\"radio\" id=\"wpforms-841-field_20_17\" name=\"wpforms[fields][20]\" value=\"Depto. de Microbiologia\" required ><label class=\"wpforms-field-label-inline\" for=\"wpforms-841-field_20_17\">Depto. de Microbiologia<\/label><\/li><li class=\"choice-18 depth-1\"><input type=\"radio\" id=\"wpforms-841-field_20_18\" name=\"wpforms[fields][20]\" value=\"Depto. de Parasitologia\" required ><label class=\"wpforms-field-label-inline\" for=\"wpforms-841-field_20_18\">Depto. de Parasitologia<\/label><\/li><li class=\"choice-19 depth-1\"><input type=\"radio\" id=\"wpforms-841-field_20_19\" name=\"wpforms[fields][20]\" value=\"Outro PPG ou Departamento n\u00e3o mencionado acima\" required ><label class=\"wpforms-field-label-inline\" for=\"wpforms-841-field_20_19\">Outro PPG ou Departamento n\u00e3o mencionado acima<\/label><\/li><\/ul><\/div><div id=\"wpforms-841-field_3-container\" class=\"wpforms-field wpforms-field-radio\" data-field-id=\"3\"><label class=\"wpforms-field-label\" for=\"wpforms-841-field_3\">Qual o motivo principal para o presente agendamento: <span class=\"wpforms-required-label\">*<\/span><\/label><ul id=\"wpforms-841-field_3\" class=\"wpforms-field-required\"><li class=\"choice-3 depth-1\"><input type=\"radio\" id=\"wpforms-841-field_3_3\" name=\"wpforms[fields][3]\" value=\"Discutir o delineamento experimental do projeto de pesquisa\" required ><label class=\"wpforms-field-label-inline\" for=\"wpforms-841-field_3_3\">Discutir o delineamento experimental do projeto de pesquisa<\/label><\/li><li class=\"choice-2 depth-1\"><input type=\"radio\" id=\"wpforms-841-field_3_2\" name=\"wpforms[fields][3]\" value=\"Planejar a an\u00e1lise estat\u00edstica dos dados a serem coletados.\" required ><label class=\"wpforms-field-label-inline\" for=\"wpforms-841-field_3_2\">Planejar a an\u00e1lise estat\u00edstica dos dados a serem coletados.<\/label><\/li><li class=\"choice-1 depth-1\"><input type=\"radio\" id=\"wpforms-841-field_3_1\" name=\"wpforms[fields][3]\" value=\"Calcular o tamanho das amostras do protocolo experimental.\" required ><label class=\"wpforms-field-label-inline\" for=\"wpforms-841-field_3_1\">Calcular o tamanho das amostras do protocolo experimental.<\/label><\/li><li class=\"choice-4 depth-1\"><input type=\"radio\" id=\"wpforms-841-field_3_4\" name=\"wpforms[fields][3]\" value=\"Outro motivo, que n\u00e3o um dos acima.\" required ><label class=\"wpforms-field-label-inline\" for=\"wpforms-841-field_3_4\">Outro motivo, que n\u00e3o um dos acima.<\/label><\/li><\/ul><\/div><div id=\"wpforms-841-field_13-container\" class=\"wpforms-field wpforms-field-textarea\" data-field-id=\"13\"><label class=\"wpforms-field-label\" for=\"wpforms-841-field_13\">Caso tenha respondido &quot;outro motivo&quot; na quest\u00e3o anterior, descreva, resumidamente, qual o motivo de seu agendamento:<\/label><textarea id=\"wpforms-841-field_13\" class=\"wpforms-field-medium\" name=\"wpforms[fields][13]\" ><\/textarea><\/div><div id=\"wpforms-841-field_14-container\" class=\"wpforms-field wpforms-field-checkbox\" data-field-id=\"14\"><label class=\"wpforms-field-label\" for=\"wpforms-841-field_14\">Em seu projeto de pesquisa voc\u00ea utiliza (assinale todos que se aplicam):<\/label><ul id=\"wpforms-841-field_14\"><li class=\"choice-1 depth-1\"><input type=\"checkbox\" id=\"wpforms-841-field_14_1\" name=\"wpforms[fields][14][]\" value=\"C\u00e9lulas ou tecidos\"  ><label class=\"wpforms-field-label-inline\" for=\"wpforms-841-field_14_1\">C\u00e9lulas ou tecidos<\/label><\/li><li class=\"choice-2 depth-1\"><input type=\"checkbox\" id=\"wpforms-841-field_14_2\" name=\"wpforms[fields][14][]\" value=\"Animais n\u00e3o humanos\"  ><label class=\"wpforms-field-label-inline\" for=\"wpforms-841-field_14_2\">Animais n\u00e3o humanos<\/label><\/li><li class=\"choice-3 depth-1\"><input type=\"checkbox\" id=\"wpforms-841-field_14_3\" name=\"wpforms[fields][14][]\" value=\"Seres humanos\"  ><label class=\"wpforms-field-label-inline\" for=\"wpforms-841-field_14_3\">Seres humanos<\/label><\/li><li class=\"choice-4 depth-1\"><input type=\"checkbox\" id=\"wpforms-841-field_14_4\" name=\"wpforms[fields][14][]\" value=\"Agentes virtuais (em simula\u00e7\u00f5es computacionais)\"  ><label class=\"wpforms-field-label-inline\" for=\"wpforms-841-field_14_4\">Agentes virtuais (em simula\u00e7\u00f5es computacionais)<\/label><\/li><li class=\"choice-5 depth-1\"><input type=\"checkbox\" id=\"wpforms-841-field_14_5\" name=\"wpforms[fields][14][]\" value=\"Outro material\"  ><label class=\"wpforms-field-label-inline\" for=\"wpforms-841-field_14_5\">Outro material<\/label><\/li><\/ul><\/div><div id=\"wpforms-841-field_18-container\" class=\"wpforms-field wpforms-field-textarea\" data-field-id=\"18\"><label class=\"wpforms-field-label\" for=\"wpforms-841-field_18\">Descreva, resumidamente, o protocolo experimental que deseja discutir no presente agendamento: <span class=\"wpforms-required-label\">*<\/span><\/label><textarea id=\"wpforms-841-field_18\" class=\"wpforms-field-medium wpforms-field-required\" name=\"wpforms[fields][18]\" required><\/textarea><\/div><div id=\"wpforms-841-field_15-container\" class=\"wpforms-field wpforms-field-checkbox\" data-field-id=\"15\"><label class=\"wpforms-field-label\" for=\"wpforms-841-field_15\">Esta consultoria \u00e9 oferecida pelo NEPER - N\u00facleo de Estrat\u00e9gias em Planejamento Experimental e Reprodutibilidade de forma inteiramente opcional, sendo realizada espont\u00e2nea e voluntariamente pelos autores do presente projeto de pesquisa. Quaisquer dados ou resultados apresentados ou discutidos ao longo desta consultoria ser\u00e3o mantidos sob o devido sigilo profissional, n\u00e3o sendo utilizados para quaisquer outras finalidades al\u00e9m daquelas concebidas, por seus autores, no projeto original. Esta consultoria ser\u00e1 conduzida dentro dos mais estritos preceitos \u00e9ticos, n\u00e3o estabelecendo entre as suas partes qualquer v\u00ednculo de colabora\u00e7\u00e3o cient\u00edfica ou configurando qualquer tipo de coautoria. Sobretudo, ainda que tecnicamente fundamentadas, as orienta\u00e7\u00f5es oferecidas ao longo da presente consultoria devem ser consideradas como meras sugest\u00f5es, cabendo aos autores do projeto, principalmente a(o) orientador(a) ou supervisor(a) por ele respons\u00e1vel, as delibera\u00e7\u00f5es e decis\u00f5es finais relativas \u00e0 sua implementa\u00e7\u00e3o, execu\u00e7\u00e3o e dissemina\u00e7\u00e3o dos resultados eventualmente obtidos. <span class=\"wpforms-required-label\">*<\/span><\/label><ul id=\"wpforms-841-field_15\" class=\"wpforms-field-required\"><li class=\"choice-1 depth-1\"><input type=\"checkbox\" id=\"wpforms-841-field_15_1\" name=\"wpforms[fields][15][]\" value=\"1- Declaro que li e estou de acordo com as condi\u00e7\u00f5es desta consultoria.\" required ><label class=\"wpforms-field-label-inline\" for=\"wpforms-841-field_15_1\">1- Declaro que li e estou de acordo com as condi\u00e7\u00f5es desta consultoria.<\/label><\/li><\/ul><\/div><div id=\"wpforms-841-field_16-container\" class=\"wpforms-field wpforms-field-checkbox\" data-field-id=\"16\"><ul id=\"wpforms-841-field_16\" class=\"wpforms-field-required\"><li class=\"choice-1 depth-1\"><input type=\"checkbox\" id=\"wpforms-841-field_16_1\" name=\"wpforms[fields][16][]\" value=\"2- Declaro que o(a) orientador(a)\/supervisor(a) do presente projeto est\u00e1 ciente desta consultoria e de suas condi\u00e7\u00f5es.\" required ><label class=\"wpforms-field-label-inline\" for=\"wpforms-841-field_16_1\">2- Declaro que o(a) orientador(a)\/supervisor(a) do presente projeto est\u00e1 ciente desta consultoria e de suas condi\u00e7\u00f5es.<\/label><\/li><\/ul><\/div><div id=\"wpforms-841-field_19-container\" class=\"wpforms-field wpforms-field-checkbox\" data-field-id=\"19\"><ul id=\"wpforms-841-field_19\" class=\"wpforms-field-required\"><li class=\"choice-1 depth-1\"><input type=\"checkbox\" id=\"wpforms-841-field_19_1\" name=\"wpforms[fields][19][]\" value=\"3- Comprometo-me a preparar um breve resumo das sugest\u00f5es discutidas na presente consultoria e envi\u00e1-lo por e-mail ao NEPER, com c\u00f3pia para o(a) orientador(a)\/supervisor(a), em um prazo m\u00e1ximo de 5 dias a contar da data de sua realiza\u00e7\u00e3o.\" required ><label class=\"wpforms-field-label-inline\" for=\"wpforms-841-field_19_1\">3- Comprometo-me a preparar um breve resumo das sugest\u00f5es discutidas na presente consultoria e envi\u00e1-lo por e-mail ao NEPER, com c\u00f3pia para o(a) orientador(a)\/supervisor(a), em um prazo m\u00e1ximo de 5 dias a contar da data de sua realiza\u00e7\u00e3o.<\/label><\/li><\/ul><\/div><\/div><div class=\"wpforms-recaptcha-container wpforms-is-recaptcha\" ><div class=\"g-recaptcha\" data-sitekey=\"6Le90KsbAAAAAErZdlTZ1SpD6byfe7ZJeXChW9vn\"><\/div><input type=\"text\" name=\"g-recaptcha-hidden\" class=\"wpforms-recaptcha-hidden\" style=\"position:absolute!important;clip:rect(0,0,0,0)!important;height:1px!important;width:1px!important;border:0!important;overflow:hidden!important;padding:0!important;margin:0!important;\" required><\/div><div class=\"wpforms-submit-container\" ><input type=\"hidden\" name=\"wpforms[id]\" value=\"841\"><input type=\"hidden\" name=\"wpforms[author]\" value=\"22663\"><button type=\"submit\" name=\"wpforms[submit]\" class=\"wpforms-submit \" id=\"wpforms-submit-841\" value=\"wpforms-submit\" aria-live=\"assertive\" data-alt-text=\"Enviando...\" data-submit-text=\"Enviar\">Enviar<\/button><\/div><\/form><\/div>  <!-- .wpforms-container -->\t\t<\/div>\n\t\t\t\t<\/div>\n\t\t\t\t\t<\/div>\n\t\t<\/div>\n\t\t\t\t\t<\/div>\n\t\t<\/section>\n\t\t\t\t<section class=\"elementor-section elementor-top-section elementor-element elementor-element-6da6a36 elementor-section-boxed elementor-section-height-default elementor-section-height-default\" data-id=\"6da6a36\" data-element_type=\"section\">\n\t\t\t\t\t\t<div class=\"elementor-container elementor-column-gap-default\">\n\t\t\t\t\t<div class=\"elementor-column elementor-col-100 elementor-top-column elementor-element elementor-element-17072be\" data-id=\"17072be\" data-element_type=\"column\">\n\t\t\t<div class=\"elementor-widget-wrap elementor-element-populated\">\n\t\t\t\t\t\t<div class=\"elementor-element elementor-element-39a858e elementor-widget elementor-widget-spacer\" data-id=\"39a858e\" data-element_type=\"widget\" data-widget_type=\"spacer.default\">\n\t\t\t\t<div class=\"elementor-widget-container\">\n\t\t\t\t\t<div class=\"elementor-spacer\">\n\t\t\t<div class=\"elementor-spacer-inner\"><\/div>\n\t\t<\/div>\n\t\t\t\t<\/div>\n\t\t\t\t<\/div>\n\t\t\t\t\t<\/div>\n\t\t<\/div>\n\t\t\t\t\t<\/div>\n\t\t<\/section>\n\t\t\t\t<\/div>\n\t\t","protected":false},"excerpt":{"rendered":"<p>Agende uma consultoria com a equipe do NEPER Caso tenha algum problema com o formul\u00e1rio de agendamento, abaixo, envie uma mensagem para o email\u00a0neper@icb.usp.br e, por favor, solicite uma consultoria. Formul\u00e1rio para solicita\u00e7\u00e3o de agendamento de consultoria<\/p>\n","protected":false},"author":22663,"featured_media":0,"parent":0,"menu_order":0,"comment_status":"closed","ping_status":"closed","template":"elementor_header_footer","meta":{"_monsterinsights_skip_tracking":false,"_monsterinsights_sitenote_active":false,"_monsterinsights_sitenote_note":"","_monsterinsights_sitenote_category":0,"footnotes":"","_links_to":"","_links_to_target":""},"class_list":["post-1363","page","type-page","status-publish","hentry","post"],"_links":{"self":[{"href":"https:\/\/sites.usp.br\/neper\/wp-json\/wp\/v2\/pages\/1363","targetHints":{"allow":["GET"]}}],"collection":[{"href":"https:\/\/sites.usp.br\/neper\/wp-json\/wp\/v2\/pages"}],"about":[{"href":"https:\/\/sites.usp.br\/neper\/wp-json\/wp\/v2\/types\/page"}],"author":[{"embeddable":true,"href":"https:\/\/sites.usp.br\/neper\/wp-json\/wp\/v2\/users\/22663"}],"replies":[{"embeddable":true,"href":"https:\/\/sites.usp.br\/neper\/wp-json\/wp\/v2\/comments?post=1363"}],"version-history":[{"count":4,"href":"https:\/\/sites.usp.br\/neper\/wp-json\/wp\/v2\/pages\/1363\/revisions"}],"predecessor-version":[{"id":1503,"href":"https:\/\/sites.usp.br\/neper\/wp-json\/wp\/v2\/pages\/1363\/revisions\/1503"}],"wp:attachment":[{"href":"https:\/\/sites.usp.br\/neper\/wp-json\/wp\/v2\/media?parent=1363"}],"curies":[{"name":"wp","href":"https:\/\/api.w.org\/{rel}","templated":true}]}}