{"id":1555,"date":"2021-04-03T17:07:12","date_gmt":"2021-04-03T20:07:12","guid":{"rendered":"https:\/\/sites.usp.br\/netiusp\/?page_id=1555"},"modified":"2021-04-03T17:19:58","modified_gmt":"2021-04-03T20:19:58","slug":"research-group-activities","status":"publish","type":"page","link":"https:\/\/sites.usp.br\/netiusp\/en\/neti\/research-group-activities\/","title":{"rendered":"Research Group Activities"},"content":{"rendered":"\t\t<div data-elementor-type=\"wp-page\" data-elementor-id=\"1555\" class=\"elementor elementor-1555\" data-elementor-post-type=\"page\">\n\t\t\t\t\t\t<section class=\"elementor-section elementor-top-section elementor-element elementor-element-1412c52d elementor-section-content-middle elementor-section-boxed elementor-section-height-default elementor-section-height-default\" data-id=\"1412c52d\" data-element_type=\"section\">\n\t\t\t\t\t\t<div class=\"elementor-container elementor-column-gap-no\">\n\t\t\t\t\t<div class=\"elementor-column elementor-col-50 elementor-top-column elementor-element elementor-element-258d794e\" data-id=\"258d794e\" data-element_type=\"column\">\n\t\t\t<div class=\"elementor-widget-wrap elementor-element-populated\">\n\t\t\t\t\t\t<div class=\"elementor-element elementor-element-86f8504 elementor-widget elementor-widget-heading\" data-id=\"86f8504\" data-element_type=\"widget\" data-widget_type=\"heading.default\">\n\t\t\t\t<div class=\"elementor-widget-container\">\n\t\t\t<h2 class=\"elementor-heading-title elementor-size-default\">Research Group Activities<\/h2>\t\t<\/div>\n\t\t\t\t<\/div>\n\t\t\t\t<div class=\"elementor-element elementor-element-7d5c9c3c elementor-widget elementor-widget-text-editor\" data-id=\"7d5c9c3c\" data-element_type=\"widget\" data-widget_type=\"text-editor.default\">\n\t\t\t\t<div class=\"elementor-widget-container\">\n\t\t\t\t\t\t\t<p>The Centre for the Study of International Courts at the University of S\u00e3o Paulo has as its main objective the study, production and dissemination of knowledge about International Courts and the phenomenon of the Jurisdictionalization of International Law.<\/p>\t\t\t\t\t\t<\/div>\n\t\t\t\t<\/div>\n\t\t\t\t<section class=\"elementor-section elementor-inner-section elementor-element elementor-element-24b4e79e elementor-section-content-middle elementor-section-boxed elementor-section-height-default elementor-section-height-default\" data-id=\"24b4e79e\" data-element_type=\"section\">\n\t\t\t\t\t\t<div class=\"elementor-container elementor-column-gap-no\">\n\t\t\t\t\t<div class=\"elementor-column elementor-col-50 elementor-inner-column elementor-element elementor-element-41e30704\" data-id=\"41e30704\" data-element_type=\"column\">\n\t\t\t<div class=\"elementor-widget-wrap elementor-element-populated\">\n\t\t\t\t\t\t<div class=\"elementor-element elementor-element-55401179 elementor-widget elementor-widget-image\" data-id=\"55401179\" data-element_type=\"widget\" data-widget_type=\"image.default\">\n\t\t\t\t<div class=\"elementor-widget-container\">\n\t\t\t\t\t\t\t\t\t\t\t\t\t<img fetchpriority=\"high\" decoding=\"async\" width=\"1024\" height=\"768\" src=\"https:\/\/sites.usp.br\/netiusp\/wp-content\/uploads\/sites\/920\/2021\/03\/67445281_2623985127824533_4714039624576532480_o-1024x768.jpg\" class=\"attachment-large size-large wp-image-805\" alt=\"\" srcset=\"https:\/\/sites.usp.br\/netiusp\/wp-content\/uploads\/sites\/920\/2021\/03\/67445281_2623985127824533_4714039624576532480_o-1024x768.jpg 1024w, https:\/\/sites.usp.br\/netiusp\/wp-content\/uploads\/sites\/920\/2021\/03\/67445281_2623985127824533_4714039624576532480_o-300x225.jpg 300w, https:\/\/sites.usp.br\/netiusp\/wp-content\/uploads\/sites\/920\/2021\/03\/67445281_2623985127824533_4714039624576532480_o-768x576.jpg 768w, https:\/\/sites.usp.br\/netiusp\/wp-content\/uploads\/sites\/920\/2021\/03\/67445281_2623985127824533_4714039624576532480_o-1536x1152.jpg 1536w, https:\/\/sites.usp.br\/netiusp\/wp-content\/uploads\/sites\/920\/2021\/03\/67445281_2623985127824533_4714039624576532480_o-80x60.jpg 80w, https:\/\/sites.usp.br\/netiusp\/wp-content\/uploads\/sites\/920\/2021\/03\/67445281_2623985127824533_4714039624576532480_o-400x300.jpg 400w, https:\/\/sites.usp.br\/netiusp\/wp-content\/uploads\/sites\/920\/2021\/03\/67445281_2623985127824533_4714039624576532480_o.jpg 2016w\" sizes=\"(max-width: 1024px) 100vw, 1024px\" \/>\t\t\t\t\t\t\t\t\t\t\t\t\t<\/div>\n\t\t\t\t<\/div>\n\t\t\t\t\t<\/div>\n\t\t<\/div>\n\t\t\t\t<div class=\"elementor-column elementor-col-50 elementor-inner-column elementor-element elementor-element-362ad2d2\" data-id=\"362ad2d2\" data-element_type=\"column\">\n\t\t\t<div class=\"elementor-widget-wrap elementor-element-populated\">\n\t\t\t\t\t\t<div class=\"elementor-element elementor-element-eacdf41 elementor-widget__width-initial elementor-widget elementor-widget-text-editor\" data-id=\"eacdf41\" data-element_type=\"widget\" data-widget_type=\"text-editor.default\">\n\t\t\t\t<div class=\"elementor-widget-container\">\n\t\t\t\t\t\t\t<p>With this focus, NETI&#8217;s activities are composed of:<br \/><em>(i)<\/em> monthly meetings for the presentation of research projects and monitoring of the activities undertaken in the subgroups;<br \/><em>(ii)<\/em> an annual Symposium on International Courts and Tribunals, the main academic event organised by NETI;<\/p>\t\t\t\t\t\t<\/div>\n\t\t\t\t<\/div>\n\t\t\t\t\t<\/div>\n\t\t<\/div>\n\t\t\t\t\t<\/div>\n\t\t<\/section>\n\t\t\t\t<section class=\"elementor-section elementor-inner-section elementor-element elementor-element-1229ef62 elementor-section-content-middle elementor-reverse-mobile elementor-section-boxed elementor-section-height-default elementor-section-height-default\" data-id=\"1229ef62\" data-element_type=\"section\">\n\t\t\t\t\t\t<div class=\"elementor-container elementor-column-gap-no\">\n\t\t\t\t\t<div class=\"elementor-column elementor-col-50 elementor-inner-column elementor-element elementor-element-27d0f4ef\" data-id=\"27d0f4ef\" data-element_type=\"column\">\n\t\t\t<div class=\"elementor-widget-wrap elementor-element-populated\">\n\t\t\t\t\t\t<div class=\"elementor-element elementor-element-1b07f31e elementor-widget elementor-widget-text-editor\" data-id=\"1b07f31e\" data-element_type=\"widget\" data-widget_type=\"text-editor.default\">\n\t\t\t\t<div class=\"elementor-widget-container\">\n\t\t\t\t\t\t\t<p><em>(iii)<\/em> the continuous and analytical monitoring International Courts&#8217; activities; and<br \/><em>(iv)<\/em> the publication of analytical commentaries and newsletters that serve to disseminate the knowledge produced within the Centre on the theme of International Courts.<\/p>\t\t\t\t\t\t<\/div>\n\t\t\t\t<\/div>\n\t\t\t\t\t<\/div>\n\t\t<\/div>\n\t\t\t\t<div class=\"elementor-column elementor-col-50 elementor-inner-column elementor-element elementor-element-60213f37\" data-id=\"60213f37\" data-element_type=\"column\">\n\t\t\t<div class=\"elementor-widget-wrap elementor-element-populated\">\n\t\t\t\t\t\t<div class=\"elementor-element elementor-element-7bbd067c elementor-widget elementor-widget-image\" data-id=\"7bbd067c\" data-element_type=\"widget\" data-widget_type=\"image.default\">\n\t\t\t\t<div class=\"elementor-widget-container\">\n\t\t\t\t\t\t\t\t\t\t\t\t\t<img decoding=\"async\" width=\"1024\" height=\"768\" src=\"https:\/\/sites.usp.br\/netiusp\/wp-content\/uploads\/sites\/920\/2021\/03\/IMG_20181109_161715868-1024x768.jpg\" class=\"attachment-large size-large wp-image-806\" alt=\"\" srcset=\"https:\/\/sites.usp.br\/netiusp\/wp-content\/uploads\/sites\/920\/2021\/03\/IMG_20181109_161715868-1024x768.jpg 1024w, https:\/\/sites.usp.br\/netiusp\/wp-content\/uploads\/sites\/920\/2021\/03\/IMG_20181109_161715868-300x225.jpg 300w, https:\/\/sites.usp.br\/netiusp\/wp-content\/uploads\/sites\/920\/2021\/03\/IMG_20181109_161715868-768x576.jpg 768w, https:\/\/sites.usp.br\/netiusp\/wp-content\/uploads\/sites\/920\/2021\/03\/IMG_20181109_161715868-1536x1152.jpg 1536w, https:\/\/sites.usp.br\/netiusp\/wp-content\/uploads\/sites\/920\/2021\/03\/IMG_20181109_161715868-2048x1536.jpg 2048w, https:\/\/sites.usp.br\/netiusp\/wp-content\/uploads\/sites\/920\/2021\/03\/IMG_20181109_161715868-80x60.jpg 80w, https:\/\/sites.usp.br\/netiusp\/wp-content\/uploads\/sites\/920\/2021\/03\/IMG_20181109_161715868-400x300.jpg 400w\" sizes=\"(max-width: 1024px) 100vw, 1024px\" \/>\t\t\t\t\t\t\t\t\t\t\t\t\t<\/div>\n\t\t\t\t<\/div>\n\t\t\t\t\t<\/div>\n\t\t<\/div>\n\t\t\t\t\t<\/div>\n\t\t<\/section>\n\t\t\t\t\t<\/div>\n\t\t<\/div>\n\t\t\t\t<div class=\"elementor-column elementor-col-50 elementor-top-column elementor-element elementor-element-89c2189\" data-id=\"89c2189\" data-element_type=\"column\">\n\t\t\t<div class=\"elementor-widget-wrap elementor-element-populated\">\n\t\t\t\t\t\t<div class=\"elementor-element elementor-element-f1b1d7d elementor-widget elementor-widget-heading\" data-id=\"f1b1d7d\" data-element_type=\"widget\" data-widget_type=\"heading.default\">\n\t\t\t\t<div class=\"elementor-widget-container\">\n\t\t\t<h2 class=\"elementor-heading-title elementor-size-default\">Publica\u00e7\u00f5es recentes<\/h2>\t\t<\/div>\n\t\t\t\t<\/div>\n\t\t\t\t<div class=\"elementor-element elementor-element-8772790 elementor-grid-1 elementor-posts--thumbnail-none elementor-grid-tablet-2 elementor-grid-mobile-1 elementor-card-shadow-yes elementor-posts__hover-gradient elementor-widget elementor-widget-posts\" data-id=\"8772790\" data-element_type=\"widget\" data-settings=\"{&quot;cards_columns&quot;:&quot;1&quot;,&quot;cards_columns_tablet&quot;:&quot;2&quot;,&quot;cards_columns_mobile&quot;:&quot;1&quot;,&quot;cards_row_gap&quot;:{&quot;unit&quot;:&quot;px&quot;,&quot;size&quot;:35,&quot;sizes&quot;:[]},&quot;cards_row_gap_tablet&quot;:{&quot;unit&quot;:&quot;px&quot;,&quot;size&quot;:&quot;&quot;,&quot;sizes&quot;:[]},&quot;cards_row_gap_mobile&quot;:{&quot;unit&quot;:&quot;px&quot;,&quot;size&quot;:&quot;&quot;,&quot;sizes&quot;:[]}}\" data-widget_type=\"posts.cards\">\n\t\t\t\t<div class=\"elementor-widget-container\">\n\t\t\t\t\t<div class=\"elementor-posts-container elementor-posts elementor-posts--skin-cards elementor-grid\">\n\t\t\t\t<article class=\"elementor-post elementor-grid-item post-6923 post type-post status-publish format-standard has-post-thumbnail hentry category-posts tag-a-omc-balzaquiana-danielle-denny entry has-media\">\n\t\t\t<div class=\"elementor-post__card\">\n\t\t\t\t<div class=\"elementor-post__text\">\n\t\t\t\t<h3 class=\"elementor-post__title\">\n\t\t\t<a href=\"https:\/\/sites.usp.br\/netiusp\/pt\/a-omc-balzaquiana\/\" >\n\t\t\t\tA OMC Balzaquiana\t\t\t<\/a>\n\t\t<\/h3>\n\t\t\t\t<\/div>\n\t\t\t\t<div class=\"elementor-post__meta-data\">\n\t\t\t\t\t<span class=\"elementor-post-author\">\n\t\t\tNETI-USP\t\t<\/span>\n\t\t\t\t<span class=\"elementor-post-date\">\n\t\t\t15 de setembro de 2025\t\t<\/span>\n\t\t\t\t<\/div>\n\t\t\t\t\t<\/div>\n\t\t<\/article>\n\t\t\t\t<article class=\"elementor-post elementor-grid-item post-6887 post type-post status-publish format-standard has-post-thumbnail hentry category-posts category-uncategorized-pt entry has-media\">\n\t\t\t<div class=\"elementor-post__card\">\n\t\t\t\t<div class=\"elementor-post__text\">\n\t\t\t\t<h3 class=\"elementor-post__title\">\n\t\t\t<a href=\"https:\/\/sites.usp.br\/netiusp\/pt\/rascunho-automatico\/\" >\n\t\t\t\tCaso Beatriz e outros vs. El Salvador: Viola\u00e7\u00e3o dos Direitos Sexuais e Reprodutivo das Mulheres na Am\u00e9rica Latina e Caribe\t\t\t<\/a>\n\t\t<\/h3>\n\t\t\t\t<\/div>\n\t\t\t\t<div class=\"elementor-post__meta-data\">\n\t\t\t\t\t<span class=\"elementor-post-author\">\n\t\t\tNETI-USP\t\t<\/span>\n\t\t\t\t<span class=\"elementor-post-date\">\n\t\t\t10 de junho de 2025\t\t<\/span>\n\t\t\t\t<\/div>\n\t\t\t\t\t<\/div>\n\t\t<\/article>\n\t\t\t\t<article class=\"elementor-post elementor-grid-item post-6869 post type-post status-publish format-standard has-post-thumbnail hentry category-posts tag-corte-internacional-de-justica-sibele-walkiria-lopes-opiniao-consultiva-mudancas-climaticas entry has-media\">\n\t\t\t<div class=\"elementor-post__card\">\n\t\t\t\t<div class=\"elementor-post__text\">\n\t\t\t\t<h3 class=\"elementor-post__title\">\n\t\t\t<a href=\"https:\/\/sites.usp.br\/netiusp\/pt\/elementor-6869\/\" >\n\t\t\t\tOPINI\u00c3O CONSULTIVA SOBRE AS OBRIGA\u00c7\u00d5ES DOS ESTADOS EM RELA\u00c7\u00c3O \u00c0S MUDAN\u00c7AS CLIM\u00c1TICAS: ASPECTOS PROCEDIMENTAIS PARA O EXERC\u00cdCIO DA COMPET\u00caNCIA CONSULTIVA PELA CORTE INTERNACIONAL DE JUSTI\u00c7A\t\t\t<\/a>\n\t\t<\/h3>\n\t\t\t\t<\/div>\n\t\t\t\t<div class=\"elementor-post__meta-data\">\n\t\t\t\t\t<span class=\"elementor-post-author\">\n\t\t\tNETI-USP\t\t<\/span>\n\t\t\t\t<span class=\"elementor-post-date\">\n\t\t\t3 de junho de 2025\t\t<\/span>\n\t\t\t\t<\/div>\n\t\t\t\t\t<\/div>\n\t\t<\/article>\n\t\t\t\t<article class=\"elementor-post elementor-grid-item post-6854 post type-post status-publish format-standard has-post-thumbnail hentry category-posts tag-caso-israel-x-hamas-no-tribunal-penal-internacional-maria-luisa-mercurio-paloma-gerzeli-pitre entry has-media\">\n\t\t\t<div class=\"elementor-post__card\">\n\t\t\t\t<div class=\"elementor-post__text\">\n\t\t\t\t<h3 class=\"elementor-post__title\">\n\t\t\t<a href=\"https:\/\/sites.usp.br\/netiusp\/pt\/caso-israel-x-hamas-historico-do-caso-no-tribunal-penal-internacional-e-a-nova-decisao-capaz-de-alterar-o-rumo-do-processo\/\" >\n\t\t\t\tCaso Israel x Hamas: hist\u00f3rico do caso no Tribunal Penal Internacional e a nova decis\u00e3o capaz de alterar o rumo do processo\t\t\t<\/a>\n\t\t<\/h3>\n\t\t\t\t<\/div>\n\t\t\t\t<div class=\"elementor-post__meta-data\">\n\t\t\t\t\t<span class=\"elementor-post-author\">\n\t\t\tNETI-USP\t\t<\/span>\n\t\t\t\t<span class=\"elementor-post-date\">\n\t\t\t21 de maio de 2025\t\t<\/span>\n\t\t\t\t<\/div>\n\t\t\t\t\t<\/div>\n\t\t<\/article>\n\t\t\t\t<article class=\"elementor-post elementor-grid-item post-6792 post type-post status-publish format-standard has-post-thumbnail hentry category-posts entry has-media\">\n\t\t\t<div class=\"elementor-post__card\">\n\t\t\t\t<div class=\"elementor-post__text\">\n\t\t\t\t<h3 class=\"elementor-post__title\">\n\t\t\t<a href=\"https:\/\/sites.usp.br\/netiusp\/pt\/elementor-6792\/\" >\n\t\t\t\tOpini\u00e3o Consultiva sobre as obriga\u00e7\u00f5es dos Estados em rela\u00e7\u00e3o \u00e0s Mudan\u00e7as Clim\u00e1ticas: As contribui\u00e7\u00f5es do Brasil apresentadas \u00e0 Corte Internacional de Justi\u00e7a\t\t\t<\/a>\n\t\t<\/h3>\n\t\t\t\t<\/div>\n\t\t\t\t<div class=\"elementor-post__meta-data\">\n\t\t\t\t\t<span class=\"elementor-post-author\">\n\t\t\tNETI-USP\t\t<\/span>\n\t\t\t\t<span class=\"elementor-post-date\">\n\t\t\t30 de abril de 2025\t\t<\/span>\n\t\t\t\t<\/div>\n\t\t\t\t\t<\/div>\n\t\t<\/article>\n\t\t\t\t<article class=\"elementor-post elementor-grid-item post-6774 post type-post status-publish format-standard has-post-thumbnail hentry category-posts category-uncategorized-pt tag-corte-internacional-de-justica-nathalia-penha-cardoso-de-franca entry has-media\">\n\t\t\t<div class=\"elementor-post__card\">\n\t\t\t\t<div class=\"elementor-post__text\">\n\t\t\t\t<h3 class=\"elementor-post__title\">\n\t\t\t<a href=\"https:\/\/sites.usp.br\/netiusp\/pt\/elementor-6774\/\" >\n\t\t\t\tOpini\u00e3o Consultiva sobre as Obriga\u00e7\u00f5es dos Estados em rela\u00e7\u00e3o \u00e0s Mudan\u00e7as Clim\u00e1ticas: A Relev\u00e2ncia da Resolu\u00e7\u00e3o da Assembleia Geral na Corte Internacional de Justi\u00e7a\t\t\t<\/a>\n\t\t<\/h3>\n\t\t\t\t<\/div>\n\t\t\t\t<div class=\"elementor-post__meta-data\">\n\t\t\t\t\t<span class=\"elementor-post-author\">\n\t\t\tNETI-USP\t\t<\/span>\n\t\t\t\t<span class=\"elementor-post-date\">\n\t\t\t23 de abril de 2025\t\t<\/span>\n\t\t\t\t<\/div>\n\t\t\t\t\t<\/div>\n\t\t<\/article>\n\t\t\t\t<\/div>\n\t\t\n\t\t\t\t<\/div>\n\t\t\t\t<\/div>\n\t\t\t\t\t<\/div>\n\t\t<\/div>\n\t\t\t\t\t<\/div>\n\t\t<\/section>\n\t\t\t\t<\/div>\n\t\t","protected":false},"excerpt":{"rendered":"<p>Research Group Activities The Centre for the Study of International Courts at the University of S\u00e3o Paulo has as its main objective the study, production<\/p>\n","protected":false},"author":22322,"featured_media":0,"parent":1509,"menu_order":0,"comment_status":"closed","ping_status":"closed","template":"elementor_header_footer","meta":{"footnotes":"","_links_to":"","_links_to_target":""},"class_list":["post-1555","page","type-page","status-publish","hentry","entry","has-media"],"_links":{"self":[{"href":"https:\/\/sites.usp.br\/netiusp\/wp-json\/wp\/v2\/pages\/1555","targetHints":{"allow":["GET"]}}],"collection":[{"href":"https:\/\/sites.usp.br\/netiusp\/wp-json\/wp\/v2\/pages"}],"about":[{"href":"https:\/\/sites.usp.br\/netiusp\/wp-json\/wp\/v2\/types\/page"}],"author":[{"embeddable":true,"href":"https:\/\/sites.usp.br\/netiusp\/wp-json\/wp\/v2\/users\/22322"}],"replies":[{"embeddable":true,"href":"https:\/\/sites.usp.br\/netiusp\/wp-json\/wp\/v2\/comments?post=1555"}],"version-history":[{"count":3,"href":"https:\/\/sites.usp.br\/netiusp\/wp-json\/wp\/v2\/pages\/1555\/revisions"}],"predecessor-version":[{"id":1563,"href":"https:\/\/sites.usp.br\/netiusp\/wp-json\/wp\/v2\/pages\/1555\/revisions\/1563"}],"up":[{"embeddable":true,"href":"https:\/\/sites.usp.br\/netiusp\/wp-json\/wp\/v2\/pages\/1509"}],"wp:attachment":[{"href":"https:\/\/sites.usp.br\/netiusp\/wp-json\/wp\/v2\/media?parent=1555"}],"curies":[{"name":"wp","href":"https:\/\/api.w.org\/{rel}","templated":true}]}}